{"id":1186,"date":"2025-10-14T16:57:44","date_gmt":"2025-10-14T19:57:44","guid":{"rendered":"https:\/\/viradasustentavel.org.br\/rio-de-janeiro\/eventos\/dancas-circulares-uma-celebracao-a-diversidade\/"},"modified":"2025-10-15T18:27:14","modified_gmt":"2025-10-15T21:27:14","slug":"dancas-circulares-uma-celebracao-a-diversidade","status":"publish","type":"tribe_events","link":"https:\/\/viradasustentavel.org.br\/rio-de-janeiro\/eventos\/dancas-circulares-uma-celebracao-a-diversidade\/","title":{"rendered":"Dan\u00e7as Circulares: uma celebra\u00e7\u00e3o \u00e0 diversidade!"},"content":{"rendered":"<p>Dan\u00e7ar em roda \u00e9 uma das pr\u00e1ticas mais antigas da humanidade. As Dan\u00e7as Circulares ou Dan\u00e7as dos Povos, resgatam essa pr\u00e1tica ancestral, por meio de m\u00fasicas e dan\u00e7as de diversas tradi\u00e7\u00f5es e culturas, conectando as pessoas de forma l\u00fadica e harmoniosa. \u00c9 tamb\u00e9m um exerc\u00edcio que traz profundidade e espiritualidade, gerando um sentimento de pertencimento e conex\u00e3o. N\u00e3o \u00e9 necess\u00e1rio ter experi\u00eancia para participar.<\/p>\n<p><strong>Focalizadoras:<\/strong><\/p>\n<p><strong>Tamara Steiman<\/strong> \u2013 Focalizadora de Dan\u00e7as Circulares, musicoterapeuta formada pelo Conservat\u00f3rio Brasileiro de M\u00fasica, idealizadora do Ilumina Rio, projeto musical de interven\u00e7\u00e3o urbana e coordenadora de projetos.<\/p>\n<p><strong>Stela Pianura<\/strong> \u2013 Focalizadora de Dan\u00e7as Circulares, terapeuta de Medicina Tradicional Chinesa formada pelo Instituto Sino-Brasileiro de Acupuntura, Moxabust\u00e3o e Terapias Orientais, Mestre Reiki e meditadora Vipassana.<\/p>\n","protected":false},"excerpt":{"rendered":"<p>Dan\u00e7ar em roda \u00e9 uma das pr\u00e1ticas mais antigas da humanidade. As Dan\u00e7as Circulares ou Dan\u00e7as dos Povos, resgatam essa pr\u00e1tica ancestral, por meio de m\u00fasicas e dan\u00e7as de diversas [&hellip;]<\/p>\n","protected":false},"author":2,"featured_media":1406,"template":"","meta":{"_tribe_events_status":"","_tribe_events_status_reason":"","footnotes":""},"tags":[20,19,55],"tribe_events_cat":[28],"class_list":["post-1186","tribe_events","type-tribe_events","status-publish","has-post-thumbnail","hentry","tag-ccbb","tag-livre","tag-rouanet","tribe_events_cat-danca","cat_danca"],"_links":{"self":[{"href":"https:\/\/viradasustentavel.org.br\/rio-de-janeiro\/wp-json\/wp\/v2\/tribe_events\/1186","targetHints":{"allow":["GET"]}}],"collection":[{"href":"https:\/\/viradasustentavel.org.br\/rio-de-janeiro\/wp-json\/wp\/v2\/tribe_events"}],"about":[{"href":"https:\/\/viradasustentavel.org.br\/rio-de-janeiro\/wp-json\/wp\/v2\/types\/tribe_events"}],"author":[{"embeddable":true,"href":"https:\/\/viradasustentavel.org.br\/rio-de-janeiro\/wp-json\/wp\/v2\/users\/2"}],"version-history":[{"count":4,"href":"https:\/\/viradasustentavel.org.br\/rio-de-janeiro\/wp-json\/wp\/v2\/tribe_events\/1186\/revisions"}],"predecessor-version":[{"id":1589,"href":"https:\/\/viradasustentavel.org.br\/rio-de-janeiro\/wp-json\/wp\/v2\/tribe_events\/1186\/revisions\/1589"}],"wp:featuredmedia":[{"embeddable":true,"href":"https:\/\/viradasustentavel.org.br\/rio-de-janeiro\/wp-json\/wp\/v2\/media\/1406"}],"wp:attachment":[{"href":"https:\/\/viradasustentavel.org.br\/rio-de-janeiro\/wp-json\/wp\/v2\/media?parent=1186"}],"wp:term":[{"taxonomy":"post_tag","embeddable":true,"href":"https:\/\/viradasustentavel.org.br\/rio-de-janeiro\/wp-json\/wp\/v2\/tags?post=1186"},{"taxonomy":"tribe_events_cat","embeddable":true,"href":"https:\/\/viradasustentavel.org.br\/rio-de-janeiro\/wp-json\/wp\/v2\/tribe_events_cat?post=1186"}],"curies":[{"name":"wp","href":"https:\/\/api.w.org\/{rel}","templated":true}]}}

Danças Circulares: uma celebração à diversidade!

<p>Dançar em roda é uma das práticas mais antigas da humanidade. As Danças Circulares ou Danças dos Povos, resgatam essa prática ancestral, por meio de músicas e danças de diversas tradições e culturas, conectando as pessoas de forma lúdica e harmoniosa. É também um exercício que traz profundidade e espiritualidade, gerando um sentimento de pertencimento e conexão. Não é necessário ter experiência para participar.</p>
<p><strong>Focalizadoras:</strong></p>
<p><strong>Tamara Steiman</strong> – Focalizadora de Danças Circulares, musicoterapeuta formada pelo Conservatório Brasileiro de Música, idealizadora do Ilumina Rio, projeto musical de intervenção urbana e coordenadora de projetos.</p>
<p><strong>Stela Pianura</strong> – Focalizadora de Danças Circulares, terapeuta de Medicina Tradicional Chinesa formada pelo Instituto Sino-Brasileiro de Acupuntura, Moxabustão e Terapias Orientais, Mestre Reiki e meditadora Vipassana.</p>

<p>Dançar em roda é uma das práticas mais antigas da humanidade. As Danças Circulares ou Danças dos Povos, resgatam essa prática ancestral, por meio de músicas e danças de diversas [&hellip;]</p>
