{"id":1188,"date":"2025-10-14T16:57:56","date_gmt":"2025-10-14T19:57:56","guid":{"rendered":"https:\/\/viradasustentavel.org.br\/rio-de-janeiro\/eventos\/aventura-de-hermes\/"},"modified":"2025-10-14T17:59:22","modified_gmt":"2025-10-14T20:59:22","slug":"aventura-de-hermes","status":"publish","type":"tribe_events","link":"https:\/\/viradasustentavel.org.br\/rio-de-janeiro\/eventos\/aventura-de-hermes\/","title":{"rendered":"Aventura de Hermes"},"content":{"rendered":"<p>Arte-educadores do CCBB Educativo<\/p>\n<p>Media\u00e7\u00e3o acess\u00edvel que transforma o espa\u00e7o do Educativo em uma cena viva e sensorial. CCBB Educativo \u2013 Lugares de Culturas \u2013 Visita Cognitiva<\/p>\n<p>A atividade foi especialmente pensada para atender diferentes formas de percep\u00e7\u00e3o e mobilidade, utilizando recursos t\u00e1teis e visuais para narrar a hist\u00f3ria do deus Hermes \u2013 desde a artimanha com as ovelhas de Apolo at\u00e9 a cria\u00e7\u00e3o e entrega da lira. (Hor\u00e1rio exclusivo para a visita\u00e7\u00e3o de pessoas com neurodiverg\u00eancias.)<\/p>\n","protected":false},"excerpt":{"rendered":"<p>Arte-educadores do CCBB Educativo Media\u00e7\u00e3o acess\u00edvel que transforma o espa\u00e7o do Educativo em uma cena viva e sensorial. CCBB Educativo \u2013 Lugares de Culturas \u2013 Visita Cognitiva A atividade foi [&hellip;]<\/p>\n","protected":false},"author":2,"featured_media":366,"template":"","meta":{"_tribe_events_status":"","_tribe_events_status_reason":"","footnotes":""},"tags":[57,20,56,19],"tribe_events_cat":[23],"class_list":["post-1188","tribe_events","type-tribe_events","status-publish","has-post-thumbnail","hentry","tag-adesao","tag-ccbb","tag-horario-exclusivo-para-visitacao-de-pessoas-com-neurodivergencias-rampa-de-acesso-e-elevador","tag-livre","tribe_events_cat-contacao-de-historia","cat_contacao-de-historia"],"_links":{"self":[{"href":"https:\/\/viradasustentavel.org.br\/rio-de-janeiro\/wp-json\/wp\/v2\/tribe_events\/1188","targetHints":{"allow":["GET"]}}],"collection":[{"href":"https:\/\/viradasustentavel.org.br\/rio-de-janeiro\/wp-json\/wp\/v2\/tribe_events"}],"about":[{"href":"https:\/\/viradasustentavel.org.br\/rio-de-janeiro\/wp-json\/wp\/v2\/types\/tribe_events"}],"author":[{"embeddable":true,"href":"https:\/\/viradasustentavel.org.br\/rio-de-janeiro\/wp-json\/wp\/v2\/users\/2"}],"version-history":[{"count":2,"href":"https:\/\/viradasustentavel.org.br\/rio-de-janeiro\/wp-json\/wp\/v2\/tribe_events\/1188\/revisions"}],"predecessor-version":[{"id":1409,"href":"https:\/\/viradasustentavel.org.br\/rio-de-janeiro\/wp-json\/wp\/v2\/tribe_events\/1188\/revisions\/1409"}],"wp:featuredmedia":[{"embeddable":true,"href":"https:\/\/viradasustentavel.org.br\/rio-de-janeiro\/wp-json\/wp\/v2\/media\/366"}],"wp:attachment":[{"href":"https:\/\/viradasustentavel.org.br\/rio-de-janeiro\/wp-json\/wp\/v2\/media?parent=1188"}],"wp:term":[{"taxonomy":"post_tag","embeddable":true,"href":"https:\/\/viradasustentavel.org.br\/rio-de-janeiro\/wp-json\/wp\/v2\/tags?post=1188"},{"taxonomy":"tribe_events_cat","embeddable":true,"href":"https:\/\/viradasustentavel.org.br\/rio-de-janeiro\/wp-json\/wp\/v2\/tribe_events_cat?post=1188"}],"curies":[{"name":"wp","href":"https:\/\/api.w.org\/{rel}","templated":true}]}}

<p>Arte-educadores do CCBB Educativo</p>
<p>Mediação acessível que transforma o espaço do Educativo em uma cena viva e sensorial. CCBB Educativo – Lugares de Culturas – Visita Cognitiva</p>
<p>A atividade foi especialmente pensada para atender diferentes formas de percepção e mobilidade, utilizando recursos táteis e visuais para narrar a história do deus Hermes – desde a artimanha com as ovelhas de Apolo até a criação e entrega da lira. (Horário exclusivo para a visitação de pessoas com neurodivergências.)</p>

<p>Arte-educadores do CCBB Educativo Mediação acessível que transforma o espaço do Educativo em uma cena viva e sensorial. CCBB Educativo – Lugares de Culturas – Visita Cognitiva A atividade foi [&hellip;]</p>
