{"id":1193,"date":"2025-10-14T16:58:06","date_gmt":"2025-10-14T19:58:06","guid":{"rendered":"https:\/\/viradasustentavel.org.br\/rio-de-janeiro\/eventos\/visitas-mediadas-5\/"},"modified":"2025-10-14T18:00:06","modified_gmt":"2025-10-14T21:00:06","slug":"visitas-mediadas-5","status":"publish","type":"tribe_events","link":"https:\/\/viradasustentavel.org.br\/rio-de-janeiro\/eventos\/visitas-mediadas-5\/","title":{"rendered":"Visitas Mediadas"},"content":{"rendered":"<p>Arte-educadores do CCBB Educativo<\/p>\n<p>Visitas mediadas e agendadas que dividem um olhar estimulante e revelador sobre as exposi\u00e7\u00f5es do CCBB Rio. CCBB Educativo \u2013 Lugares de Culturas<\/p>\n<p>Escolas p\u00fablicas e privadas, ONGs e outras institui\u00e7\u00f5es dedicadas \u00e0 educa\u00e7\u00e3o e \u00e0 integra\u00e7\u00e3o social podem agendar visitas educativas \u00e0s exposi\u00e7\u00f5es. Com dura\u00e7\u00e3o de 1h, as visitas educativas agendadas estimulam a troca, a investiga\u00e7\u00e3o e a reflex\u00e3o sobre as exposi\u00e7\u00f5es.<\/p>\n","protected":false},"excerpt":{"rendered":"<p>Arte-educadores do CCBB Educativo Visitas mediadas e agendadas que dividem um olhar estimulante e revelador sobre as exposi\u00e7\u00f5es do CCBB Rio. CCBB Educativo \u2013 Lugares de Culturas Escolas p\u00fablicas e [&hellip;]<\/p>\n","protected":false},"author":2,"featured_media":368,"template":"","meta":{"_tribe_events_status":"","_tribe_events_status_reason":"","footnotes":""},"tags":[57,20,19,31],"tribe_events_cat":[32],"class_list":["post-1193","tribe_events","type-tribe_events","status-publish","has-post-thumbnail","hentry","tag-adesao","tag-ccbb","tag-livre","tag-rampa-de-acesso-e-elevador","tribe_events_cat-outros","cat_outros"],"_links":{"self":[{"href":"https:\/\/viradasustentavel.org.br\/rio-de-janeiro\/wp-json\/wp\/v2\/tribe_events\/1193","targetHints":{"allow":["GET"]}}],"collection":[{"href":"https:\/\/viradasustentavel.org.br\/rio-de-janeiro\/wp-json\/wp\/v2\/tribe_events"}],"about":[{"href":"https:\/\/viradasustentavel.org.br\/rio-de-janeiro\/wp-json\/wp\/v2\/types\/tribe_events"}],"author":[{"embeddable":true,"href":"https:\/\/viradasustentavel.org.br\/rio-de-janeiro\/wp-json\/wp\/v2\/users\/2"}],"version-history":[{"count":2,"href":"https:\/\/viradasustentavel.org.br\/rio-de-janeiro\/wp-json\/wp\/v2\/tribe_events\/1193\/revisions"}],"predecessor-version":[{"id":1414,"href":"https:\/\/viradasustentavel.org.br\/rio-de-janeiro\/wp-json\/wp\/v2\/tribe_events\/1193\/revisions\/1414"}],"wp:featuredmedia":[{"embeddable":true,"href":"https:\/\/viradasustentavel.org.br\/rio-de-janeiro\/wp-json\/wp\/v2\/media\/368"}],"wp:attachment":[{"href":"https:\/\/viradasustentavel.org.br\/rio-de-janeiro\/wp-json\/wp\/v2\/media?parent=1193"}],"wp:term":[{"taxonomy":"post_tag","embeddable":true,"href":"https:\/\/viradasustentavel.org.br\/rio-de-janeiro\/wp-json\/wp\/v2\/tags?post=1193"},{"taxonomy":"tribe_events_cat","embeddable":true,"href":"https:\/\/viradasustentavel.org.br\/rio-de-janeiro\/wp-json\/wp\/v2\/tribe_events_cat?post=1193"}],"curies":[{"name":"wp","href":"https:\/\/api.w.org\/{rel}","templated":true}]}}

<p>Arte-educadores do CCBB Educativo</p>
<p>Visitas mediadas e agendadas que dividem um olhar estimulante e revelador sobre as exposições do CCBB Rio. CCBB Educativo – Lugares de Culturas</p>
<p>Escolas públicas e privadas, ONGs e outras instituições dedicadas à educação e à integração social podem agendar visitas educativas às exposições. Com duração de 1h, as visitas educativas agendadas estimulam a troca, a investigação e a reflexão sobre as exposições.</p>

<p>Arte-educadores do CCBB Educativo Visitas mediadas e agendadas que dividem um olhar estimulante e revelador sobre as exposições do CCBB Rio. CCBB Educativo – Lugares de Culturas Escolas públicas e [&hellip;]</p>
