{"id":1203,"date":"2025-10-14T16:58:25","date_gmt":"2025-10-14T19:58:25","guid":{"rendered":"https:\/\/viradasustentavel.org.br\/rio-de-janeiro\/eventos\/laboratorio-de-artes-5\/"},"modified":"2025-10-14T18:04:06","modified_gmt":"2025-10-14T21:04:06","slug":"laboratorio-de-artes-5","status":"publish","type":"tribe_events","link":"https:\/\/viradasustentavel.org.br\/rio-de-janeiro\/eventos\/laboratorio-de-artes-5\/","title":{"rendered":"Laborat\u00f3rio de Artes"},"content":{"rendered":"<p>Arte-educadores do CCBB Educativo<\/p>\n<p>Atividade interativa para as crian\u00e7as que estimula a criatividade em laborat\u00f3rios tem\u00e1ticos em sinergia com as exposi\u00e7\u00f5es do CCBB. CCBB Educativo \u2013 Lugares de Culturas \u2013 Ateli\u00ea Aberto<\/p>\n<p>O Laborat\u00f3rio de Arte \u00e9 desenvolvido tendo como ponto de partida as exposi\u00e7\u00f5es em cartaz e o pr\u00e9dio que abriga o CCBB. S\u00e3o atividades elaboradas a partir de tem\u00e1ticas presentes nas mostras.<br \/>\nP\u00fablico-alvo: a partir de 5 anos.<\/p>\n","protected":false},"excerpt":{"rendered":"<p>Arte-educadores do CCBB Educativo Atividade interativa para as crian\u00e7as que estimula a criatividade em laborat\u00f3rios tem\u00e1ticos em sinergia com as exposi\u00e7\u00f5es do CCBB. CCBB Educativo \u2013 Lugares de Culturas \u2013 [&hellip;]<\/p>\n","protected":false},"author":2,"featured_media":381,"template":"","meta":{"_tribe_events_status":"","_tribe_events_status_reason":"","footnotes":""},"tags":[57,20,19,31],"tribe_events_cat":[33],"class_list":["post-1203","tribe_events","type-tribe_events","status-publish","has-post-thumbnail","hentry","tag-adesao","tag-ccbb","tag-livre","tag-rampa-de-acesso-e-elevador","tribe_events_cat-brincadeira","cat_brincadeira"],"_links":{"self":[{"href":"https:\/\/viradasustentavel.org.br\/rio-de-janeiro\/wp-json\/wp\/v2\/tribe_events\/1203","targetHints":{"allow":["GET"]}}],"collection":[{"href":"https:\/\/viradasustentavel.org.br\/rio-de-janeiro\/wp-json\/wp\/v2\/tribe_events"}],"about":[{"href":"https:\/\/viradasustentavel.org.br\/rio-de-janeiro\/wp-json\/wp\/v2\/types\/tribe_events"}],"author":[{"embeddable":true,"href":"https:\/\/viradasustentavel.org.br\/rio-de-janeiro\/wp-json\/wp\/v2\/users\/2"}],"version-history":[{"count":2,"href":"https:\/\/viradasustentavel.org.br\/rio-de-janeiro\/wp-json\/wp\/v2\/tribe_events\/1203\/revisions"}],"predecessor-version":[{"id":1423,"href":"https:\/\/viradasustentavel.org.br\/rio-de-janeiro\/wp-json\/wp\/v2\/tribe_events\/1203\/revisions\/1423"}],"wp:featuredmedia":[{"embeddable":true,"href":"https:\/\/viradasustentavel.org.br\/rio-de-janeiro\/wp-json\/wp\/v2\/media\/381"}],"wp:attachment":[{"href":"https:\/\/viradasustentavel.org.br\/rio-de-janeiro\/wp-json\/wp\/v2\/media?parent=1203"}],"wp:term":[{"taxonomy":"post_tag","embeddable":true,"href":"https:\/\/viradasustentavel.org.br\/rio-de-janeiro\/wp-json\/wp\/v2\/tags?post=1203"},{"taxonomy":"tribe_events_cat","embeddable":true,"href":"https:\/\/viradasustentavel.org.br\/rio-de-janeiro\/wp-json\/wp\/v2\/tribe_events_cat?post=1203"}],"curies":[{"name":"wp","href":"https:\/\/api.w.org\/{rel}","templated":true}]}}

Laboratório de Artes

<p>Arte-educadores do CCBB Educativo</p>
<p>Atividade interativa para as crianças que estimula a criatividade em laboratórios temáticos em sinergia com as exposições do CCBB. CCBB Educativo – Lugares de Culturas – Ateliê Aberto</p>
<p>O Laboratório de Arte é desenvolvido tendo como ponto de partida as exposições em cartaz e o prédio que abriga o CCBB. São atividades elaboradas a partir de temáticas presentes nas mostras.<br />
Público-alvo: a partir de 5 anos.</p>

<p>Arte-educadores do CCBB Educativo Atividade interativa para as crianças que estimula a criatividade em laboratórios temáticos em sinergia com as exposições do CCBB. CCBB Educativo – Lugares de Culturas – [&hellip;]</p>
