{"id":1207,"date":"2025-10-14T16:58:26","date_gmt":"2025-10-14T19:58:26","guid":{"rendered":"https:\/\/viradasustentavel.org.br\/rio-de-janeiro\/eventos\/pequenissimas-maos\/"},"modified":"2025-10-14T18:04:08","modified_gmt":"2025-10-14T21:04:08","slug":"pequenissimas-maos","status":"publish","type":"tribe_events","link":"https:\/\/viradasustentavel.org.br\/rio-de-janeiro\/eventos\/pequenissimas-maos\/","title":{"rendered":"Pequen\u00edssimas M\u00e3os"},"content":{"rendered":"<p>Arte-educadores do CCBB Educativo<\/p>\n<p>Atividade para as crian\u00e7as de conta\u00e7\u00e3o de hist\u00f3rias da cultura popular e da literatura universal. CCBB Educativo \u2013 Lugares de Culturas \u2013 Ateli\u00ea Aberto<\/p>\n<p>Atividades desenvolvidas para crian\u00e7as de 3 a 7 anos e seus familiares. Hist\u00f3rias, jogos musicais e a\u00e7\u00f5es pensadas para desenvolver o pensamento cr\u00edtico, a criatividade, a imagina\u00e7\u00e3o, o vocabul\u00e1rio e a intera\u00e7\u00e3o social, permitindo que a experi\u00eancia no museu seja mais complexa e aprofundada.<br \/>\nP\u00fablico-alvo: 3 a 7 anos<\/p>\n","protected":false},"excerpt":{"rendered":"<p>Arte-educadores do CCBB Educativo Atividade para as crian\u00e7as de conta\u00e7\u00e3o de hist\u00f3rias da cultura popular e da literatura universal. CCBB Educativo \u2013 Lugares de Culturas \u2013 Ateli\u00ea Aberto Atividades desenvolvidas [&hellip;]<\/p>\n","protected":false},"author":2,"featured_media":389,"template":"","meta":{"_tribe_events_status":"","_tribe_events_status_reason":"","footnotes":""},"tags":[57,20,19,31],"tribe_events_cat":[33],"class_list":["post-1207","tribe_events","type-tribe_events","status-publish","has-post-thumbnail","hentry","tag-adesao","tag-ccbb","tag-livre","tag-rampa-de-acesso-e-elevador","tribe_events_cat-brincadeira","cat_brincadeira"],"_links":{"self":[{"href":"https:\/\/viradasustentavel.org.br\/rio-de-janeiro\/wp-json\/wp\/v2\/tribe_events\/1207","targetHints":{"allow":["GET"]}}],"collection":[{"href":"https:\/\/viradasustentavel.org.br\/rio-de-janeiro\/wp-json\/wp\/v2\/tribe_events"}],"about":[{"href":"https:\/\/viradasustentavel.org.br\/rio-de-janeiro\/wp-json\/wp\/v2\/types\/tribe_events"}],"author":[{"embeddable":true,"href":"https:\/\/viradasustentavel.org.br\/rio-de-janeiro\/wp-json\/wp\/v2\/users\/2"}],"version-history":[{"count":2,"href":"https:\/\/viradasustentavel.org.br\/rio-de-janeiro\/wp-json\/wp\/v2\/tribe_events\/1207\/revisions"}],"predecessor-version":[{"id":1427,"href":"https:\/\/viradasustentavel.org.br\/rio-de-janeiro\/wp-json\/wp\/v2\/tribe_events\/1207\/revisions\/1427"}],"wp:featuredmedia":[{"embeddable":true,"href":"https:\/\/viradasustentavel.org.br\/rio-de-janeiro\/wp-json\/wp\/v2\/media\/389"}],"wp:attachment":[{"href":"https:\/\/viradasustentavel.org.br\/rio-de-janeiro\/wp-json\/wp\/v2\/media?parent=1207"}],"wp:term":[{"taxonomy":"post_tag","embeddable":true,"href":"https:\/\/viradasustentavel.org.br\/rio-de-janeiro\/wp-json\/wp\/v2\/tags?post=1207"},{"taxonomy":"tribe_events_cat","embeddable":true,"href":"https:\/\/viradasustentavel.org.br\/rio-de-janeiro\/wp-json\/wp\/v2\/tribe_events_cat?post=1207"}],"curies":[{"name":"wp","href":"https:\/\/api.w.org\/{rel}","templated":true}]}}

Pequeníssimas Mãos

<p>Arte-educadores do CCBB Educativo</p>
<p>Atividade para as crianças de contação de histórias da cultura popular e da literatura universal. CCBB Educativo – Lugares de Culturas – Ateliê Aberto</p>
<p>Atividades desenvolvidas para crianças de 3 a 7 anos e seus familiares. Histórias, jogos musicais e ações pensadas para desenvolver o pensamento crítico, a criatividade, a imaginação, o vocabulário e a interação social, permitindo que a experiência no museu seja mais complexa e aprofundada.<br />
Público-alvo: 3 a 7 anos</p>

<p>Arte-educadores do CCBB Educativo Atividade para as crianças de contação de histórias da cultura popular e da literatura universal. CCBB Educativo – Lugares de Culturas – Ateliê Aberto Atividades desenvolvidas [&hellip;]</p>
