{"id":1219,"date":"2025-10-14T17:00:08","date_gmt":"2025-10-14T20:00:08","guid":{"rendered":"https:\/\/viradasustentavel.org.br\/rio-de-janeiro\/eventos\/soltura-de-caranguejos-no-manguezal-da-lagoa-rodrigo-de-freitas\/"},"modified":"2025-10-15T09:28:36","modified_gmt":"2025-10-15T12:28:36","slug":"soltura-de-caranguejos-no-manguezal-da-lagoa-rodrigo-de-freitas","status":"publish","type":"tribe_events","link":"https:\/\/viradasustentavel.org.br\/rio-de-janeiro\/eventos\/soltura-de-caranguejos-no-manguezal-da-lagoa-rodrigo-de-freitas\/","title":{"rendered":"Soltura de caranguejos no manguezal da Lagoa Rodrigo de Freitas"},"content":{"rendered":"<p><span data-sheets-root=\"1\">A a\u00e7\u00e3o, organizada pela \u00c1guas do Rio, ser\u00e1 conduzida pelo bi\u00f3logo M\u00e1rio Moscatelli, que atua h\u00e1 mais de 36 anos na Lagoa Rodrigo de Freitas.<\/p>\n<p>Os participantes ir\u00e3o conhecer o projeto de naturaliza\u00e7\u00e3o das margens da Lagoa Rodrigo de Freitas, implementado pelo bi\u00f3logo M\u00e1rio Moscatelli, e as melhorias no sistema de esgotamento sanit\u00e1rio feitas pela \u00c1guas do Rio para repecura\u00e7\u00e3o desse ecossistema. O p\u00fablico poder\u00e1 participar de uma atividade de soltura de caranguejos.<\/p>\n<p>Orienta\u00e7\u00e3o sobre vestimenta: recomendamos o uso de cal\u00e7a comprida, sapato fechado e meias.<\/span><\/p>\n","protected":false},"excerpt":{"rendered":"<p>A a\u00e7\u00e3o, organizada pela \u00c1guas do Rio, ser\u00e1 conduzida pelo bi\u00f3logo M\u00e1rio Moscatelli, que atua h\u00e1 mais de 36 anos na Lagoa Rodrigo de Freitas. Os participantes ir\u00e3o conhecer o [&hellip;]<\/p>\n","protected":false},"author":2,"featured_media":1497,"template":"","meta":{"_tribe_events_status":"","_tribe_events_status_reason":"","footnotes":""},"tags":[42,57,61],"tribe_events_cat":[32],"class_list":["post-1219","tribe_events","type-tribe_events","status-publish","has-post-thumbnail","hentry","tag-18-anos","tag-adesao","tag-lagoa-rodrigo-de-freitas","tribe_events_cat-outros","cat_outros"],"_links":{"self":[{"href":"https:\/\/viradasustentavel.org.br\/rio-de-janeiro\/wp-json\/wp\/v2\/tribe_events\/1219","targetHints":{"allow":["GET"]}}],"collection":[{"href":"https:\/\/viradasustentavel.org.br\/rio-de-janeiro\/wp-json\/wp\/v2\/tribe_events"}],"about":[{"href":"https:\/\/viradasustentavel.org.br\/rio-de-janeiro\/wp-json\/wp\/v2\/types\/tribe_events"}],"author":[{"embeddable":true,"href":"https:\/\/viradasustentavel.org.br\/rio-de-janeiro\/wp-json\/wp\/v2\/users\/2"}],"version-history":[{"count":2,"href":"https:\/\/viradasustentavel.org.br\/rio-de-janeiro\/wp-json\/wp\/v2\/tribe_events\/1219\/revisions"}],"predecessor-version":[{"id":1498,"href":"https:\/\/viradasustentavel.org.br\/rio-de-janeiro\/wp-json\/wp\/v2\/tribe_events\/1219\/revisions\/1498"}],"wp:featuredmedia":[{"embeddable":true,"href":"https:\/\/viradasustentavel.org.br\/rio-de-janeiro\/wp-json\/wp\/v2\/media\/1497"}],"wp:attachment":[{"href":"https:\/\/viradasustentavel.org.br\/rio-de-janeiro\/wp-json\/wp\/v2\/media?parent=1219"}],"wp:term":[{"taxonomy":"post_tag","embeddable":true,"href":"https:\/\/viradasustentavel.org.br\/rio-de-janeiro\/wp-json\/wp\/v2\/tags?post=1219"},{"taxonomy":"tribe_events_cat","embeddable":true,"href":"https:\/\/viradasustentavel.org.br\/rio-de-janeiro\/wp-json\/wp\/v2\/tribe_events_cat?post=1219"}],"curies":[{"name":"wp","href":"https:\/\/api.w.org\/{rel}","templated":true}]}}

<p><span data-sheets-root="1">A ação, organizada pela Águas do Rio, será conduzida pelo biólogo Mário Moscatelli, que atua há mais de 36 anos na Lagoa Rodrigo de Freitas.</p>
<p>Os participantes irão conhecer o projeto de naturalização das margens da Lagoa Rodrigo de Freitas, implementado pelo biólogo Mário Moscatelli, e as melhorias no sistema de esgotamento sanitário feitas pela Águas do Rio para repecuração desse ecossistema. O público poderá participar de uma atividade de soltura de caranguejos.</p>
<p>Orientação sobre vestimenta: recomendamos o uso de calça comprida, sapato fechado e meias.</span></p>

<p>A ação, organizada pela Águas do Rio, será conduzida pelo biólogo Mário Moscatelli, que atua há mais de 36 anos na Lagoa Rodrigo de Freitas. Os participantes irão conhecer o [&hellip;]</p>
