{"id":1251,"date":"2025-10-14T17:09:26","date_gmt":"2025-10-14T20:09:26","guid":{"rendered":"https:\/\/viradasustentavel.org.br\/rio-de-janeiro\/eventos\/galpao-das-artes-oficina-de-mandalas-artesanato-com-reaproveitamento-de-cds\/"},"modified":"2025-10-15T09:27:10","modified_gmt":"2025-10-15T12:27:10","slug":"galpao-das-artes-oficina-de-mandalas-artesanato-com-reaproveitamento-de-cds","status":"publish","type":"tribe_events","link":"https:\/\/viradasustentavel.org.br\/rio-de-janeiro\/eventos\/galpao-das-artes-oficina-de-mandalas-artesanato-com-reaproveitamento-de-cds\/","title":{"rendered":"GALP\u00c3O DAS ARTES \u2013 Oficina de Mandalas \u2013 artesanato com reaproveitamento de CDs"},"content":{"rendered":"<p><span data-sheets-root=\"1\">Ana Cristina Damasceno<\/p>\n<p>Inaugurado em 2002, o Galp\u00e3o das Artes \u00e9 destinado a realizar exposi\u00e7\u00f5es, palestras e oficinas de artes usando material recicl\u00e1vel. Este espa\u00e7o tem como objetivo alinhar a arte com a limpeza e o reaproveitamento de materiais.<br \/>\nReciclar o olhar! Onde o fim \u00e9 o come\u00e7o!<\/p>\n<p>Solange Assini \u00e9 artes\u00e3 e instrutora de artesanato h\u00e1 mais de trinta anos. Inspirada pelos saberes de sua m\u00e3e e de mestres artes\u00e3os, desenvolve uma cria\u00e7\u00e3o autoral que une tradi\u00e7\u00e3o, humor e sustentabilidade. Trabalha com bonecas, macram\u00ea e costura criativa, transformando res\u00edduos s\u00f3lidos em arte e mostrando que cada material pode ganhar nova vida e significado.<\/p>\n<p>Durante a oficina os participantes aprender\u00e3o a produzir mandalas utilizando como principal material CD para o trabalho de artesanato.<\/span><\/p>\n","protected":false},"excerpt":{"rendered":"<p>Ana Cristina Damasceno Inaugurado em 2002, o Galp\u00e3o das Artes \u00e9 destinado a realizar exposi\u00e7\u00f5es, palestras e oficinas de artes usando material recicl\u00e1vel. Este espa\u00e7o tem como objetivo alinhar a [&hellip;]<\/p>\n","protected":false},"author":2,"featured_media":1495,"template":"","meta":{"_tribe_events_status":"","_tribe_events_status_reason":"","footnotes":""},"tags":[57,19],"tribe_events_cat":[21],"class_list":["post-1251","tribe_events","type-tribe_events","status-publish","has-post-thumbnail","hentry","tag-adesao","tag-livre","tribe_events_cat-oficina","cat_oficina"],"_links":{"self":[{"href":"https:\/\/viradasustentavel.org.br\/rio-de-janeiro\/wp-json\/wp\/v2\/tribe_events\/1251","targetHints":{"allow":["GET"]}}],"collection":[{"href":"https:\/\/viradasustentavel.org.br\/rio-de-janeiro\/wp-json\/wp\/v2\/tribe_events"}],"about":[{"href":"https:\/\/viradasustentavel.org.br\/rio-de-janeiro\/wp-json\/wp\/v2\/types\/tribe_events"}],"author":[{"embeddable":true,"href":"https:\/\/viradasustentavel.org.br\/rio-de-janeiro\/wp-json\/wp\/v2\/users\/2"}],"version-history":[{"count":2,"href":"https:\/\/viradasustentavel.org.br\/rio-de-janeiro\/wp-json\/wp\/v2\/tribe_events\/1251\/revisions"}],"predecessor-version":[{"id":1496,"href":"https:\/\/viradasustentavel.org.br\/rio-de-janeiro\/wp-json\/wp\/v2\/tribe_events\/1251\/revisions\/1496"}],"wp:featuredmedia":[{"embeddable":true,"href":"https:\/\/viradasustentavel.org.br\/rio-de-janeiro\/wp-json\/wp\/v2\/media\/1495"}],"wp:attachment":[{"href":"https:\/\/viradasustentavel.org.br\/rio-de-janeiro\/wp-json\/wp\/v2\/media?parent=1251"}],"wp:term":[{"taxonomy":"post_tag","embeddable":true,"href":"https:\/\/viradasustentavel.org.br\/rio-de-janeiro\/wp-json\/wp\/v2\/tags?post=1251"},{"taxonomy":"tribe_events_cat","embeddable":true,"href":"https:\/\/viradasustentavel.org.br\/rio-de-janeiro\/wp-json\/wp\/v2\/tribe_events_cat?post=1251"}],"curies":[{"name":"wp","href":"https:\/\/api.w.org\/{rel}","templated":true}]}}

GALPÃO DAS ARTES – Oficina de Mandalas – artesanato com reaproveitamento de CDs

<p><span data-sheets-root="1">Ana Cristina Damasceno</p>
<p>Inaugurado em 2002, o Galpão das Artes é destinado a realizar exposições, palestras e oficinas de artes usando material reciclável. Este espaço tem como objetivo alinhar a arte com a limpeza e o reaproveitamento de materiais.<br />
Reciclar o olhar! Onde o fim é o começo!</p>
<p>Solange Assini é artesã e instrutora de artesanato há mais de trinta anos. Inspirada pelos saberes de sua mãe e de mestres artesãos, desenvolve uma criação autoral que une tradição, humor e sustentabilidade. Trabalha com bonecas, macramê e costura criativa, transformando resíduos sólidos em arte e mostrando que cada material pode ganhar nova vida e significado.</p>
<p>Durante a oficina os participantes aprenderão a produzir mandalas utilizando como principal material CD para o trabalho de artesanato.</span></p>

<p>Ana Cristina Damasceno Inaugurado em 2002, o Galpão das Artes é destinado a realizar exposições, palestras e oficinas de artes usando material reciclável. Este espaço tem como objetivo alinhar a [&hellip;]</p>
