{"id":1360,"date":"2025-10-14T17:52:03","date_gmt":"2025-10-14T20:52:03","guid":{"rendered":"https:\/\/viradasustentavel.org.br\/rio-de-janeiro\/eventos\/urbanismo-com-raizes-conexoes-entre-praticas-ancestrais-urbanismo-e-patrimonio-3\/"},"modified":"2025-10-15T17:53:25","modified_gmt":"2025-10-15T20:53:25","slug":"urbanismo-com-raizes-conexoes-entre-praticas-ancestrais-urbanismo-e-patrimonio-3","status":"publish","type":"tribe_events","link":"https:\/\/viradasustentavel.org.br\/rio-de-janeiro\/eventos\/urbanismo-com-raizes-conexoes-entre-praticas-ancestrais-urbanismo-e-patrimonio-3\/","title":{"rendered":"Urbanismo com ra\u00edzes: conex\u00f5es entre pr\u00e1ticas ancestrais, urbanismo e patrim\u00f4nio"},"content":{"rendered":"<p><span data-sheets-root=\"1\">Uma mesa que aborda a intersec\u00e7\u00e3o entre o planejamento urbano contempor\u00e2neo e os saberes ancestrais de povos ind\u00edgenas e quilombolas. Com a presen\u00e7a de l\u00edderes intelectuais org\u00e2nicos e acad\u00eamicos, o debate vai destacar como a valoriza\u00e7\u00e3o do patrim\u00f4nio cultural e das pr\u00e1ticas tradicionais pode inspirar solu\u00e7\u00f5es inovadoras e mais humanas para os desafios das cidades modernas, como o direito \u00e0 habita\u00e7\u00e3o e o desenvolvimento comunit\u00e1rio.<br \/>\n<\/span><\/p>\n<p>&nbsp;<\/p>\n<p><span data-sheets-root=\"1\"><strong>Media\u00e7\u00e3o:<\/strong> Eduardo Carvalho<\/p>\n<p>Convidados:<br \/>\n<strong>Sandra Kokudai<br \/>\n<\/strong><\/span><strong>Jos\u00e9 Urutau Guajajara<br \/>\n<\/strong><span data-sheets-root=\"1\"><strong>Ivani Rosa da Silva <\/strong><br \/>\n<strong>Iazana Guizzo<\/strong><br \/>\n<strong>Alan Brum<\/strong><\/span><\/p>\n<p>&nbsp;<\/p>\n<p><span data-sheets-root=\"1\"><strong>Sandra Kokudai<\/strong> \u2013 Arquiteta e Urbanista, Conselheira do CAU-RJ e IAB-RJ, Rede Ecol\u00f3gica, Assessora parlamentar do vereador Leonel de Esquerda (ou C\u00e2mara Municipal) e apoiadora da Funda\u00e7\u00e3o de Direitos Humanos Bento Rubi\u00e3o.<\/p>\n<p><strong>Jos\u00e9 Urutau Guajajara<\/strong> \u2013 possui forma\u00e7\u00f5es: em pedagogia (UNESA); especialista em educa\u00e7\u00e3o-ind\u00edgena na Universidade Federal Fluminense (UFF); especialista e mestre em lingu\u00edstica e l\u00ednguas-ind\u00edgenas no Museu Nacional\/UFRJ. Professor de linguas e cultura tupi-Guarani na universidade ind\u00edgena Aldeia Marakan\u00e3.<\/p>\n<p><strong>Ivani Rosa da Silva<\/strong> \u2013 Quilombo Cafund\u00f3 Astrogilda \u2013 Lideran\u00e7as da Associa\u00e7\u00e3o Quilombo Astrogilda, \u00e9 vice-presidenta, onde articula a\u00e7\u00f5es voltadas \u00e0 condu\u00e7\u00e3o de trilhas de base comunit\u00e1ria com foco em meio ambiente e ancestralidade. Tamb\u00e9m lidera projetos culturais e sociais que fortalecem a identidade quilombola, promovem a educa\u00e7\u00e3o ambiental e mant\u00e9m viva a mem\u00f3ria e a tradi\u00e7\u00e3o de seu povo.<\/p>\n<p><strong>Iazana Guizzo<\/strong> \u2013 Professora da UFRJ, realiza projetos de extens\u00e3o em comunidades ind\u00edgenas e quilombolas, como, por exemplo, Aldeia Maracan\u00e3 e projeto Floresta Cidade, que apoiou na constru\u00e7\u00e3o do Centro de Pesquisa Ancestral \u2013 Universidade \u00datero (na BA), constru\u00e7\u00e3o da Maloca na Aldeia Maracan\u00e3 e possui uma atua\u00e7\u00e3o tamb\u00e9m na Pequena \u00c1frica aqui do Rio. Participa do escrit\u00f3rio Terceira Margem: arquitetura e singularidades. Doutora em urbanismo na UFRJ (2014), com o tema \u201cOs m\u00e9todos de concep\u00e7\u00e3o do espa\u00e7o comum\u201d.<\/p>\n<p><strong>Alan Brum<\/strong> \u2013 Doutorando em Planejamento Urbano pelo Instituto de Pesquisa em Planejamento Urbano e Regional \u2013 IPPUR\/UFRJ, bacharelado em Ci\u00eancias Sociais com \u00eanfase em Pesquisa Social Aplicada pelo Instituto Universit\u00e1rio de Pesquisa do Rio de Janeiro \u2013 IUPERJ (2016). Professor substituto em Gest\u00e3o P\u00fablica para o Desenvolvimento Econ\u00f4mico e Social \u2013 GPDES\/UFRJ\/UFRJ. Atualmente \u00e9 pesquisador e coordenador do Centro de Pesquisa, Documenta\u00e7\u00e3o e Mem\u00f3ria do Complexo do Alem\u00e3o \u2013 CEPEDOCA e \u00e9 cofundador e Diretor Presidente do Instituto Ra\u00edzes em Movimento. <\/span><\/p>\n","protected":false},"excerpt":{"rendered":"<p>Uma mesa que aborda a intersec\u00e7\u00e3o entre o planejamento urbano contempor\u00e2neo e os saberes ancestrais de povos ind\u00edgenas e quilombolas. Com a presen\u00e7a de l\u00edderes intelectuais org\u00e2nicos e acad\u00eamicos, o [&hellip;]<\/p>\n","protected":false},"author":2,"featured_media":1572,"template":"","meta":{"_tribe_events_status":"","_tribe_events_status_reason":"","footnotes":""},"tags":[20,54,19],"tribe_events_cat":[18],"class_list":["post-1360","tribe_events","type-tribe_events","status-publish","has-post-thumbnail","hentry","tag-ccbb","tag-forum","tag-livre","tribe_events_cat-talks","cat_talks"],"_links":{"self":[{"href":"https:\/\/viradasustentavel.org.br\/rio-de-janeiro\/wp-json\/wp\/v2\/tribe_events\/1360","targetHints":{"allow":["GET"]}}],"collection":[{"href":"https:\/\/viradasustentavel.org.br\/rio-de-janeiro\/wp-json\/wp\/v2\/tribe_events"}],"about":[{"href":"https:\/\/viradasustentavel.org.br\/rio-de-janeiro\/wp-json\/wp\/v2\/types\/tribe_events"}],"author":[{"embeddable":true,"href":"https:\/\/viradasustentavel.org.br\/rio-de-janeiro\/wp-json\/wp\/v2\/users\/2"}],"version-history":[{"count":2,"href":"https:\/\/viradasustentavel.org.br\/rio-de-janeiro\/wp-json\/wp\/v2\/tribe_events\/1360\/revisions"}],"predecessor-version":[{"id":1574,"href":"https:\/\/viradasustentavel.org.br\/rio-de-janeiro\/wp-json\/wp\/v2\/tribe_events\/1360\/revisions\/1574"}],"wp:featuredmedia":[{"embeddable":true,"href":"https:\/\/viradasustentavel.org.br\/rio-de-janeiro\/wp-json\/wp\/v2\/media\/1572"}],"wp:attachment":[{"href":"https:\/\/viradasustentavel.org.br\/rio-de-janeiro\/wp-json\/wp\/v2\/media?parent=1360"}],"wp:term":[{"taxonomy":"post_tag","embeddable":true,"href":"https:\/\/viradasustentavel.org.br\/rio-de-janeiro\/wp-json\/wp\/v2\/tags?post=1360"},{"taxonomy":"tribe_events_cat","embeddable":true,"href":"https:\/\/viradasustentavel.org.br\/rio-de-janeiro\/wp-json\/wp\/v2\/tribe_events_cat?post=1360"}],"curies":[{"name":"wp","href":"https:\/\/api.w.org\/{rel}","templated":true}]}}

Urbanismo com raízes: conexões entre práticas ancestrais, urbanismo e patrimônio

<p><span data-sheets-root="1">Uma mesa que aborda a intersecção entre o planejamento urbano contemporâneo e os saberes ancestrais de povos indígenas e quilombolas. Com a presença de líderes intelectuais orgânicos e acadêmicos, o debate vai destacar como a valorização do patrimônio cultural e das práticas tradicionais pode inspirar soluções inovadoras e mais humanas para os desafios das cidades modernas, como o direito à habitação e o desenvolvimento comunitário.<br />
</span></p>
<p>&nbsp;</p>
<p><span data-sheets-root="1"><strong>Mediação:</strong> Eduardo Carvalho</p>
<p>Convidados:<br />
<strong>Sandra Kokudai<br />
</strong></span><strong>José Urutau Guajajara<br />
</strong><span data-sheets-root="1"><strong>Ivani Rosa da Silva </strong><br />
<strong>Iazana Guizzo</strong><br />
<strong>Alan Brum</strong></span></p>
<p>&nbsp;</p>
<p><span data-sheets-root="1"><strong>Sandra Kokudai</strong> – Arquiteta e Urbanista, Conselheira do CAU-RJ e IAB-RJ, Rede Ecológica, Assessora parlamentar do vereador Leonel de Esquerda (ou Câmara Municipal) e apoiadora da Fundação de Direitos Humanos Bento Rubião.</p>
<p><strong>José Urutau Guajajara</strong> – possui formações: em pedagogia (UNESA); especialista em educação-indígena na Universidade Federal Fluminense (UFF); especialista e mestre em linguística e línguas-indígenas no Museu Nacional/UFRJ. Professor de linguas e cultura tupi-Guarani na universidade indígena Aldeia Marakanã.</p>
<p><strong>Ivani Rosa da Silva</strong> – Quilombo Cafundó Astrogilda – Lideranças da Associação Quilombo Astrogilda, é vice-presidenta, onde articula ações voltadas à condução de trilhas de base comunitária com foco em meio ambiente e ancestralidade. Também lidera projetos culturais e sociais que fortalecem a identidade quilombola, promovem a educação ambiental e mantém viva a memória e a tradição de seu povo.</p>
<p><strong>Iazana Guizzo</strong> – Professora da UFRJ, realiza projetos de extensão em comunidades indígenas e quilombolas, como, por exemplo, Aldeia Maracanã e projeto Floresta Cidade, que apoiou na construção do Centro de Pesquisa Ancestral – Universidade Útero (na BA), construção da Maloca na Aldeia Maracanã e possui uma atuação também na Pequena África aqui do Rio. Participa do escritório Terceira Margem: arquitetura e singularidades. Doutora em urbanismo na UFRJ (2014), com o tema “Os métodos de concepção do espaço comum”.</p>
<p><strong>Alan Brum</strong> – Doutorando em Planejamento Urbano pelo Instituto de Pesquisa em Planejamento Urbano e Regional – IPPUR/UFRJ, bacharelado em Ciências Sociais com ênfase em Pesquisa Social Aplicada pelo Instituto Universitário de Pesquisa do Rio de Janeiro – IUPERJ (2016). Professor substituto em Gestão Pública para o Desenvolvimento Econômico e Social – GPDES/UFRJ/UFRJ. Atualmente é pesquisador e coordenador do Centro de Pesquisa, Documentação e Memória do Complexo do Alemão – CEPEDOCA e é cofundador e Diretor Presidente do Instituto Raízes em Movimento. </span></p>

<p>Uma mesa que aborda a intersecção entre o planejamento urbano contemporâneo e os saberes ancestrais de povos indígenas e quilombolas. Com a presença de líderes intelectuais orgânicos e acadêmicos, o [&hellip;]</p>
