{"id":1361,"date":"2025-10-14T17:52:03","date_gmt":"2025-10-14T20:52:03","guid":{"rendered":"https:\/\/viradasustentavel.org.br\/rio-de-janeiro\/eventos\/evolucao-energetica-e-socioambiental-engajamento-social-e-praticas-esg-para-a-transformacao-3\/"},"modified":"2025-10-15T17:39:22","modified_gmt":"2025-10-15T20:39:22","slug":"evolucao-energetica-e-socioambiental-engajamento-social-e-praticas-esg-para-a-transformacao-3","status":"publish","type":"tribe_events","link":"https:\/\/viradasustentavel.org.br\/rio-de-janeiro\/eventos\/evolucao-energetica-e-socioambiental-engajamento-social-e-praticas-esg-para-a-transformacao-3\/","title":{"rendered":"Evolu\u00e7\u00e3o energ\u00e9tica e socioambiental: engajamento social e pr\u00e1ticas ESG para a transforma\u00e7\u00e3o"},"content":{"rendered":"<p>Focado na jun\u00e7\u00e3o entre energia, responsabilidade socioambiental e engajamento comunit\u00e1rio, este painel discute como as pr\u00e1ticas de ESG (Ambiental, Social e Governan\u00e7a) e a participa\u00e7\u00e3o social est\u00e3o impulsionando a transforma\u00e7\u00e3o energ\u00e9tica. Com representantes de projetos de base nos territ\u00f3rios, a conversa vai abordar solu\u00e7\u00f5es energ\u00e9ticas sustent\u00e1veis e o papel crucial das comunidades na constru\u00e7\u00e3o de um futuro mais justo e ecol\u00f3gico.<\/p>\n<p>&nbsp;<\/p>\n<p><span data-sheets-root=\"1\"><strong>Media\u00e7\u00e3o:<\/strong> Eduardo Carvalho<\/p>\n<p><strong>Convidados:<\/strong><\/p>\n<p><strong>Thaysa Santos<\/strong> \u2013 Integrante da Equipe da Rede Favela Sustent\u00e1vel e gestora da Iniciativa Terra Afetiva<\/p>\n<p><strong>Cec\u00edlia Pestana<\/strong> \u2013 Diretora de Projetos na ONG Revolusolar<\/p>\n<p><strong>Andrea Barreto<\/strong> \u2013 Coordenadora de forma\u00e7\u00e3o no Projeto CliMare: Sa\u00fade e Meio Ambiente na Mar\u00e9<\/p>\n<p><strong>Aurelien Maudonnet<\/strong> &#8211; Instituto da Crian\u00e7a<\/span><\/p>\n<p>&nbsp;<\/p>\n<p><strong>Thaysa Santos<\/strong> \u2013 Integrante da equipe da Rede Favela Sustent\u00e1vel e gestora da Iniciativa Terra Afetiva. Tem 22 anos, \u00e9 de S\u00e3o Jo\u00e3o de Meriti e, desde os 15 anos se dedica a projetos de mobiliza\u00e7\u00e3o social na Baixada Fluminense que envolvem sustentabilidade, arte e identidade. Ela \u00e9 a ca\u00e7ula do grupo de 45 jovens e lideran\u00e7as que desenvolveu a pesquisa \u201cEfici\u00eancia Energ\u00e9tica nas Favelas\u201d, apresentada, em maio de 2024, durante a Semana Mundial da Energia, em Bras\u00edlia.<\/p>\n<p><strong>Cec\u00edlia Pestana<\/strong> \u2013 Diretora de Projetos na Revolusolar, ONG que leva energia solar e desenvolvimento sustent\u00e1vel para comunidades no Rio de Janeiro. Tem mais de quinze anos de experi\u00eancia em tecnologia, inova\u00e7\u00e3o e impacto socioambiental, unindo comunica\u00e7\u00e3o estrat\u00e9gica, mobiliza\u00e7\u00e3o de redes e solu\u00e7\u00f5es sustent\u00e1veis. \u00c9 mestre em Comunica\u00e7\u00e3o Estrat\u00e9gica pela Universidade NOVA de Lisboa e fundadora de iniciativas de agroecologia urbana e regenera\u00e7\u00e3o sustent\u00e1vel.<\/p>\n<p><strong>Andrea Barreto<\/strong> &#8211; Educadora e Qu\u00edmica. Atualmente Coordenadora de forma\u00e7\u00e3o no Projeto CliMare: Sa\u00fade e Meio Ambiente na Mar\u00e9, onde conjuntamente com os moradores da Mar\u00e9 constr\u00f3i caminhos de possibilidades para um territ\u00f3rio mais sustent\u00e1vel.<\/p>\n<p><strong>Aurelien Maudonnet<\/strong> &#8211; Executivo franco-brasileiro com experi\u00eancia de mais de 20 anos trilhada no setor de energia. Hoje representa a C\u00e2mara de Com\u00e9rcio Fran\u00e7a &#8211; Brasil, o Clube Transi\u00e7\u00e3o Energ\u00e9tica Brasil e o Instituto da Crian\u00e7a, como Conselheiro de Rela\u00e7\u00f5es Institucionais. Advoga em prol de uma vis\u00e3o integrada ESG, incluindo impacto socio-ambiental&#8221;<\/p>\n","protected":false},"excerpt":{"rendered":"<p>Focado na jun\u00e7\u00e3o entre energia, responsabilidade socioambiental e engajamento comunit\u00e1rio, este painel discute como as pr\u00e1ticas de ESG (Ambiental, Social e Governan\u00e7a) e a participa\u00e7\u00e3o social est\u00e3o impulsionando a transforma\u00e7\u00e3o [&hellip;]<\/p>\n","protected":false},"author":2,"featured_media":1569,"template":"","meta":{"_tribe_events_status":"","_tribe_events_status_reason":"","footnotes":""},"tags":[20,54,19],"tribe_events_cat":[18],"class_list":["post-1361","tribe_events","type-tribe_events","status-publish","has-post-thumbnail","hentry","tag-ccbb","tag-forum","tag-livre","tribe_events_cat-talks","cat_talks"],"_links":{"self":[{"href":"https:\/\/viradasustentavel.org.br\/rio-de-janeiro\/wp-json\/wp\/v2\/tribe_events\/1361","targetHints":{"allow":["GET"]}}],"collection":[{"href":"https:\/\/viradasustentavel.org.br\/rio-de-janeiro\/wp-json\/wp\/v2\/tribe_events"}],"about":[{"href":"https:\/\/viradasustentavel.org.br\/rio-de-janeiro\/wp-json\/wp\/v2\/types\/tribe_events"}],"author":[{"embeddable":true,"href":"https:\/\/viradasustentavel.org.br\/rio-de-janeiro\/wp-json\/wp\/v2\/users\/2"}],"version-history":[{"count":2,"href":"https:\/\/viradasustentavel.org.br\/rio-de-janeiro\/wp-json\/wp\/v2\/tribe_events\/1361\/revisions"}],"predecessor-version":[{"id":1570,"href":"https:\/\/viradasustentavel.org.br\/rio-de-janeiro\/wp-json\/wp\/v2\/tribe_events\/1361\/revisions\/1570"}],"wp:featuredmedia":[{"embeddable":true,"href":"https:\/\/viradasustentavel.org.br\/rio-de-janeiro\/wp-json\/wp\/v2\/media\/1569"}],"wp:attachment":[{"href":"https:\/\/viradasustentavel.org.br\/rio-de-janeiro\/wp-json\/wp\/v2\/media?parent=1361"}],"wp:term":[{"taxonomy":"post_tag","embeddable":true,"href":"https:\/\/viradasustentavel.org.br\/rio-de-janeiro\/wp-json\/wp\/v2\/tags?post=1361"},{"taxonomy":"tribe_events_cat","embeddable":true,"href":"https:\/\/viradasustentavel.org.br\/rio-de-janeiro\/wp-json\/wp\/v2\/tribe_events_cat?post=1361"}],"curies":[{"name":"wp","href":"https:\/\/api.w.org\/{rel}","templated":true}]}}

Evolução energética e socioambiental: engajamento social e práticas ESG para a transformação

<p>Focado na junção entre energia, responsabilidade socioambiental e engajamento comunitário, este painel discute como as práticas de ESG (Ambiental, Social e Governança) e a participação social estão impulsionando a transformação energética. Com representantes de projetos de base nos territórios, a conversa vai abordar soluções energéticas sustentáveis e o papel crucial das comunidades na construção de um futuro mais justo e ecológico.</p>
<p>&nbsp;</p>
<p><span data-sheets-root="1"><strong>Mediação:</strong> Eduardo Carvalho</p>
<p><strong>Convidados:</strong></p>
<p><strong>Thaysa Santos</strong> – Integrante da Equipe da Rede Favela Sustentável e gestora da Iniciativa Terra Afetiva</p>
<p><strong>Cecília Pestana</strong> – Diretora de Projetos na ONG Revolusolar</p>
<p><strong>Andrea Barreto</strong> – Coordenadora de formação no Projeto CliMare: Saúde e Meio Ambiente na Maré</p>
<p><strong>Aurelien Maudonnet</strong> &#8211; Instituto da Criança</span></p>
<p>&nbsp;</p>
<p><strong>Thaysa Santos</strong> – Integrante da equipe da Rede Favela Sustentável e gestora da Iniciativa Terra Afetiva. Tem 22 anos, é de São João de Meriti e, desde os 15 anos se dedica a projetos de mobilização social na Baixada Fluminense que envolvem sustentabilidade, arte e identidade. Ela é a caçula do grupo de 45 jovens e lideranças que desenvolveu a pesquisa “Eficiência Energética nas Favelas”, apresentada, em maio de 2024, durante a Semana Mundial da Energia, em Brasília.</p>
<p><strong>Cecília Pestana</strong> – Diretora de Projetos na Revolusolar, ONG que leva energia solar e desenvolvimento sustentável para comunidades no Rio de Janeiro. Tem mais de quinze anos de experiência em tecnologia, inovação e impacto socioambiental, unindo comunicação estratégica, mobilização de redes e soluções sustentáveis. É mestre em Comunicação Estratégica pela Universidade NOVA de Lisboa e fundadora de iniciativas de agroecologia urbana e regeneração sustentável.</p>
<p><strong>Andrea Barreto</strong> &#8211; Educadora e Química. Atualmente Coordenadora de formação no Projeto CliMare: Saúde e Meio Ambiente na Maré, onde conjuntamente com os moradores da Maré constrói caminhos de possibilidades para um território mais sustentável.</p>
<p><strong>Aurelien Maudonnet</strong> &#8211; Executivo franco-brasileiro com experiência de mais de 20 anos trilhada no setor de energia. Hoje representa a Câmara de Comércio França &#8211; Brasil, o Clube Transição Energética Brasil e o Instituto da Criança, como Conselheiro de Relações Institucionais. Advoga em prol de uma visão integrada ESG, incluindo impacto socio-ambiental&#8221;</p>

<p>Focado na junção entre energia, responsabilidade socioambiental e engajamento comunitário, este painel discute como as práticas de ESG (Ambiental, Social e Governança) e a participação social estão impulsionando a transformação [&hellip;]</p>
