{"id":1363,"date":"2025-10-14T17:52:05","date_gmt":"2025-10-14T20:52:05","guid":{"rendered":"https:\/\/viradasustentavel.org.br\/rio-de-janeiro\/eventos\/acao-climatica-ja-como-maximizar-os-resultados-da-cop30-3\/"},"modified":"2025-10-15T18:35:08","modified_gmt":"2025-10-15T21:35:08","slug":"acao-climatica-ja-como-maximizar-os-resultados-da-cop30-3","status":"publish","type":"tribe_events","link":"https:\/\/viradasustentavel.org.br\/rio-de-janeiro\/eventos\/acao-climatica-ja-como-maximizar-os-resultados-da-cop30-3\/","title":{"rendered":"A\u00e7\u00e3o clim\u00e1tica j\u00e1: como maximizar os resultados da COP30"},"content":{"rendered":"<p>Em antecipa\u00e7\u00e3o \u00e0 COP30, este painel re\u00fane vozes proeminentes do ativismo clim\u00e1tico, jornalismo e da juventude para debater estrat\u00e9gias eficazes para a a\u00e7\u00e3o clim\u00e1tica. Contando com a participa\u00e7\u00e3o de l\u00edderes e de quem est\u00e1 na ponta da a\u00e7\u00e3o. A discuss\u00e3o buscar\u00e1 caminhos para ampliar o impacto do Brasil no cen\u00e1rio global e garantir que as decis\u00f5es tomadas resultem em a\u00e7\u00f5es concretas e imediatas para o enfrentamento da crise clim\u00e1tica.<\/p>\n<p><strong>Media\u00e7\u00e3o:<\/strong> Eduardo Carvalho<\/p>\n<p><strong>Participantes:<\/strong><\/p>\n<p><strong>Nat\u00e1lia Mapu\u00e1<\/strong> \u2013 Consultora no Instituto Desinstitute, conselheira do Movimento LED e integrante do Comit\u00ea de Juventude do FPMA<\/p>\n<p><strong>\u00c1lvaro Almeida<\/strong> \u2013 Diretor no Brasil da consultoria internacional GlobeScan<\/p>\n<p>&nbsp;<\/p>\n<p><strong>Nat\u00e1lia Mapu\u00e1<\/strong> \u2013 Ativista socioambiental e Ind\u00edgena Mapu\u00e1, mestranda em Direitos Humanos na UnB e bacharel em Direito pela UFPA. Coordena a Alian\u00e7a de Juventude por Transi\u00e7\u00e3o Energ\u00e9tica Justa, articula\u00e7\u00e3o de jovens do Norte e Nordeste pela justi\u00e7a clim\u00e1tica. \u00c9 consultora no Instituto Desinstitute, conselheira do Movimento LED e integrante do Comit\u00ea de Juventude do FPMAC.<\/p>\n<p><strong>\u00c1lvaro Almeida<\/strong> \u2013 Jornalista e antrop\u00f3logo especializado em sustentabilidade, diretor no Brasil da consultoria internacional GlobeScan, s\u00f3cio-fundador do Grupo Report. Foi tamb\u00e9m organizador e curador da confer\u00eancia internacional Sustainable Brands no Brasil.<\/p>\n","protected":false},"excerpt":{"rendered":"<p>Em antecipa\u00e7\u00e3o \u00e0 COP30, este painel re\u00fane vozes proeminentes do ativismo clim\u00e1tico, jornalismo e da juventude para debater estrat\u00e9gias eficazes para a a\u00e7\u00e3o clim\u00e1tica. Contando com a participa\u00e7\u00e3o de l\u00edderes [&hellip;]<\/p>\n","protected":false},"author":2,"featured_media":1593,"template":"","meta":{"_tribe_events_status":"","_tribe_events_status_reason":"","footnotes":""},"tags":[20,54,19],"tribe_events_cat":[18],"class_list":["post-1363","tribe_events","type-tribe_events","status-publish","has-post-thumbnail","hentry","tag-ccbb","tag-forum","tag-livre","tribe_events_cat-talks","cat_talks"],"_links":{"self":[{"href":"https:\/\/viradasustentavel.org.br\/rio-de-janeiro\/wp-json\/wp\/v2\/tribe_events\/1363","targetHints":{"allow":["GET"]}}],"collection":[{"href":"https:\/\/viradasustentavel.org.br\/rio-de-janeiro\/wp-json\/wp\/v2\/tribe_events"}],"about":[{"href":"https:\/\/viradasustentavel.org.br\/rio-de-janeiro\/wp-json\/wp\/v2\/types\/tribe_events"}],"author":[{"embeddable":true,"href":"https:\/\/viradasustentavel.org.br\/rio-de-janeiro\/wp-json\/wp\/v2\/users\/2"}],"version-history":[{"count":2,"href":"https:\/\/viradasustentavel.org.br\/rio-de-janeiro\/wp-json\/wp\/v2\/tribe_events\/1363\/revisions"}],"predecessor-version":[{"id":1595,"href":"https:\/\/viradasustentavel.org.br\/rio-de-janeiro\/wp-json\/wp\/v2\/tribe_events\/1363\/revisions\/1595"}],"wp:featuredmedia":[{"embeddable":true,"href":"https:\/\/viradasustentavel.org.br\/rio-de-janeiro\/wp-json\/wp\/v2\/media\/1593"}],"wp:attachment":[{"href":"https:\/\/viradasustentavel.org.br\/rio-de-janeiro\/wp-json\/wp\/v2\/media?parent=1363"}],"wp:term":[{"taxonomy":"post_tag","embeddable":true,"href":"https:\/\/viradasustentavel.org.br\/rio-de-janeiro\/wp-json\/wp\/v2\/tags?post=1363"},{"taxonomy":"tribe_events_cat","embeddable":true,"href":"https:\/\/viradasustentavel.org.br\/rio-de-janeiro\/wp-json\/wp\/v2\/tribe_events_cat?post=1363"}],"curies":[{"name":"wp","href":"https:\/\/api.w.org\/{rel}","templated":true}]}}

Ação climática já: como maximizar os resultados da COP30

<p>Em antecipação à COP30, este painel reúne vozes proeminentes do ativismo climático, jornalismo e da juventude para debater estratégias eficazes para a ação climática. Contando com a participação de líderes e de quem está na ponta da ação. A discussão buscará caminhos para ampliar o impacto do Brasil no cenário global e garantir que as decisões tomadas resultem em ações concretas e imediatas para o enfrentamento da crise climática.</p>
<p><strong>Mediação:</strong> Eduardo Carvalho</p>
<p><strong>Participantes:</strong></p>
<p><strong>Natália Mapuá</strong> – Consultora no Instituto Desinstitute, conselheira do Movimento LED e integrante do Comitê de Juventude do FPMA</p>
<p><strong>Álvaro Almeida</strong> – Diretor no Brasil da consultoria internacional GlobeScan</p>
<p>&nbsp;</p>
<p><strong>Natália Mapuá</strong> – Ativista socioambiental e Indígena Mapuá, mestranda em Direitos Humanos na UnB e bacharel em Direito pela UFPA. Coordena a Aliança de Juventude por Transição Energética Justa, articulação de jovens do Norte e Nordeste pela justiça climática. É consultora no Instituto Desinstitute, conselheira do Movimento LED e integrante do Comitê de Juventude do FPMAC.</p>
<p><strong>Álvaro Almeida</strong> – Jornalista e antropólogo especializado em sustentabilidade, diretor no Brasil da consultoria internacional GlobeScan, sócio-fundador do Grupo Report. Foi também organizador e curador da conferência internacional Sustainable Brands no Brasil.</p>

<p>Em antecipação à COP30, este painel reúne vozes proeminentes do ativismo climático, jornalismo e da juventude para debater estratégias eficazes para a ação climática. Contando com a participação de líderes [&hellip;]</p>
