{"id":1365,"date":"2025-10-14T17:52:06","date_gmt":"2025-10-14T20:52:06","guid":{"rendered":"https:\/\/viradasustentavel.org.br\/rio-de-janeiro\/eventos\/rio-de-aguas-vivas-saneamento-universalizado-permeabilidade-urbana-e-conscientizacao-transformadoras-3\/"},"modified":"2025-10-15T18:17:32","modified_gmt":"2025-10-15T21:17:32","slug":"rio-de-aguas-vivas-saneamento-universalizado-permeabilidade-urbana-e-conscientizacao-transformadoras-3","status":"publish","type":"tribe_events","link":"https:\/\/viradasustentavel.org.br\/rio-de-janeiro\/eventos\/rio-de-aguas-vivas-saneamento-universalizado-permeabilidade-urbana-e-conscientizacao-transformadoras-3\/","title":{"rendered":"Rio de \u00c1guas Vivas: saneamento universalizado, permeabilidade urbana e conscientiza\u00e7\u00e3o transformadoras"},"content":{"rendered":"<p>Uma manh\u00e3 aprofundada sobre a sa\u00fade h\u00eddrica do Rio de Janeiro, com foco na universaliza\u00e7\u00e3o do saneamento, na gest\u00e3o de \u00e1guas pluviais e na recupera\u00e7\u00e3o de corpos-d&#8217;\u00e1gua como a Ba\u00eda de Guanabara. Reunindo especialistas de diversas \u00e1reas, o debate vai explorar solu\u00e7\u00f5es t\u00e9cnicas, como o saneamento ecol\u00f3gico, e a import\u00e2ncia da conscientiza\u00e7\u00e3o para transformar a rela\u00e7\u00e3o da cidade com suas \u00e1guas.<\/p>\n<p><strong>Media\u00e7\u00e3o:<\/strong> Eduardo Carvalho<\/p>\n<p><strong>Convidados:<\/strong><\/p>\n<p><strong>Mirna Gobbi<\/strong> \u2013 Coordenadora do Laborat\u00f3rio de Infraestruturas Verdes e Azuis da UERJ<\/p>\n<p><strong>Pedro Belga<\/strong> \u2013 Fundador e presidente da ONG Guardi\u00f5es do Mar<\/p>\n<p><strong>Emanuel Alencar<\/strong> \u2013 Fundador do movimento Respira, Rio!<\/p>\n<p><strong>Ot\u00e1vio Alves Barros<\/strong> \u2013 Presidente da Cooperativa Vale Encantado<\/p>\n<p><strong>Adriana Bocaiuva<\/strong> \u2013 Vice-presidente do Comit\u00ea da Ba\u00eda de Guanabara e Coordenadora do F\u00f3rum Fluminense de Comit\u00eas de Bacias Hidrogr\u00e1ficas<\/p>\n<p><strong>Philipe Campello Costa Brondi da Silva<\/strong> &#8211; superintendente executivo de governan\u00e7a socioambiental &#8211; CEDAE<\/p>\n<p>&nbsp;<\/p>\n<p><strong>Mirna Gobbi<\/strong> \u2013 Doutora em Arquitetura, professora de Hidr\u00e1ulica e Materiais Sustent\u00e1veis na Universidade Estadual do Rio de Janeiro (UERJ). Coordenadora do Laborat\u00f3rio de Infraestruturas Verdes e Azuis da UERJ.<\/p>\n<p><strong>Emanuel Alencar<\/strong> \u2013 Projeto Respira, Rio! \u2013 Jornalista, mestre em engenharia ambiental e autor dos livros Ba\u00eda de Guanabara \u2013 Descaso e resist\u00eancia e Hist\u00f3rias do mangue da Guanabara. \u00c9 fundador do movimento &#8220;&#8221;Respira, Rio!&#8221;&#8221;.<\/p>\n<p><strong>Adriana Bocaiuva<\/strong> \u2013 Especializada em Direito Ambiental pela PUC-Rio, mestre em Engenharia Urbana Ambiental pela Technische Universit\u00e4t Carolo-Wilhelmina zu Braunschweig e PUC-Rio, e doutora pelo Instituto de Economia da UFRJ, Embaixadora de Sustentabilidade do RENOVABR, vice-presidente do Comit\u00ea da Ba\u00eda de Guanabara e coordenadora do F\u00f3rum Fluminense de Comit\u00eas de Bacias Hidrogr\u00e1ficas.<\/p>\n<p><strong>Pedro Belga<\/strong> \u00e9 consultor e ambientalista, fundador e presidente da ONG Guardi\u00f5es do Mar. Desde 1998 atua como articulador socioambiental com comunidades tradicionais, tendo idealizado mais de quarenta projetos premiados. \u00c9 co-criador de redes nacionais de conserva\u00e7\u00e3o de manguezais e coordenador do projeto Do Mangue ao Mar.<\/p>\n<p><strong>Ot\u00e1vio Alves Barros<\/strong> \u2013 Figura central na Cooperativa Vale Encantado, atuando como l\u00edder comunit\u00e1rio e guia de turismo. Em seu papel como guia, ele \u00e9 o respons\u00e1vel por compartilhar a hist\u00f3ria do Vale Encantado com os visitantes. Al\u00e9m disso, Ot\u00e1vio se dedica a divulgar os importantes projetos ambientais da comunidade, abordando o projeto do biossistema, sistema de tratamentos de esgoto por zona de ra\u00edzes e o projeto do biodigestor, gera g\u00e1s e biofertizante, a partir dos res\u00edduos de alimentos.<\/p>\n<p><strong>Philipe Campello Costa Brondi da Silva<\/strong> &#8211; &#8220;Graduado em Turismo, possui mestrado em Ci\u00eancia Ambientais e MBA em Gest\u00e3o Ambiental. Atuou como gerente de marketing e presidente da Companhia de Turismo do Estado do Rio de Janeiro \u2013 TurisRio, gerente de projetos da Riotur, subsecret\u00e1rio de turismo da cidade do Rio de Janeiro, vice-presidente de marketing da Superintend\u00eancia de<br \/>\nDesportes do Estado do Rio de Janeiro \u2013 SUDERJ e CEO do Rio Convention and Visitors Bureau \u2013 RCVB, presidente da TurisRio e presidente do Instituto Estadual do Ambiente \u2013 INEA<\/p>\n","protected":false},"excerpt":{"rendered":"<p>Uma manh\u00e3 aprofundada sobre a sa\u00fade h\u00eddrica do Rio de Janeiro, com foco na universaliza\u00e7\u00e3o do saneamento, na gest\u00e3o de \u00e1guas pluviais e na recupera\u00e7\u00e3o de corpos-d&#8217;\u00e1gua como a Ba\u00eda [&hellip;]<\/p>\n","protected":false},"author":2,"featured_media":1582,"template":"","meta":{"_tribe_events_status":"","_tribe_events_status_reason":"","footnotes":""},"tags":[20,54,19],"tribe_events_cat":[18],"class_list":["post-1365","tribe_events","type-tribe_events","status-publish","has-post-thumbnail","hentry","tag-ccbb","tag-forum","tag-livre","tribe_events_cat-talks","cat_talks"],"_links":{"self":[{"href":"https:\/\/viradasustentavel.org.br\/rio-de-janeiro\/wp-json\/wp\/v2\/tribe_events\/1365","targetHints":{"allow":["GET"]}}],"collection":[{"href":"https:\/\/viradasustentavel.org.br\/rio-de-janeiro\/wp-json\/wp\/v2\/tribe_events"}],"about":[{"href":"https:\/\/viradasustentavel.org.br\/rio-de-janeiro\/wp-json\/wp\/v2\/types\/tribe_events"}],"author":[{"embeddable":true,"href":"https:\/\/viradasustentavel.org.br\/rio-de-janeiro\/wp-json\/wp\/v2\/users\/2"}],"version-history":[{"count":2,"href":"https:\/\/viradasustentavel.org.br\/rio-de-janeiro\/wp-json\/wp\/v2\/tribe_events\/1365\/revisions"}],"predecessor-version":[{"id":1583,"href":"https:\/\/viradasustentavel.org.br\/rio-de-janeiro\/wp-json\/wp\/v2\/tribe_events\/1365\/revisions\/1583"}],"wp:featuredmedia":[{"embeddable":true,"href":"https:\/\/viradasustentavel.org.br\/rio-de-janeiro\/wp-json\/wp\/v2\/media\/1582"}],"wp:attachment":[{"href":"https:\/\/viradasustentavel.org.br\/rio-de-janeiro\/wp-json\/wp\/v2\/media?parent=1365"}],"wp:term":[{"taxonomy":"post_tag","embeddable":true,"href":"https:\/\/viradasustentavel.org.br\/rio-de-janeiro\/wp-json\/wp\/v2\/tags?post=1365"},{"taxonomy":"tribe_events_cat","embeddable":true,"href":"https:\/\/viradasustentavel.org.br\/rio-de-janeiro\/wp-json\/wp\/v2\/tribe_events_cat?post=1365"}],"curies":[{"name":"wp","href":"https:\/\/api.w.org\/{rel}","templated":true}]}}

Rio de Águas Vivas: saneamento universalizado, permeabilidade urbana e conscientização transformadoras

<p>Uma manhã aprofundada sobre a saúde hídrica do Rio de Janeiro, com foco na universalização do saneamento, na gestão de águas pluviais e na recuperação de corpos-d&#8217;água como a Baía de Guanabara. Reunindo especialistas de diversas áreas, o debate vai explorar soluções técnicas, como o saneamento ecológico, e a importância da conscientização para transformar a relação da cidade com suas águas.</p>
<p><strong>Mediação:</strong> Eduardo Carvalho</p>
<p><strong>Convidados:</strong></p>
<p><strong>Mirna Gobbi</strong> – Coordenadora do Laboratório de Infraestruturas Verdes e Azuis da UERJ</p>
<p><strong>Pedro Belga</strong> – Fundador e presidente da ONG Guardiões do Mar</p>
<p><strong>Emanuel Alencar</strong> – Fundador do movimento Respira, Rio!</p>
<p><strong>Otávio Alves Barros</strong> – Presidente da Cooperativa Vale Encantado</p>
<p><strong>Adriana Bocaiuva</strong> – Vice-presidente do Comitê da Baía de Guanabara e Coordenadora do Fórum Fluminense de Comitês de Bacias Hidrográficas</p>
<p><strong>Philipe Campello Costa Brondi da Silva</strong> &#8211; superintendente executivo de governança socioambiental &#8211; CEDAE</p>
<p>&nbsp;</p>
<p><strong>Mirna Gobbi</strong> – Doutora em Arquitetura, professora de Hidráulica e Materiais Sustentáveis na Universidade Estadual do Rio de Janeiro (UERJ). Coordenadora do Laboratório de Infraestruturas Verdes e Azuis da UERJ.</p>
<p><strong>Emanuel Alencar</strong> – Projeto Respira, Rio! – Jornalista, mestre em engenharia ambiental e autor dos livros Baía de Guanabara – Descaso e resistência e Histórias do mangue da Guanabara. É fundador do movimento &#8220;&#8221;Respira, Rio!&#8221;&#8221;.</p>
<p><strong>Adriana Bocaiuva</strong> – Especializada em Direito Ambiental pela PUC-Rio, mestre em Engenharia Urbana Ambiental pela Technische Universität Carolo-Wilhelmina zu Braunschweig e PUC-Rio, e doutora pelo Instituto de Economia da UFRJ, Embaixadora de Sustentabilidade do RENOVABR, vice-presidente do Comitê da Baía de Guanabara e coordenadora do Fórum Fluminense de Comitês de Bacias Hidrográficas.</p>
<p><strong>Pedro Belga</strong> é consultor e ambientalista, fundador e presidente da ONG Guardiões do Mar. Desde 1998 atua como articulador socioambiental com comunidades tradicionais, tendo idealizado mais de quarenta projetos premiados. É co-criador de redes nacionais de conservação de manguezais e coordenador do projeto Do Mangue ao Mar.</p>
<p><strong>Otávio Alves Barros</strong> – Figura central na Cooperativa Vale Encantado, atuando como líder comunitário e guia de turismo. Em seu papel como guia, ele é o responsável por compartilhar a história do Vale Encantado com os visitantes. Além disso, Otávio se dedica a divulgar os importantes projetos ambientais da comunidade, abordando o projeto do biossistema, sistema de tratamentos de esgoto por zona de raízes e o projeto do biodigestor, gera gás e biofertizante, a partir dos resíduos de alimentos.</p>
<p><strong>Philipe Campello Costa Brondi da Silva</strong> &#8211; &#8220;Graduado em Turismo, possui mestrado em Ciência Ambientais e MBA em Gestão Ambiental. Atuou como gerente de marketing e presidente da Companhia de Turismo do Estado do Rio de Janeiro – TurisRio, gerente de projetos da Riotur, subsecretário de turismo da cidade do Rio de Janeiro, vice-presidente de marketing da Superintendência de<br />
Desportes do Estado do Rio de Janeiro – SUDERJ e CEO do Rio Convention and Visitors Bureau – RCVB, presidente da TurisRio e presidente do Instituto Estadual do Ambiente – INEA</p>

<p>Uma manhã aprofundada sobre a saúde hídrica do Rio de Janeiro, com foco na universalização do saneamento, na gestão de águas pluviais e na recuperação de corpos-d&#8217;água como a Baía [&hellip;]</p>
