{"id":1366,"date":"2025-10-14T17:52:07","date_gmt":"2025-10-14T20:52:07","guid":{"rendered":"https:\/\/viradasustentavel.org.br\/rio-de-janeiro\/eventos\/cultura-e-economia-verde-festivais-carnavais-e-grandes-eventos-na-cidade-3\/"},"modified":"2025-10-15T18:13:57","modified_gmt":"2025-10-15T21:13:57","slug":"cultura-e-economia-verde-festivais-carnavais-e-grandes-eventos-na-cidade-3","status":"publish","type":"tribe_events","link":"https:\/\/viradasustentavel.org.br\/rio-de-janeiro\/eventos\/cultura-e-economia-verde-festivais-carnavais-e-grandes-eventos-na-cidade-3\/","title":{"rendered":"Cultura e Economia Verde: festivais, carnavais e grandes eventos na cidade"},"content":{"rendered":"<p>D\u00e1 pra fazer entretenimento vibrante, conectando a cultura carioca e a sustentabilidade? Esta mesa discute como grandes eventos, como o Carnaval podem se tornar modelos de economia verde. Com a presen\u00e7a de figuras influentes do setor art\u00edstico, o painel ir\u00e1 debater pr\u00e1ticas inovadoras para reduzir o impacto ambiental e promover a sustentabilidade em um dos setores mais emblem\u00e1ticos da cidade.<\/p>\n<p><strong>Media\u00e7\u00e3o:<\/strong> Eduardo Carvalho<\/p>\n<p><strong>Participantes:<\/strong><\/p>\n<p><strong>Jean Santos<\/strong> &#8211; Coordenador Sustenta Carnaval<\/p>\n<p><strong>Diego Carbonell<\/strong> \u2013 Diretor de Sustentabilidade da LIGA RJ<\/p>\n<p><strong>Rita Fernandes<\/strong> \u2013 Fundadora e presidente da Sebastiana<\/p>\n<p><strong>Daiane Lima<\/strong> \u2013 Head de Sustentabilidade e ESG na Liesa\/Rio Carnaval<\/p>\n<p>&nbsp;<\/p>\n<p><strong>Diego Carbonell<\/strong> \u00e9 especialista em Sustentabilidade e ESG, com ampla experi\u00eancia na cria\u00e7\u00e3o de estrat\u00e9gias sustent\u00e1veis e na integra\u00e7\u00e3o da cultura de sustentabilidade em empresas, territ\u00f3rios e grandes eventos. Diretor de Sustentabilidade da LIGA RJ, \u00e9 uma das principais refer\u00eancias na aplica\u00e7\u00e3o de pr\u00e1ticas sustent\u00e1veis no Carnaval brasileiro. Com s\u00f3lida trajet\u00f3ria como professor em MBAs e p\u00f3s-gradua\u00e7\u00f5es em diversas regi\u00f5es do Brasil, compartilha uma vis\u00e3o pr\u00e1tica, realista e centrada nas pessoas sobre sustentabilidade aplicada a neg\u00f3cios, cultura e eventos.<\/p>\n<p><strong>Rita Fernandes<\/strong> \u00e9 economista, jornalista, produtora cultural, mestre em Bens Culturais pela FGV, fundadora e presidente da Sebastiana e idealizadora do Festival CasaBloco. Pesquisadora de cultura e Carnaval, \u00e9 autora do livro Meu bloco na rua: a retomada do Carnaval de rua no Rio de Janeiro. Colunista da Veja Rio no tema da cultura carioca e consultora da GloboNews no tema Carnaval.<\/p>\n<p><strong>Daiane Lima<\/strong> \u00e9 administradora e gestora de riscos e neg\u00f3cios estrat\u00e9gicos voltados ao desenvolvimento sustent\u00e1vel em grandes eventos. Desde 2023, head de Sustentabilidade e ESG na Liesa\/Rio Carnaval, liderando a implementa\u00e7\u00e3o da ISO 20121, iniciativas e projetos socioambientais que fortalecem o legado sustent\u00e1vel do maior espet\u00e1culo cultural do mundo.<\/p>\n<p><strong>Jean Michel Santos<\/strong> \u00e9 administrador de neg\u00f3cios com \u00eanfase em gest\u00e3o de pessoas. Atualmente, \u00e9 coordenador do Sustenta Carnaval, projeto que j\u00e1 recolheu e reaproveitou toneladas de res\u00edduos de fantasias que seriam destinadas a aterros sanit\u00e1rios. Mais do que uma a\u00e7\u00e3o ambiental, o Sustenta Carnaval representa um movimento de transforma\u00e7\u00e3o social e cultural, unindo sustentabilidade, criatividade e o esp\u00edrito festivo do carnaval brasileiro.&#8221;<\/p>\n","protected":false},"excerpt":{"rendered":"<p>D\u00e1 pra fazer entretenimento vibrante, conectando a cultura carioca e a sustentabilidade? Esta mesa discute como grandes eventos, como o Carnaval podem se tornar modelos de economia verde. Com a [&hellip;]<\/p>\n","protected":false},"author":2,"featured_media":1579,"template":"","meta":{"_tribe_events_status":"","_tribe_events_status_reason":"","footnotes":""},"tags":[20,54,19],"tribe_events_cat":[18],"class_list":["post-1366","tribe_events","type-tribe_events","status-publish","has-post-thumbnail","hentry","tag-ccbb","tag-forum","tag-livre","tribe_events_cat-talks","cat_talks"],"_links":{"self":[{"href":"https:\/\/viradasustentavel.org.br\/rio-de-janeiro\/wp-json\/wp\/v2\/tribe_events\/1366","targetHints":{"allow":["GET"]}}],"collection":[{"href":"https:\/\/viradasustentavel.org.br\/rio-de-janeiro\/wp-json\/wp\/v2\/tribe_events"}],"about":[{"href":"https:\/\/viradasustentavel.org.br\/rio-de-janeiro\/wp-json\/wp\/v2\/types\/tribe_events"}],"author":[{"embeddable":true,"href":"https:\/\/viradasustentavel.org.br\/rio-de-janeiro\/wp-json\/wp\/v2\/users\/2"}],"version-history":[{"count":2,"href":"https:\/\/viradasustentavel.org.br\/rio-de-janeiro\/wp-json\/wp\/v2\/tribe_events\/1366\/revisions"}],"predecessor-version":[{"id":1580,"href":"https:\/\/viradasustentavel.org.br\/rio-de-janeiro\/wp-json\/wp\/v2\/tribe_events\/1366\/revisions\/1580"}],"wp:featuredmedia":[{"embeddable":true,"href":"https:\/\/viradasustentavel.org.br\/rio-de-janeiro\/wp-json\/wp\/v2\/media\/1579"}],"wp:attachment":[{"href":"https:\/\/viradasustentavel.org.br\/rio-de-janeiro\/wp-json\/wp\/v2\/media?parent=1366"}],"wp:term":[{"taxonomy":"post_tag","embeddable":true,"href":"https:\/\/viradasustentavel.org.br\/rio-de-janeiro\/wp-json\/wp\/v2\/tags?post=1366"},{"taxonomy":"tribe_events_cat","embeddable":true,"href":"https:\/\/viradasustentavel.org.br\/rio-de-janeiro\/wp-json\/wp\/v2\/tribe_events_cat?post=1366"}],"curies":[{"name":"wp","href":"https:\/\/api.w.org\/{rel}","templated":true}]}}

<p>Dá pra fazer entretenimento vibrante, conectando a cultura carioca e a sustentabilidade? Esta mesa discute como grandes eventos, como o Carnaval podem se tornar modelos de economia verde. Com a presença de figuras influentes do setor artístico, o painel irá debater práticas inovadoras para reduzir o impacto ambiental e promover a sustentabilidade em um dos setores mais emblemáticos da cidade.</p>
<p><strong>Mediação:</strong> Eduardo Carvalho</p>
<p><strong>Participantes:</strong></p>
<p><strong>Jean Santos</strong> &#8211; Coordenador Sustenta Carnaval</p>
<p><strong>Diego Carbonell</strong> – Diretor de Sustentabilidade da LIGA RJ</p>
<p><strong>Rita Fernandes</strong> – Fundadora e presidente da Sebastiana</p>
<p><strong>Daiane Lima</strong> – Head de Sustentabilidade e ESG na Liesa/Rio Carnaval</p>
<p>&nbsp;</p>
<p><strong>Diego Carbonell</strong> é especialista em Sustentabilidade e ESG, com ampla experiência na criação de estratégias sustentáveis e na integração da cultura de sustentabilidade em empresas, territórios e grandes eventos. Diretor de Sustentabilidade da LIGA RJ, é uma das principais referências na aplicação de práticas sustentáveis no Carnaval brasileiro. Com sólida trajetória como professor em MBAs e pós-graduações em diversas regiões do Brasil, compartilha uma visão prática, realista e centrada nas pessoas sobre sustentabilidade aplicada a negócios, cultura e eventos.</p>
<p><strong>Rita Fernandes</strong> é economista, jornalista, produtora cultural, mestre em Bens Culturais pela FGV, fundadora e presidente da Sebastiana e idealizadora do Festival CasaBloco. Pesquisadora de cultura e Carnaval, é autora do livro Meu bloco na rua: a retomada do Carnaval de rua no Rio de Janeiro. Colunista da Veja Rio no tema da cultura carioca e consultora da GloboNews no tema Carnaval.</p>
<p><strong>Daiane Lima</strong> é administradora e gestora de riscos e negócios estratégicos voltados ao desenvolvimento sustentável em grandes eventos. Desde 2023, head de Sustentabilidade e ESG na Liesa/Rio Carnaval, liderando a implementação da ISO 20121, iniciativas e projetos socioambientais que fortalecem o legado sustentável do maior espetáculo cultural do mundo.</p>
<p><strong>Jean Michel Santos</strong> é administrador de negócios com ênfase em gestão de pessoas. Atualmente, é coordenador do Sustenta Carnaval, projeto que já recolheu e reaproveitou toneladas de resíduos de fantasias que seriam destinadas a aterros sanitários. Mais do que uma ação ambiental, o Sustenta Carnaval representa um movimento de transformação social e cultural, unindo sustentabilidade, criatividade e o espírito festivo do carnaval brasileiro.&#8221;</p>

<p>Dá pra fazer entretenimento vibrante, conectando a cultura carioca e a sustentabilidade? Esta mesa discute como grandes eventos, como o Carnaval podem se tornar modelos de economia verde. Com a [&hellip;]</p>
