{"id":1367,"date":"2025-10-14T17:52:07","date_gmt":"2025-10-14T20:52:07","guid":{"rendered":"https:\/\/viradasustentavel.org.br\/rio-de-janeiro\/eventos\/o-tempo-virou-rumo-a-cop30-a-decada-decisiva-a-urgencia-do-agora-com-carlos-nobre-3\/"},"modified":"2025-10-15T22:49:45","modified_gmt":"2025-10-16T01:49:45","slug":"o-tempo-virou-rumo-a-cop30-a-decada-decisiva-a-urgencia-do-agora-com-carlos-nobre-3","status":"publish","type":"tribe_events","link":"https:\/\/viradasustentavel.org.br\/rio-de-janeiro\/eventos\/o-tempo-virou-rumo-a-cop30-a-decada-decisiva-a-urgencia-do-agora-com-carlos-nobre-3\/","title":{"rendered":"&#8220;O Tempo Virou \u2013 Rumo \u00e0 COP30&#8221;: a d\u00e9cada decisiva: a urg\u00eancia do agora, com Carlos Nobre"},"content":{"rendered":"<p>O podcast \u201cO Tempo Virou\u201d, criado e apresentado por Giovanna Nader, atriz e apresentadora que \u00e9 refer\u00eancia nacional nos debates sobre mudan\u00e7as clim\u00e1ticas e justi\u00e7a ambiental, estreia em formato ao vivo no Rio de Janeiro. Entre os dias 16 e 19 de outubro, \u00e0s 15h, o programa realiza quatro encontros no Espa\u00e7o Conceito do Banco do Brasil \u2013 RJ, dentro da programa\u00e7\u00e3o da Virada Sustent\u00e1vel, reunindo nomes de peso, como o cientista clim\u00e1tico Carlos Nobre, o ativista social Jo\u00e3o Paulo Rodrigues, a jovem ativista Marcele Oliveira entre outros.<\/p>\n<p>Com mais de setenta epis\u00f3dios no ar e 280 mil reprodu\u00e7\u00f5es, \u201cO Tempo Virou\u201d j\u00e1 recebeu nomes de destaque da ci\u00eancia, da pol\u00edtica, do ambientalismo e da cultura, consolidando-se como o principal podcast brasileiro sobre mudan\u00e7as clim\u00e1ticas. Agora, inspirado pela COP30, que ser\u00e1 realizada em Bel\u00e9m do Par\u00e1, em 2025, o programa promove sua primeira experi\u00eancia presencial, aberta ao p\u00fablico, e aposta no di\u00e1logo entre ci\u00eancia, ativismo, arte e ancestralidade para estimular a conscientiza\u00e7\u00e3o ambiental e imaginar futuros mais justos e sustent\u00e1veis.<\/p>\n<p><strong>Giovanna Nader e Carlos Nobre<\/strong><\/p>\n<p><strong>Carlos Nobre<\/strong> \u00e9 um dos mais renomados climatologistas do pa\u00eds e um dos cientistas brasileiros mais conhecidos mundialmente. Com gradua\u00e7\u00e3o em Engenharia Eletr\u00f4nica pelo ITA, em 1974, e doutorado em Meteorologia pelo MIT, em janeiro de 1983. Foi pesquisador do Inpa e INPE. Foi conselheiro cient\u00edfico do Panel on Global Sustainability da ONU. \u00c9 membro da Academia Brasileira de Ci\u00eancias, Academia Global de Ci\u00eancias e membro estrangeiro da Academia de Ci\u00eancias dos EUA e Royal Society da Gr\u00e3-Bretanha, e primeiro brasileiro nomeado como Planetary Guardian. Participou de v\u00e1rios relat\u00f3rios do Painel Intergovernamental de Mudan\u00e7as Clim\u00e1ticas (IPCC), inclusive do Quarto Relat\u00f3rio de Avalia\u00e7\u00e3o do IPCC, agraciado com o Pr\u00eamio Nobel da Paz (2007). Recebeu v\u00e1rios pr\u00eamios nacionais e internacionais. \u00c9 atualmente professor do Instituto de Estudos Avan\u00e7ados da Universidade de S\u00e3o Paulo (USP) e o copresidente do Painel Cient\u00edfico para a Amaz\u00f4nia (SPA) (www.theamazonwewant.org), que produziu a mais rigorosa avalia\u00e7\u00e3o cient\u00edfica para a Amaz\u00f4nia e apontou caminhos para um futuro sustent\u00e1vel. \u00c9 tamb\u00e9m o proponente do Projeto Amaz\u00f4nia 4.0 (www.amazonia4.org), que busca demonstrar a viabilidade de uma nova bioeconomia de floresta em p\u00e9 e rios fluindo para a Amaz\u00f4nia, incorporando conhecimento cient\u00edfico e inova\u00e7\u00f5es tecnol\u00f3gicas com conhecimentos de povos ind\u00edgenas e comunidades locais, inclusive com a cria\u00e7\u00e3o de um avan\u00e7ado Instituto de Tecnologia da Amaz\u00f4nia.<\/p>\n<p><strong>O Tempo Virou \u2013 Giovanna Nader<\/strong> \u00e9 atriz, apresentadora, escritora e comunicadora socioambiental. Criadora de &#8220;O Tempo Virou&#8221;, uma plataforma de novas narrativas sobre o clima com eventos, espet\u00e1culos teatrais, document\u00e1rios e dois podcasts: &#8220;O Tempo Virou&#8221; com entrevistas sobre conscientiza\u00e7\u00e3o ecol\u00f3gica e &#8220;O Veneno Mora ao Lado&#8221;, sobre a incid\u00eancia dos agrot\u00f3xicos no pa\u00eds. Em 2021, publicou o livro Com que roupa?, pela Editora Paralela e, em 2024, volta aos palcos com o espet\u00e1culo &#8220;\u00c9s tu, Brasil?&#8221; que faz uma biografia pol\u00edtica do Brasil pelo vi\u00e9s clim\u00e1tico. Giovanna usa as redes, on-line e off-line, para amplificar a pauta socioambiental, unindo criatividade e informa\u00e7\u00e3o para inspirar mudan\u00e7as reais do cotidiano.<\/p>\n","protected":false},"excerpt":{"rendered":"<p>O podcast \u201cO Tempo Virou\u201d, criado e apresentado por Giovanna Nader, atriz e apresentadora que \u00e9 refer\u00eancia nacional nos debates sobre mudan\u00e7as clim\u00e1ticas e justi\u00e7a ambiental, estreia em formato ao [&hellip;]<\/p>\n","protected":false},"author":2,"featured_media":1370,"template":"","meta":{"_tribe_events_status":"","_tribe_events_status_reason":"","footnotes":""},"tags":[20,54,19],"tribe_events_cat":[18],"class_list":["post-1367","tribe_events","type-tribe_events","status-publish","has-post-thumbnail","hentry","tag-ccbb","tag-forum","tag-livre","tribe_events_cat-talks","cat_talks"],"_links":{"self":[{"href":"https:\/\/viradasustentavel.org.br\/rio-de-janeiro\/wp-json\/wp\/v2\/tribe_events\/1367","targetHints":{"allow":["GET"]}}],"collection":[{"href":"https:\/\/viradasustentavel.org.br\/rio-de-janeiro\/wp-json\/wp\/v2\/tribe_events"}],"about":[{"href":"https:\/\/viradasustentavel.org.br\/rio-de-janeiro\/wp-json\/wp\/v2\/types\/tribe_events"}],"author":[{"embeddable":true,"href":"https:\/\/viradasustentavel.org.br\/rio-de-janeiro\/wp-json\/wp\/v2\/users\/2"}],"version-history":[{"count":2,"href":"https:\/\/viradasustentavel.org.br\/rio-de-janeiro\/wp-json\/wp\/v2\/tribe_events\/1367\/revisions"}],"predecessor-version":[{"id":1600,"href":"https:\/\/viradasustentavel.org.br\/rio-de-janeiro\/wp-json\/wp\/v2\/tribe_events\/1367\/revisions\/1600"}],"wp:featuredmedia":[{"embeddable":true,"href":"https:\/\/viradasustentavel.org.br\/rio-de-janeiro\/wp-json\/wp\/v2\/media\/1370"}],"wp:attachment":[{"href":"https:\/\/viradasustentavel.org.br\/rio-de-janeiro\/wp-json\/wp\/v2\/media?parent=1367"}],"wp:term":[{"taxonomy":"post_tag","embeddable":true,"href":"https:\/\/viradasustentavel.org.br\/rio-de-janeiro\/wp-json\/wp\/v2\/tags?post=1367"},{"taxonomy":"tribe_events_cat","embeddable":true,"href":"https:\/\/viradasustentavel.org.br\/rio-de-janeiro\/wp-json\/wp\/v2\/tribe_events_cat?post=1367"}],"curies":[{"name":"wp","href":"https:\/\/api.w.org\/{rel}","templated":true}]}}

&#8220;O Tempo Virou – Rumo à COP30&#8221;: a década decisiva: a urgência do agora, com Carlos Nobre

<p>O podcast “O Tempo Virou”, criado e apresentado por Giovanna Nader, atriz e apresentadora que é referência nacional nos debates sobre mudanças climáticas e justiça ambiental, estreia em formato ao vivo no Rio de Janeiro. Entre os dias 16 e 19 de outubro, às 15h, o programa realiza quatro encontros no Espaço Conceito do Banco do Brasil – RJ, dentro da programação da Virada Sustentável, reunindo nomes de peso, como o cientista climático Carlos Nobre, o ativista social João Paulo Rodrigues, a jovem ativista Marcele Oliveira entre outros.</p>
<p>Com mais de setenta episódios no ar e 280 mil reproduções, “O Tempo Virou” já recebeu nomes de destaque da ciência, da política, do ambientalismo e da cultura, consolidando-se como o principal podcast brasileiro sobre mudanças climáticas. Agora, inspirado pela COP30, que será realizada em Belém do Pará, em 2025, o programa promove sua primeira experiência presencial, aberta ao público, e aposta no diálogo entre ciência, ativismo, arte e ancestralidade para estimular a conscientização ambiental e imaginar futuros mais justos e sustentáveis.</p>
<p><strong>Giovanna Nader e Carlos Nobre</strong></p>
<p><strong>Carlos Nobre</strong> é um dos mais renomados climatologistas do país e um dos cientistas brasileiros mais conhecidos mundialmente. Com graduação em Engenharia Eletrônica pelo ITA, em 1974, e doutorado em Meteorologia pelo MIT, em janeiro de 1983. Foi pesquisador do Inpa e INPE. Foi conselheiro científico do Panel on Global Sustainability da ONU. É membro da Academia Brasileira de Ciências, Academia Global de Ciências e membro estrangeiro da Academia de Ciências dos EUA e Royal Society da Grã-Bretanha, e primeiro brasileiro nomeado como Planetary Guardian. Participou de vários relatórios do Painel Intergovernamental de Mudanças Climáticas (IPCC), inclusive do Quarto Relatório de Avaliação do IPCC, agraciado com o Prêmio Nobel da Paz (2007). Recebeu vários prêmios nacionais e internacionais. É atualmente professor do Instituto de Estudos Avançados da Universidade de São Paulo (USP) e o copresidente do Painel Científico para a Amazônia (SPA) (www.theamazonwewant.org), que produziu a mais rigorosa avaliação científica para a Amazônia e apontou caminhos para um futuro sustentável. É também o proponente do Projeto Amazônia 4.0 (www.amazonia4.org), que busca demonstrar a viabilidade de uma nova bioeconomia de floresta em pé e rios fluindo para a Amazônia, incorporando conhecimento científico e inovações tecnológicas com conhecimentos de povos indígenas e comunidades locais, inclusive com a criação de um avançado Instituto de Tecnologia da Amazônia.</p>
<p><strong>O Tempo Virou – Giovanna Nader</strong> é atriz, apresentadora, escritora e comunicadora socioambiental. Criadora de &#8220;O Tempo Virou&#8221;, uma plataforma de novas narrativas sobre o clima com eventos, espetáculos teatrais, documentários e dois podcasts: &#8220;O Tempo Virou&#8221; com entrevistas sobre conscientização ecológica e &#8220;O Veneno Mora ao Lado&#8221;, sobre a incidência dos agrotóxicos no país. Em 2021, publicou o livro Com que roupa?, pela Editora Paralela e, em 2024, volta aos palcos com o espetáculo &#8220;És tu, Brasil?&#8221; que faz uma biografia política do Brasil pelo viés climático. Giovanna usa as redes, on-line e off-line, para amplificar a pauta socioambiental, unindo criatividade e informação para inspirar mudanças reais do cotidiano.</p>

<p>O podcast “O Tempo Virou”, criado e apresentado por Giovanna Nader, atriz e apresentadora que é referência nacional nos debates sobre mudanças climáticas e justiça ambiental, estreia em formato ao [&hellip;]</p>
