{"id":1368,"date":"2025-10-14T17:52:08","date_gmt":"2025-10-14T20:52:08","guid":{"rendered":"https:\/\/viradasustentavel.org.br\/rio-de-janeiro\/eventos\/mulheres-que-transformam-economia-e-empreendedorismo-sustentavel-3\/"},"modified":"2025-10-15T18:33:20","modified_gmt":"2025-10-15T21:33:20","slug":"mulheres-que-transformam-economia-e-empreendedorismo-sustentavel-3","status":"publish","type":"tribe_events","link":"https:\/\/viradasustentavel.org.br\/rio-de-janeiro\/eventos\/mulheres-que-transformam-economia-e-empreendedorismo-sustentavel-3\/","title":{"rendered":"Mulheres que Transformam: economia e empreendedorismo sustent\u00e1vel"},"content":{"rendered":"<p>Encerramos a Virada visibilizando o protagonismo feminino na vanguarda da economia sustent\u00e1vel, do empreendedorismo de impacto e abordagens criativas para a informa\u00e7\u00e3o socioambiental. Reunimos mulheres l\u00edderes de projetos transformadores para uma conversa que destacar\u00e1 a inova\u00e7\u00e3o social e a lideran\u00e7a feminina como modelos de neg\u00f3cios que aliam gera\u00e7\u00e3o de renda, inclus\u00e3o social e respeito ao meio ambiente. Tudo para inspirar novas formas de produ\u00e7\u00e3o e consumo.<\/p>\n<p><strong>Media\u00e7\u00e3o:<\/strong> Monique Silva<\/p>\n<p><strong>Participantes:<\/strong><\/p>\n<p><strong>Regina Tchelly<\/strong> \u2013 Favela Org\u00e2nica<\/p>\n<p><strong>Thais Le\u00e3o<\/strong> \u2013 Designer de sistemas, programas e pol\u00edticas p\u00fablicas| gabinete Thais Ferreira<\/p>\n<p><strong>C\u00e9lia Domingues<\/strong> \u2013 Presidente da Associa\u00e7\u00e3o de Mulheres Empreendedora do Brasil\/Amebras<\/p>\n<p>&nbsp;<\/p>\n<p><strong>Monique Silva<\/strong> atua na Rocinha com projetos de comunica\u00e7\u00e3o comunit\u00e1ria, economia criativa e desenvolvimento sociocultural. \u00c9 gestora institucional do Fala Ro\u00e7a e integra a equipe do PISTA \u2013 Parque de Inova\u00e7\u00e3o Social, Tecnol\u00f3gica e Ambiental, projeto da Agenda 2030 da SEA-RJ com o PNUD. Cofundadora da Trampolim Cultural, lidera iniciativas que aliam gera\u00e7\u00e3o de renda, protagonismo popular e solu\u00e7\u00f5es criativas para os desafios locais.<\/p>\n<p><strong>Regina Tchelly<\/strong> \u2013 Favela Org\u00e2nica \u2013 Projeto Favela Org\u00e2nica \u00e9 uma iniciativa pioneira que teve origem nas comunidades Babil\u00f4nia e Chap\u00e9u Mangueira, na Zona Sul da cidade do Rio de Janeiro. Surgiu em setembro de 2011, como fruto do olhar sens\u00edvel e da iniciativa de Regina Tchelly. Com os objetivos de modificar a rela\u00e7\u00e3o das pessoas com os alimentos, evitar o desperd\u00edcio, cuidar do ambiente e mostrar que \u00e9 poss\u00edvel acabar com a fome, o projeto j\u00e1 levou suas oficinas e palestras para v\u00e1rios estados do Brasil.<\/p>\n<p><strong>C\u00e9lia Domingues<\/strong> \u2013 Empreendedora social, presidente da Associa\u00e7\u00e3o de Mulheres Empreendedora do Brasil\/Amebras, com vasta experi\u00eancia em coordena\u00e7\u00e3o de projetos sociais, culturais e de qualifica\u00e7\u00e3o em t\u00e9cnicas de artes carnavalescas. Coordenou e atuou diretamente na produ\u00e7\u00e3o de grandes eventos como os ateli\u00eas de figurinos. Vice-presidente da Academia Brasileira de Artes Carnavalescas; Presidente do Conselho de Comunidades da Associa\u00e7\u00e3o Comercial do RJ. Diretora de Projetos da Mangueira do Amanh\u00e3; Embaixadora do Turismo do Estado do Rio de Janeiro.<\/p>\n<p><strong>Thais Le\u00e3o<\/strong> \u2013 Designer de sistemas, programas e pol\u00edticas p\u00fablicas orientadas ao bem viver, o desenvolvimento sem produ\u00e7\u00e3o de preju\u00edzos e a distribui\u00e7\u00e3o equitativa e suficiente do cuidado entre fam\u00edlias, comunidades, empresas e o governo.<\/p>\n","protected":false},"excerpt":{"rendered":"<p>Encerramos a Virada visibilizando o protagonismo feminino na vanguarda da economia sustent\u00e1vel, do empreendedorismo de impacto e abordagens criativas para a informa\u00e7\u00e3o socioambiental. Reunimos mulheres l\u00edderes de projetos transformadores para [&hellip;]<\/p>\n","protected":false},"author":2,"featured_media":1590,"template":"","meta":{"_tribe_events_status":"","_tribe_events_status_reason":"","footnotes":""},"tags":[20,54,19],"tribe_events_cat":[18],"class_list":["post-1368","tribe_events","type-tribe_events","status-publish","has-post-thumbnail","hentry","tag-ccbb","tag-forum","tag-livre","tribe_events_cat-talks","cat_talks"],"_links":{"self":[{"href":"https:\/\/viradasustentavel.org.br\/rio-de-janeiro\/wp-json\/wp\/v2\/tribe_events\/1368","targetHints":{"allow":["GET"]}}],"collection":[{"href":"https:\/\/viradasustentavel.org.br\/rio-de-janeiro\/wp-json\/wp\/v2\/tribe_events"}],"about":[{"href":"https:\/\/viradasustentavel.org.br\/rio-de-janeiro\/wp-json\/wp\/v2\/types\/tribe_events"}],"author":[{"embeddable":true,"href":"https:\/\/viradasustentavel.org.br\/rio-de-janeiro\/wp-json\/wp\/v2\/users\/2"}],"version-history":[{"count":2,"href":"https:\/\/viradasustentavel.org.br\/rio-de-janeiro\/wp-json\/wp\/v2\/tribe_events\/1368\/revisions"}],"predecessor-version":[{"id":1592,"href":"https:\/\/viradasustentavel.org.br\/rio-de-janeiro\/wp-json\/wp\/v2\/tribe_events\/1368\/revisions\/1592"}],"wp:featuredmedia":[{"embeddable":true,"href":"https:\/\/viradasustentavel.org.br\/rio-de-janeiro\/wp-json\/wp\/v2\/media\/1590"}],"wp:attachment":[{"href":"https:\/\/viradasustentavel.org.br\/rio-de-janeiro\/wp-json\/wp\/v2\/media?parent=1368"}],"wp:term":[{"taxonomy":"post_tag","embeddable":true,"href":"https:\/\/viradasustentavel.org.br\/rio-de-janeiro\/wp-json\/wp\/v2\/tags?post=1368"},{"taxonomy":"tribe_events_cat","embeddable":true,"href":"https:\/\/viradasustentavel.org.br\/rio-de-janeiro\/wp-json\/wp\/v2\/tribe_events_cat?post=1368"}],"curies":[{"name":"wp","href":"https:\/\/api.w.org\/{rel}","templated":true}]}}

Mulheres que Transformam: economia e empreendedorismo sustentável

<p>Encerramos a Virada visibilizando o protagonismo feminino na vanguarda da economia sustentável, do empreendedorismo de impacto e abordagens criativas para a informação socioambiental. Reunimos mulheres líderes de projetos transformadores para uma conversa que destacará a inovação social e a liderança feminina como modelos de negócios que aliam geração de renda, inclusão social e respeito ao meio ambiente. Tudo para inspirar novas formas de produção e consumo.</p>
<p><strong>Mediação:</strong> Monique Silva</p>
<p><strong>Participantes:</strong></p>
<p><strong>Regina Tchelly</strong> – Favela Orgânica</p>
<p><strong>Thais Leão</strong> – Designer de sistemas, programas e políticas públicas| gabinete Thais Ferreira</p>
<p><strong>Célia Domingues</strong> – Presidente da Associação de Mulheres Empreendedora do Brasil/Amebras</p>
<p>&nbsp;</p>
<p><strong>Monique Silva</strong> atua na Rocinha com projetos de comunicação comunitária, economia criativa e desenvolvimento sociocultural. É gestora institucional do Fala Roça e integra a equipe do PISTA – Parque de Inovação Social, Tecnológica e Ambiental, projeto da Agenda 2030 da SEA-RJ com o PNUD. Cofundadora da Trampolim Cultural, lidera iniciativas que aliam geração de renda, protagonismo popular e soluções criativas para os desafios locais.</p>
<p><strong>Regina Tchelly</strong> – Favela Orgânica – Projeto Favela Orgânica é uma iniciativa pioneira que teve origem nas comunidades Babilônia e Chapéu Mangueira, na Zona Sul da cidade do Rio de Janeiro. Surgiu em setembro de 2011, como fruto do olhar sensível e da iniciativa de Regina Tchelly. Com os objetivos de modificar a relação das pessoas com os alimentos, evitar o desperdício, cuidar do ambiente e mostrar que é possível acabar com a fome, o projeto já levou suas oficinas e palestras para vários estados do Brasil.</p>
<p><strong>Célia Domingues</strong> – Empreendedora social, presidente da Associação de Mulheres Empreendedora do Brasil/Amebras, com vasta experiência em coordenação de projetos sociais, culturais e de qualificação em técnicas de artes carnavalescas. Coordenou e atuou diretamente na produção de grandes eventos como os ateliês de figurinos. Vice-presidente da Academia Brasileira de Artes Carnavalescas; Presidente do Conselho de Comunidades da Associação Comercial do RJ. Diretora de Projetos da Mangueira do Amanhã; Embaixadora do Turismo do Estado do Rio de Janeiro.</p>
<p><strong>Thais Leão</strong> – Designer de sistemas, programas e políticas públicas orientadas ao bem viver, o desenvolvimento sem produção de prejuízos e a distribuição equitativa e suficiente do cuidado entre famílias, comunidades, empresas e o governo.</p>

<p>Encerramos a Virada visibilizando o protagonismo feminino na vanguarda da economia sustentável, do empreendedorismo de impacto e abordagens criativas para a informação socioambiental. Reunimos mulheres líderes de projetos transformadores para [&hellip;]</p>
