{"id":1369,"date":"2025-10-14T17:52:08","date_gmt":"2025-10-14T20:52:08","guid":{"rendered":"https:\/\/viradasustentavel.org.br\/rio-de-janeiro\/eventos\/o-tempo-virou-rumo-a-cop30-justica-ambiental-para-todos-com-luana-genot-3\/"},"modified":"2025-10-15T22:51:29","modified_gmt":"2025-10-16T01:51:29","slug":"o-tempo-virou-rumo-a-cop30-justica-ambiental-para-todos-com-luana-genot-3","status":"publish","type":"tribe_events","link":"https:\/\/viradasustentavel.org.br\/rio-de-janeiro\/eventos\/o-tempo-virou-rumo-a-cop30-justica-ambiental-para-todos-com-luana-genot-3\/","title":{"rendered":"&#8220;O Tempo Virou \u2013 Rumo \u00e0 COP30&#8221;: Justi\u00e7a ambiental para todos, com Luana Gen\u00f3t"},"content":{"rendered":"<p>O podcast \u201cO Tempo Virou\u201d, criado e apresentado por Giovanna Nader, atriz e apresentadora que \u00e9 refer\u00eancia nacional nos debates sobre mudan\u00e7as clim\u00e1ticas e justi\u00e7a ambiental, estreia em formato ao vivo no Rio de Janeiro. Entre os dias 16 e 19 de outubro, \u00e0s 15h, o programa realiza quatro encontros no Espa\u00e7o Conceito do Banco do Brasil \u2013 RJ, dentro da programa\u00e7\u00e3o da Virada Sustent\u00e1vel, reunindo nomes de peso, como o cientista clim\u00e1tico Carlos Nobre, o ativista social Jo\u00e3o Paulo Rodrigues, a jovem ativista Marcele Oliveira entre outros.<\/p>\n<p>Com mais de setenta epis\u00f3dios no ar e 280 mil reprodu\u00e7\u00f5es, \u201cO Tempo Virou\u201d j\u00e1 recebeu nomes de destaque da ci\u00eancia, da pol\u00edtica, do ambientalismo e da cultura, consolidando-se como o principal podcast brasileiro sobre mudan\u00e7as clim\u00e1ticas. Agora, inspirado pela COP30, que ser\u00e1 realizada em Bel\u00e9m do Par\u00e1, em 2025, o programa promove sua primeira experi\u00eancia presencial, aberta ao p\u00fablico, e aposta no di\u00e1logo entre ci\u00eancia, ativismo, arte e ancestralidade para estimular a conscientiza\u00e7\u00e3o ambiental e imaginar futuros mais justos e sustent\u00e1veis.<\/p>\n<p><strong>Giovanna Nader e Luana Gen\u00f3t<\/strong><\/p>\n<p><strong>Luana Genot<\/strong> \u00e9 CEO, m\u00e3e, escritora, conselheira de empresas e apresentadora, reconhecida como uma das principais vozes na interse\u00e7\u00e3o entre intelig\u00eancia artificial, igualdade racial e justi\u00e7a clim\u00e1tica. Fundadora e diretora-executiva do Instituto Identidades do Brasil (ID_BR), j\u00e1 impactou mais de 700 mil pessoas em programas de inclus\u00e3o, e criou a Deb, primeira IA do mundo voltada ao letramento racial, de g\u00eanero e clim\u00e1tico. Co-idealizadora do Pr\u00eamio Sim \u00e0 Igualdade Racial, transmitido pela TV Globo, integra o Conselho da Presid\u00eancia da Rep\u00fablica e o Conselho Global da L\u2019Or\u00e9al. Reconhecida como Young Global Leader pelo F\u00f3rum Econ\u00f4mico Mundial, \u00e9 autora de tr\u00eas livros, incluindo um finalista do Pr\u00eamio Jabuti, e \u00e9 colunista do jornal O Globo. LinkedIn Top Voice, atua com coragem e estrat\u00e9gia para construir um futuro mais justo, sustent\u00e1vel e inclusivo.<\/p>\n<p><strong>O Tempo Virou \u2013 Giovanna Nader<\/strong> \u00e9 atriz, apresentadora, escritora e comunicadora socioambiental. Criadora de &#8220;O Tempo Virou&#8221;, uma plataforma de novas narrativas sobre o clima com eventos, espet\u00e1culos teatrais, document\u00e1rios e dois podcasts: &#8220;O Tempo Virou&#8221; com entrevistas sobre conscientiza\u00e7\u00e3o ecol\u00f3gica e &#8220;O Veneno Mora ao Lado&#8221;, sobre a incid\u00eancia dos agrot\u00f3xicos no pa\u00eds. Em 2021, publicou o livro Com que roupa?, pela Editora Paralela e, em 2024, volta aos palcos com o espet\u00e1culo &#8220;\u00c9s tu, Brasil?&#8221; que faz uma biografia pol\u00edtica do Brasil pelo vi\u00e9s clim\u00e1tico. Giovanna usa as redes, on-line e off-line, para amplificar a pauta socioambiental, unindo criatividade e informa\u00e7\u00e3o para inspirar mudan\u00e7as reais do cotidiano.<\/p>\n","protected":false},"excerpt":{"rendered":"<p>O podcast \u201cO Tempo Virou\u201d, criado e apresentado por Giovanna Nader, atriz e apresentadora que \u00e9 refer\u00eancia nacional nos debates sobre mudan\u00e7as clim\u00e1ticas e justi\u00e7a ambiental, estreia em formato ao [&hellip;]<\/p>\n","protected":false},"author":2,"featured_media":1371,"template":"","meta":{"_tribe_events_status":"","_tribe_events_status_reason":"","footnotes":""},"tags":[20,54,19],"tribe_events_cat":[18],"class_list":["post-1369","tribe_events","type-tribe_events","status-publish","has-post-thumbnail","hentry","tag-ccbb","tag-forum","tag-livre","tribe_events_cat-talks","cat_talks"],"_links":{"self":[{"href":"https:\/\/viradasustentavel.org.br\/rio-de-janeiro\/wp-json\/wp\/v2\/tribe_events\/1369","targetHints":{"allow":["GET"]}}],"collection":[{"href":"https:\/\/viradasustentavel.org.br\/rio-de-janeiro\/wp-json\/wp\/v2\/tribe_events"}],"about":[{"href":"https:\/\/viradasustentavel.org.br\/rio-de-janeiro\/wp-json\/wp\/v2\/types\/tribe_events"}],"author":[{"embeddable":true,"href":"https:\/\/viradasustentavel.org.br\/rio-de-janeiro\/wp-json\/wp\/v2\/users\/2"}],"version-history":[{"count":1,"href":"https:\/\/viradasustentavel.org.br\/rio-de-janeiro\/wp-json\/wp\/v2\/tribe_events\/1369\/revisions"}],"predecessor-version":[{"id":1601,"href":"https:\/\/viradasustentavel.org.br\/rio-de-janeiro\/wp-json\/wp\/v2\/tribe_events\/1369\/revisions\/1601"}],"wp:featuredmedia":[{"embeddable":true,"href":"https:\/\/viradasustentavel.org.br\/rio-de-janeiro\/wp-json\/wp\/v2\/media\/1371"}],"wp:attachment":[{"href":"https:\/\/viradasustentavel.org.br\/rio-de-janeiro\/wp-json\/wp\/v2\/media?parent=1369"}],"wp:term":[{"taxonomy":"post_tag","embeddable":true,"href":"https:\/\/viradasustentavel.org.br\/rio-de-janeiro\/wp-json\/wp\/v2\/tags?post=1369"},{"taxonomy":"tribe_events_cat","embeddable":true,"href":"https:\/\/viradasustentavel.org.br\/rio-de-janeiro\/wp-json\/wp\/v2\/tribe_events_cat?post=1369"}],"curies":[{"name":"wp","href":"https:\/\/api.w.org\/{rel}","templated":true}]}}

&#8220;O Tempo Virou – Rumo à COP30&#8221;: Justiça ambiental para todos, com Luana Genót

<p>O podcast “O Tempo Virou”, criado e apresentado por Giovanna Nader, atriz e apresentadora que é referência nacional nos debates sobre mudanças climáticas e justiça ambiental, estreia em formato ao vivo no Rio de Janeiro. Entre os dias 16 e 19 de outubro, às 15h, o programa realiza quatro encontros no Espaço Conceito do Banco do Brasil – RJ, dentro da programação da Virada Sustentável, reunindo nomes de peso, como o cientista climático Carlos Nobre, o ativista social João Paulo Rodrigues, a jovem ativista Marcele Oliveira entre outros.</p>
<p>Com mais de setenta episódios no ar e 280 mil reproduções, “O Tempo Virou” já recebeu nomes de destaque da ciência, da política, do ambientalismo e da cultura, consolidando-se como o principal podcast brasileiro sobre mudanças climáticas. Agora, inspirado pela COP30, que será realizada em Belém do Pará, em 2025, o programa promove sua primeira experiência presencial, aberta ao público, e aposta no diálogo entre ciência, ativismo, arte e ancestralidade para estimular a conscientização ambiental e imaginar futuros mais justos e sustentáveis.</p>
<p><strong>Giovanna Nader e Luana Genót</strong></p>
<p><strong>Luana Genot</strong> é CEO, mãe, escritora, conselheira de empresas e apresentadora, reconhecida como uma das principais vozes na interseção entre inteligência artificial, igualdade racial e justiça climática. Fundadora e diretora-executiva do Instituto Identidades do Brasil (ID_BR), já impactou mais de 700 mil pessoas em programas de inclusão, e criou a Deb, primeira IA do mundo voltada ao letramento racial, de gênero e climático. Co-idealizadora do Prêmio Sim à Igualdade Racial, transmitido pela TV Globo, integra o Conselho da Presidência da República e o Conselho Global da L’Oréal. Reconhecida como Young Global Leader pelo Fórum Econômico Mundial, é autora de três livros, incluindo um finalista do Prêmio Jabuti, e é colunista do jornal O Globo. LinkedIn Top Voice, atua com coragem e estratégia para construir um futuro mais justo, sustentável e inclusivo.</p>
<p><strong>O Tempo Virou – Giovanna Nader</strong> é atriz, apresentadora, escritora e comunicadora socioambiental. Criadora de &#8220;O Tempo Virou&#8221;, uma plataforma de novas narrativas sobre o clima com eventos, espetáculos teatrais, documentários e dois podcasts: &#8220;O Tempo Virou&#8221; com entrevistas sobre conscientização ecológica e &#8220;O Veneno Mora ao Lado&#8221;, sobre a incidência dos agrotóxicos no país. Em 2021, publicou o livro Com que roupa?, pela Editora Paralela e, em 2024, volta aos palcos com o espetáculo &#8220;És tu, Brasil?&#8221; que faz uma biografia política do Brasil pelo viés climático. Giovanna usa as redes, on-line e off-line, para amplificar a pauta socioambiental, unindo criatividade e informação para inspirar mudanças reais do cotidiano.</p>

<p>O podcast “O Tempo Virou”, criado e apresentado por Giovanna Nader, atriz e apresentadora que é referência nacional nos debates sobre mudanças climáticas e justiça ambiental, estreia em formato ao [&hellip;]</p>
