{"id":1375,"date":"2025-10-14T17:52:23","date_gmt":"2025-10-14T20:52:23","guid":{"rendered":"https:\/\/viradasustentavel.org.br\/rio-de-janeiro\/eventos\/virada-de-impacto-oficina-pausa-consciente-uma-pausa-estrategica-para-revisar-realinhar-e-avancar-com-mais-consciencia-no-proximo-ciclo-porque-parar-tambem-e-avancar-com-mais-cl-3\/"},"modified":"2025-10-15T23:00:47","modified_gmt":"2025-10-16T02:00:47","slug":"virada-de-impacto-oficina-pausa-consciente-uma-pausa-estrategica-para-revisar-realinhar-e-avancar-com-mais-consciencia-no-proximo-ciclo-porque-parar-tambem-e-avancar-com-mais-cl-3","status":"publish","type":"tribe_events","link":"https:\/\/viradasustentavel.org.br\/rio-de-janeiro\/eventos\/virada-de-impacto-oficina-pausa-consciente-uma-pausa-estrategica-para-revisar-realinhar-e-avancar-com-mais-consciencia-no-proximo-ciclo-porque-parar-tambem-e-avancar-com-mais-cl-3\/","title":{"rendered":"Virada de Impacto \u2013 Oficina Pausa Consciente: uma pausa estrat\u00e9gica para revisar, realinhar e avan\u00e7ar com mais consci\u00eancia no pr\u00f3ximo ciclo. Porque parar tamb\u00e9m \u00e9 avan\u00e7ar \u2013 com mais clareza, conex\u00e3o e inten\u00e7\u00e3o"},"content":{"rendered":"<p>\u2728 <strong>PARA QUEM \u00c9 ESSA OFICINA?<\/strong><br \/>\nPara mulheres que desejam revisar sua trajet\u00f3ria, realinhar suas escolhas e avan\u00e7ar com mais presen\u00e7a no pr\u00f3ximo ciclo. Mulheres que sentem que a correria do dia a dia as est\u00e3o afastando do que realmente importa. Se voc\u00ea tem sentido que est\u00e1 no piloto autom\u00e1tico, sendo engolida pelas demandas do dia a dia, e nem sequer se percebe mais nesse movimento&#8230; \u00e9 com voc\u00ea que estou falando. Uma oportunidade real para um mergulho e rec\u00e1lculo de rota. Reavaliar a pr\u00f3pria trajet\u00f3ria e se reconectar com seus valores. Uma pausa com inten\u00e7\u00e3o para se escutar e se reconectar com quem voc\u00ea \u00e9 e com o que deseja.<\/p>\n<p>\ud83d\udcab <strong>O QUE VOC\u00ca VAI VIVENCIAR?<\/strong><br \/>\nUm espa\u00e7o seguro de escuta, acolhimento e troca genu\u00edna.<br \/>\nReflex\u00f5es guiadas sobre os aprendizados e os desafios do ano.<br \/>\nPr\u00e1ticas de autoconhecimento e uso de ferramentas integrativas.<br \/>\nTrocas em grupo que ampliam perspectivas e geram novas possibilidades.<br \/>\nUm reencontro com sua for\u00e7a interior e sua inten\u00e7\u00e3o para o segundo semestre.<\/p>\n<p><strong>IMPACT HUB<\/strong><\/p>\n<p>A &#8220;Virada de Impacto&#8221; \u00e9 a materializa\u00e7\u00e3o da nossa vis\u00e3o de um futuro mais justo e sustent\u00e1vel, constru\u00eddo atrav\u00e9s da colabora\u00e7\u00e3o. Para isso, o Impact Hub Rio fez uma curadoria dos parceiros que compartilham o compromisso de transforma\u00e7\u00e3o para oferecermos um evento imersivo e din\u00e2mico. Alinhado \u00e0 ess\u00eancia da Virada Sustent\u00e1vel, nossa programa\u00e7\u00e3o ser\u00e1 um hub de conhecimento, inspira\u00e7\u00e3o e a\u00e7\u00e3o.<\/p>\n<p><strong>Cl\u00e1udia Almeida<\/strong> \u00e9 casada com Sylvio e m\u00e3e do Matheus e Leonardo, seus amores. Ama estudar sobre autoconhecimento e tudo que ajude a se transformar em um ser humano melhor. Durante 21 anos construiu sua carreira em RH na Petrobras Distribuidora. Como consultora, atuou em diversos processos desde coordena\u00e7\u00e3o de est\u00e1gios, cultura, desenvolvimento de l\u00edderes e sucess\u00e3o. Apaixonada por desenvolvimento humano, em 2020, fez a transi\u00e7\u00e3o de carreira e hoje atua como consultora, mentora de carreira e facilitadora de autoconhecimento. Sua miss\u00e3o \u00e9 impulsionar mulheres em jornadas de transforma\u00e7\u00e3o pessoal e profissional, contribuindo para a constru\u00e7\u00e3o de um posicionamento aut\u00eantico e resgate do poder pessoal. Graduada em ADM, mas a sede por conhecer sobre o ser humano a fez buscar outras forma\u00e7\u00f5es. P\u00f3s-graduada em Gest\u00e3o de Pessoas e Psicologia Positiva, especialista em Eneagrama, lideran\u00e7a feminina e trainer em PNL. Volunt\u00e1ria em programas de mentoria para mulheres no IVG, Alumna e na Sociedade Brasileira de Eneagrama.&#8221;<\/p>\n","protected":false},"excerpt":{"rendered":"<p>\u2728 PARA QUEM \u00c9 ESSA OFICINA? Para mulheres que desejam revisar sua trajet\u00f3ria, realinhar suas escolhas e avan\u00e7ar com mais presen\u00e7a no pr\u00f3ximo ciclo. Mulheres que sentem que a correria [&hellip;]<\/p>\n","protected":false},"author":2,"featured_media":1376,"template":"","meta":{"_tribe_events_status":"","_tribe_events_status_reason":"","footnotes":""},"tags":[50,54,19],"tribe_events_cat":[22],"class_list":["post-1375","tribe_events","type-tribe_events","status-publish","has-post-thumbnail","hentry","tag-casa-clima","tag-forum","tag-livre","tribe_events_cat-palestra","cat_palestra"],"_links":{"self":[{"href":"https:\/\/viradasustentavel.org.br\/rio-de-janeiro\/wp-json\/wp\/v2\/tribe_events\/1375","targetHints":{"allow":["GET"]}}],"collection":[{"href":"https:\/\/viradasustentavel.org.br\/rio-de-janeiro\/wp-json\/wp\/v2\/tribe_events"}],"about":[{"href":"https:\/\/viradasustentavel.org.br\/rio-de-janeiro\/wp-json\/wp\/v2\/types\/tribe_events"}],"author":[{"embeddable":true,"href":"https:\/\/viradasustentavel.org.br\/rio-de-janeiro\/wp-json\/wp\/v2\/users\/2"}],"version-history":[{"count":2,"href":"https:\/\/viradasustentavel.org.br\/rio-de-janeiro\/wp-json\/wp\/v2\/tribe_events\/1375\/revisions"}],"predecessor-version":[{"id":1606,"href":"https:\/\/viradasustentavel.org.br\/rio-de-janeiro\/wp-json\/wp\/v2\/tribe_events\/1375\/revisions\/1606"}],"wp:featuredmedia":[{"embeddable":true,"href":"https:\/\/viradasustentavel.org.br\/rio-de-janeiro\/wp-json\/wp\/v2\/media\/1376"}],"wp:attachment":[{"href":"https:\/\/viradasustentavel.org.br\/rio-de-janeiro\/wp-json\/wp\/v2\/media?parent=1375"}],"wp:term":[{"taxonomy":"post_tag","embeddable":true,"href":"https:\/\/viradasustentavel.org.br\/rio-de-janeiro\/wp-json\/wp\/v2\/tags?post=1375"},{"taxonomy":"tribe_events_cat","embeddable":true,"href":"https:\/\/viradasustentavel.org.br\/rio-de-janeiro\/wp-json\/wp\/v2\/tribe_events_cat?post=1375"}],"curies":[{"name":"wp","href":"https:\/\/api.w.org\/{rel}","templated":true}]}}

Virada de Impacto – Oficina Pausa Consciente: uma pausa estratégica para revisar, realinhar e avançar com mais consciência no próximo ciclo. Porque parar também é avançar – com mais clareza, conexão e intenção

<p>✨ <strong>PARA QUEM É ESSA OFICINA?</strong><br />
Para mulheres que desejam revisar sua trajetória, realinhar suas escolhas e avançar com mais presença no próximo ciclo. Mulheres que sentem que a correria do dia a dia as estão afastando do que realmente importa. Se você tem sentido que está no piloto automático, sendo engolida pelas demandas do dia a dia, e nem sequer se percebe mais nesse movimento&#8230; é com você que estou falando. Uma oportunidade real para um mergulho e recálculo de rota. Reavaliar a própria trajetória e se reconectar com seus valores. Uma pausa com intenção para se escutar e se reconectar com quem você é e com o que deseja.</p>
<p>💫 <strong>O QUE VOCÊ VAI VIVENCIAR?</strong><br />
Um espaço seguro de escuta, acolhimento e troca genuína.<br />
Reflexões guiadas sobre os aprendizados e os desafios do ano.<br />
Práticas de autoconhecimento e uso de ferramentas integrativas.<br />
Trocas em grupo que ampliam perspectivas e geram novas possibilidades.<br />
Um reencontro com sua força interior e sua intenção para o segundo semestre.</p>
<p><strong>IMPACT HUB</strong></p>
<p>A &#8220;Virada de Impacto&#8221; é a materialização da nossa visão de um futuro mais justo e sustentável, construído através da colaboração. Para isso, o Impact Hub Rio fez uma curadoria dos parceiros que compartilham o compromisso de transformação para oferecermos um evento imersivo e dinâmico. Alinhado à essência da Virada Sustentável, nossa programação será um hub de conhecimento, inspiração e ação.</p>
<p><strong>Cláudia Almeida</strong> é casada com Sylvio e mãe do Matheus e Leonardo, seus amores. Ama estudar sobre autoconhecimento e tudo que ajude a se transformar em um ser humano melhor. Durante 21 anos construiu sua carreira em RH na Petrobras Distribuidora. Como consultora, atuou em diversos processos desde coordenação de estágios, cultura, desenvolvimento de líderes e sucessão. Apaixonada por desenvolvimento humano, em 2020, fez a transição de carreira e hoje atua como consultora, mentora de carreira e facilitadora de autoconhecimento. Sua missão é impulsionar mulheres em jornadas de transformação pessoal e profissional, contribuindo para a construção de um posicionamento autêntico e resgate do poder pessoal. Graduada em ADM, mas a sede por conhecer sobre o ser humano a fez buscar outras formações. Pós-graduada em Gestão de Pessoas e Psicologia Positiva, especialista em Eneagrama, liderança feminina e trainer em PNL. Voluntária em programas de mentoria para mulheres no IVG, Alumna e na Sociedade Brasileira de Eneagrama.&#8221;</p>

<p>✨ PARA QUEM É ESSA OFICINA? Para mulheres que desejam revisar sua trajetória, realinhar suas escolhas e avançar com mais presença no próximo ciclo. Mulheres que sentem que a correria [&hellip;]</p>
