{"id":1385,"date":"2025-10-14T17:54:24","date_gmt":"2025-10-14T20:54:24","guid":{"rendered":"https:\/\/viradasustentavel.org.br\/rio-de-janeiro\/eventos\/virada-de-impacto-mulheres-precisamos-gozar-mais-uma-nova-forma-de-se-relacionar-com-o-tempo-3\/"},"modified":"2025-10-15T17:50:23","modified_gmt":"2025-10-15T20:50:23","slug":"virada-de-impacto-mulheres-precisamos-gozar-mais-uma-nova-forma-de-se-relacionar-com-o-tempo-3","status":"publish","type":"tribe_events","link":"https:\/\/viradasustentavel.org.br\/rio-de-janeiro\/eventos\/virada-de-impacto-mulheres-precisamos-gozar-mais-uma-nova-forma-de-se-relacionar-com-o-tempo-3\/","title":{"rendered":"VIRADA DE IMPACTO \u2013 \u201cMulheres, precisamos gozar mais!\u201d \u2013 Uma nova forma de se relacionar com o tempo"},"content":{"rendered":"<p>Entre demandas que nos atravessam, uma lista de tarefas que parecem n\u00e3o ter fim, trocando de assunto a todo momento e reagindo ao que aparece, \u00e9 quase imposs\u00edvel gozar. Desfrutar da pr\u00f3pria vida, das tuas conquistas e realiza\u00e7\u00f5es at\u00e9 aqui. \u00c9 menos sobre gerir o tempo e mais sobre fazer uma boa gest\u00e3o de si: do seu foco, energia e criatividade no dia a dia. Nessa roda de conversa, temperada por insights, dados e ferramentas, vamos colocar no centro o bom uso do tempo: mapear onde estamos alocando esse recurso finito que hoje parece t\u00e3o escasso, organizar os pensamentos, clarear prioridades e alocar nossos recursos renov\u00e1veis com mais estrat\u00e9gia e significado. Ao final, cada mulher sai com um mapa de retorno para si, trazendo clareza sobre onde investir, quando pausar e como abrir espa\u00e7o para o deleite e prazer. Um convite \u00e0 todas as mulheres, especialmente aquelas que lideram um time ou um neg\u00f3cio criativo.<\/p>\n<p>&nbsp;<\/p>\n<p><strong>IMPACT HUB<\/strong><\/p>\n<p>A &#8220;Virada de Impacto&#8221; \u00e9 a materializa\u00e7\u00e3o da nossa vis\u00e3o de um futuro mais justo e sustent\u00e1vel, constru\u00eddo atrav\u00e9s da colabora\u00e7\u00e3o. Para isso, o Impact Hub Rio fez uma curadoria dos parceiros que compartilham o compromisso de transforma\u00e7\u00e3o para oferecermos um evento imersivo e din\u00e2mico. Alinhado \u00e0 ess\u00eancia da Virada Sustent\u00e1vel, nossa programa\u00e7\u00e3o ser\u00e1 um hub de conhecimento, inspira\u00e7\u00e3o e a\u00e7\u00e3o.<\/p>\n<p>La\u00eds Monteiro \u00e9 carioca, pesquisadora da nossa rela\u00e7\u00e3o com o tempo e atleta amadora do mar. Formada em Design pela UFRJ e facilitadora certificada pelo Dragon Dreaming Institute, dedica-se a criar sistemas de gest\u00e3o pessoal que integram a produtividade com o bem viver, especialmente para mulheres l\u00edderes e empreendedoras criativas. Ao longo dos \u00faltimos dez anos, j\u00e1 acompanhou mais de duzentas mulheres em processos individuais, e impactou mais de mil pessoas por meio de aulas, mentorias, treinamentos e palestras. Acredita que planejar a pr\u00f3pria vida e poder gozar dela \u00e9 um ato de resist\u00eancia e revolu\u00e7\u00e3o feminina.<\/p>\n","protected":false},"excerpt":{"rendered":"<p>Entre demandas que nos atravessam, uma lista de tarefas que parecem n\u00e3o ter fim, trocando de assunto a todo momento e reagindo ao que aparece, \u00e9 quase imposs\u00edvel gozar. Desfrutar [&hellip;]<\/p>\n","protected":false},"author":2,"featured_media":1386,"template":"","meta":{"_tribe_events_status":"","_tribe_events_status_reason":"","footnotes":""},"tags":[50,54,19],"tribe_events_cat":[18],"class_list":["post-1385","tribe_events","type-tribe_events","status-publish","has-post-thumbnail","hentry","tag-casa-clima","tag-forum","tag-livre","tribe_events_cat-talks","cat_talks"],"_links":{"self":[{"href":"https:\/\/viradasustentavel.org.br\/rio-de-janeiro\/wp-json\/wp\/v2\/tribe_events\/1385","targetHints":{"allow":["GET"]}}],"collection":[{"href":"https:\/\/viradasustentavel.org.br\/rio-de-janeiro\/wp-json\/wp\/v2\/tribe_events"}],"about":[{"href":"https:\/\/viradasustentavel.org.br\/rio-de-janeiro\/wp-json\/wp\/v2\/types\/tribe_events"}],"author":[{"embeddable":true,"href":"https:\/\/viradasustentavel.org.br\/rio-de-janeiro\/wp-json\/wp\/v2\/users\/2"}],"version-history":[{"count":1,"href":"https:\/\/viradasustentavel.org.br\/rio-de-janeiro\/wp-json\/wp\/v2\/tribe_events\/1385\/revisions"}],"predecessor-version":[{"id":1571,"href":"https:\/\/viradasustentavel.org.br\/rio-de-janeiro\/wp-json\/wp\/v2\/tribe_events\/1385\/revisions\/1571"}],"wp:featuredmedia":[{"embeddable":true,"href":"https:\/\/viradasustentavel.org.br\/rio-de-janeiro\/wp-json\/wp\/v2\/media\/1386"}],"wp:attachment":[{"href":"https:\/\/viradasustentavel.org.br\/rio-de-janeiro\/wp-json\/wp\/v2\/media?parent=1385"}],"wp:term":[{"taxonomy":"post_tag","embeddable":true,"href":"https:\/\/viradasustentavel.org.br\/rio-de-janeiro\/wp-json\/wp\/v2\/tags?post=1385"},{"taxonomy":"tribe_events_cat","embeddable":true,"href":"https:\/\/viradasustentavel.org.br\/rio-de-janeiro\/wp-json\/wp\/v2\/tribe_events_cat?post=1385"}],"curies":[{"name":"wp","href":"https:\/\/api.w.org\/{rel}","templated":true}]}}

<p>Entre demandas que nos atravessam, uma lista de tarefas que parecem não ter fim, trocando de assunto a todo momento e reagindo ao que aparece, é quase impossível gozar. Desfrutar da própria vida, das tuas conquistas e realizações até aqui. É menos sobre gerir o tempo e mais sobre fazer uma boa gestão de si: do seu foco, energia e criatividade no dia a dia. Nessa roda de conversa, temperada por insights, dados e ferramentas, vamos colocar no centro o bom uso do tempo: mapear onde estamos alocando esse recurso finito que hoje parece tão escasso, organizar os pensamentos, clarear prioridades e alocar nossos recursos renováveis com mais estratégia e significado. Ao final, cada mulher sai com um mapa de retorno para si, trazendo clareza sobre onde investir, quando pausar e como abrir espaço para o deleite e prazer. Um convite à todas as mulheres, especialmente aquelas que lideram um time ou um negócio criativo.</p>
<p>&nbsp;</p>
<p><strong>IMPACT HUB</strong></p>
<p>A &#8220;Virada de Impacto&#8221; é a materialização da nossa visão de um futuro mais justo e sustentável, construído através da colaboração. Para isso, o Impact Hub Rio fez uma curadoria dos parceiros que compartilham o compromisso de transformação para oferecermos um evento imersivo e dinâmico. Alinhado à essência da Virada Sustentável, nossa programação será um hub de conhecimento, inspiração e ação.</p>
<p>Laís Monteiro é carioca, pesquisadora da nossa relação com o tempo e atleta amadora do mar. Formada em Design pela UFRJ e facilitadora certificada pelo Dragon Dreaming Institute, dedica-se a criar sistemas de gestão pessoal que integram a produtividade com o bem viver, especialmente para mulheres líderes e empreendedoras criativas. Ao longo dos últimos dez anos, já acompanhou mais de duzentas mulheres em processos individuais, e impactou mais de mil pessoas por meio de aulas, mentorias, treinamentos e palestras. Acredita que planejar a própria vida e poder gozar dela é um ato de resistência e revolução feminina.</p>

<p>Entre demandas que nos atravessam, uma lista de tarefas que parecem não ter fim, trocando de assunto a todo momento e reagindo ao que aparece, é quase impossível gozar. Desfrutar [&hellip;]</p>
