{"id":1689,"date":"2025-10-16T20:05:19","date_gmt":"2025-10-16T23:05:19","guid":{"rendered":"https:\/\/viradasustentavel.org.br\/rio-de-janeiro\/?post_type=tribe_events&#038;p=1689"},"modified":"2025-10-16T20:06:00","modified_gmt":"2025-10-16T23:06:00","slug":"khenpo-samdup-rinpoche-a-arte-de-estar-presente-em-um-mundo-em-transformacao","status":"publish","type":"tribe_events","link":"https:\/\/viradasustentavel.org.br\/rio-de-janeiro\/eventos\/khenpo-samdup-rinpoche-a-arte-de-estar-presente-em-um-mundo-em-transformacao\/","title":{"rendered":"KHENPO SAMDUP RINPOCHE: A Arte de Estar Presente em um Mundo em Transforma\u00e7\u00e3o"},"content":{"rendered":"<p>Um convite de Khenpo Samdup Rinpoche para cultivar consci\u00eancia, equil\u00edbrio e compaix\u00e3o em meio \u00e0s transforma\u00e7\u00f5es do nosso tempo.<\/p>\n<p><strong>KHENPO SAMDUP RINPOCHE<\/strong><br \/>\nRenomado mestre do budismo tibetano, com anos de experi\u00eancia na transmiss\u00e3o dos ensinamentos e na orienta\u00e7\u00e3o de praticantes ao redor do mundo. Seu conhecimento profundo e sua abordagem acess\u00edvel inspiram pessoas a encontrarem clareza, compaix\u00e3o e sabedoria em suas vidas.<\/p>\n<p><strong>Instagram:<\/strong> <a href=\"https:\/\/www.instagram.com\/khenposamduprinpoche\" target=\"_blank\" rel=\"noopener\">https:\/\/www.instagram.com\/khenposamduprinpoche<\/a><\/p>\n<p><strong>Site:<\/strong> <a href=\"https:\/\/gardrolma.org\/khenpo-samdup-spiritual-director\/\">https:\/\/gardrolma.org\/khenpo-samdup-spiritual-director\/<\/a><\/p>\n","protected":false},"excerpt":{"rendered":"<p>Um convite de Khenpo Samdup Rinpoche para cultivar consci\u00eancia, equil\u00edbrio e compaix\u00e3o em meio \u00e0s transforma\u00e7\u00f5es do nosso tempo. KHENPO SAMDUP RINPOCHE Renomado mestre do budismo tibetano, com anos de [&hellip;]<\/p>\n","protected":false},"author":2,"featured_media":1690,"template":"","meta":{"_tribe_events_status":"","_tribe_events_status_reason":"","footnotes":""},"tags":[19,48],"tribe_events_cat":[22],"class_list":["post-1689","tribe_events","type-tribe_events","status-publish","has-post-thumbnail","hentry","tag-livre","tag-parque-garota-de-ipanema","tribe_events_cat-palestra","cat_palestra"],"_links":{"self":[{"href":"https:\/\/viradasustentavel.org.br\/rio-de-janeiro\/wp-json\/wp\/v2\/tribe_events\/1689","targetHints":{"allow":["GET"]}}],"collection":[{"href":"https:\/\/viradasustentavel.org.br\/rio-de-janeiro\/wp-json\/wp\/v2\/tribe_events"}],"about":[{"href":"https:\/\/viradasustentavel.org.br\/rio-de-janeiro\/wp-json\/wp\/v2\/types\/tribe_events"}],"author":[{"embeddable":true,"href":"https:\/\/viradasustentavel.org.br\/rio-de-janeiro\/wp-json\/wp\/v2\/users\/2"}],"version-history":[{"count":1,"href":"https:\/\/viradasustentavel.org.br\/rio-de-janeiro\/wp-json\/wp\/v2\/tribe_events\/1689\/revisions"}],"predecessor-version":[{"id":1691,"href":"https:\/\/viradasustentavel.org.br\/rio-de-janeiro\/wp-json\/wp\/v2\/tribe_events\/1689\/revisions\/1691"}],"wp:featuredmedia":[{"embeddable":true,"href":"https:\/\/viradasustentavel.org.br\/rio-de-janeiro\/wp-json\/wp\/v2\/media\/1690"}],"wp:attachment":[{"href":"https:\/\/viradasustentavel.org.br\/rio-de-janeiro\/wp-json\/wp\/v2\/media?parent=1689"}],"wp:term":[{"taxonomy":"post_tag","embeddable":true,"href":"https:\/\/viradasustentavel.org.br\/rio-de-janeiro\/wp-json\/wp\/v2\/tags?post=1689"},{"taxonomy":"tribe_events_cat","embeddable":true,"href":"https:\/\/viradasustentavel.org.br\/rio-de-janeiro\/wp-json\/wp\/v2\/tribe_events_cat?post=1689"}],"curies":[{"name":"wp","href":"https:\/\/api.w.org\/{rel}","templated":true}]}}

KHENPO SAMDUP RINPOCHE: A Arte de Estar Presente em um Mundo em Transformação

<p>Um convite de Khenpo Samdup Rinpoche para cultivar consciência, equilíbrio e compaixão em meio às transformações do nosso tempo.</p>
<p><strong>KHENPO SAMDUP RINPOCHE</strong><br />
Renomado mestre do budismo tibetano, com anos de experiência na transmissão dos ensinamentos e na orientação de praticantes ao redor do mundo. Seu conhecimento profundo e sua abordagem acessível inspiram pessoas a encontrarem clareza, compaixão e sabedoria em suas vidas.</p>
<p><strong>Instagram:</strong> <a href="https://www.instagram.com/khenposamduprinpoche" target="_blank" rel="noopener">https://www.instagram.com/khenposamduprinpoche</a></p>
<p><strong>Site:</strong> <a href="https://gardrolma.org/khenpo-samdup-spiritual-director/">https://gardrolma.org/khenpo-samdup-spiritual-director/</a></p>

<p>Um convite de Khenpo Samdup Rinpoche para cultivar consciência, equilíbrio e compaixão em meio às transformações do nosso tempo. KHENPO SAMDUP RINPOCHE Renomado mestre do budismo tibetano, com anos de [&hellip;]</p>
