{"id":200,"date":"2025-05-24T11:50:34","date_gmt":"2025-05-24T14:50:34","guid":{"rendered":"https:\/\/viradasustentavel.org.br\/rondonopolis\/eventos\/apresentacao-cultural-de-quadrilha-da-junina-barnabe\/"},"modified":"2025-05-27T15:16:35","modified_gmt":"2025-05-27T18:16:35","slug":"apresentacao-cultural-de-quadrilha-da-junina-barnabe","status":"publish","type":"tribe_events","link":"https:\/\/viradasustentavel.org.br\/rondonopolis\/eventos\/apresentacao-cultural-de-quadrilha-da-junina-barnabe\/","title":{"rendered":"Apresenta\u00e7\u00e3o Cultural de Quadrilha da Junina Barnab\u00e9"},"content":{"rendered":"<p>Nesta temporada, a Junina Barnab\u00e9 orgulhosamente apresenta o espet\u00e1culo \u201cViajante da Saudade\u201d, uma celebra\u00e7\u00e3o das tradi\u00e7\u00f5es juninas com um olhar l\u00fadico, entrela\u00e7ando mem\u00f3rias afetivas e a for\u00e7a da cultura popular. O espet\u00e1culo leva ao arrai\u00e1 uma hist\u00f3ria repleta de emo\u00e7\u00e3o, valoriza\u00e7\u00e3o da pessoa humana, afetividade e muito encantamento. Trata-se de uma mistura envolvente entre a tradicional quadrilha junina e elementos teatrais estilizados, que trazem \u00e0 cena personagens marcantes como o Casal de Noivos, Maria Bonita e Lampi\u00e3o, Dominguinhos e Luiz Gonzaga, compondo um deslumbrante arrai\u00e1 no c\u00e9u. As coreografias, de forte performance e encanto, s\u00e3o organizadas em blocos narrativos conduzidos pelo marcador, que guia o p\u00fablico pelos momentos especiais que estruturam a narrativa do espet\u00e1culo. A trilha sonora \u2014 rica e envolvente \u2014 mergulha nas express\u00f5es mais tradicionais das festas juninas, com m\u00fasicas populares, em sua maioria compostas por Dominguinhos e Luiz Gonzaga, trazendo ainda mais vida e emo\u00e7\u00e3o \u00e0 cena.<\/p>\n","protected":false},"excerpt":{"rendered":"<p>Nesta temporada, a Junina Barnab\u00e9 orgulhosamente apresenta o espet\u00e1culo \u201cViajante da Saudade\u201d, uma celebra\u00e7\u00e3o das tradi\u00e7\u00f5es juninas com um olhar l\u00fadico, entrela\u00e7ando mem\u00f3rias afetivas e a for\u00e7a da cultura popular. [&hellip;]<\/p>\n","protected":false},"author":1,"featured_media":288,"template":"","meta":{"_acf_changed":false,"_tribe_events_status":"","_tribe_events_status_reason":"","footnotes":""},"tags":[20],"tribe_events_cat":[28],"class_list":["post-200","tribe_events","type-tribe_events","status-publish","has-post-thumbnail","hentry","tag-todas-as-idades","tribe_events_cat-danca","cat_danca"],"acf":[],"_links":{"self":[{"href":"https:\/\/viradasustentavel.org.br\/rondonopolis\/wp-json\/wp\/v2\/tribe_events\/200","targetHints":{"allow":["GET"]}}],"collection":[{"href":"https:\/\/viradasustentavel.org.br\/rondonopolis\/wp-json\/wp\/v2\/tribe_events"}],"about":[{"href":"https:\/\/viradasustentavel.org.br\/rondonopolis\/wp-json\/wp\/v2\/types\/tribe_events"}],"author":[{"embeddable":true,"href":"https:\/\/viradasustentavel.org.br\/rondonopolis\/wp-json\/wp\/v2\/users\/1"}],"version-history":[{"count":2,"href":"https:\/\/viradasustentavel.org.br\/rondonopolis\/wp-json\/wp\/v2\/tribe_events\/200\/revisions"}],"predecessor-version":[{"id":370,"href":"https:\/\/viradasustentavel.org.br\/rondonopolis\/wp-json\/wp\/v2\/tribe_events\/200\/revisions\/370"}],"wp:featuredmedia":[{"embeddable":true,"href":"https:\/\/viradasustentavel.org.br\/rondonopolis\/wp-json\/wp\/v2\/media\/288"}],"wp:attachment":[{"href":"https:\/\/viradasustentavel.org.br\/rondonopolis\/wp-json\/wp\/v2\/media?parent=200"}],"wp:term":[{"taxonomy":"post_tag","embeddable":true,"href":"https:\/\/viradasustentavel.org.br\/rondonopolis\/wp-json\/wp\/v2\/tags?post=200"},{"taxonomy":"tribe_events_cat","embeddable":true,"href":"https:\/\/viradasustentavel.org.br\/rondonopolis\/wp-json\/wp\/v2\/tribe_events_cat?post=200"}],"curies":[{"name":"wp","href":"https:\/\/api.w.org\/{rel}","templated":true}]}}

Apresentação Cultural de Quadrilha da Junina Barnabé

<p>Nesta temporada, a Junina Barnabé orgulhosamente apresenta o espetáculo “Viajante da Saudade”, uma celebração das tradições juninas com um olhar lúdico, entrelaçando memórias afetivas e a força da cultura popular. O espetáculo leva ao arraiá uma história repleta de emoção, valorização da pessoa humana, afetividade e muito encantamento. Trata-se de uma mistura envolvente entre a tradicional quadrilha junina e elementos teatrais estilizados, que trazem à cena personagens marcantes como o Casal de Noivos, Maria Bonita e Lampião, Dominguinhos e Luiz Gonzaga, compondo um deslumbrante arraiá no céu. As coreografias, de forte performance e encanto, são organizadas em blocos narrativos conduzidos pelo marcador, que guia o público pelos momentos especiais que estruturam a narrativa do espetáculo. A trilha sonora — rica e envolvente — mergulha nas expressões mais tradicionais das festas juninas, com músicas populares, em sua maioria compostas por Dominguinhos e Luiz Gonzaga, trazendo ainda mais vida e emoção à cena.</p>

<p>Nesta temporada, a Junina Barnabé orgulhosamente apresenta o espetáculo “Viajante da Saudade”, uma celebração das tradições juninas com um olhar lúdico, entrelaçando memórias afetivas e a força da cultura popular. [&hellip;]</p>
