{"id":201,"date":"2025-05-24T11:50:34","date_gmt":"2025-05-24T14:50:34","guid":{"rendered":"https:\/\/viradasustentavel.org.br\/rondonopolis\/eventos\/o-show-do-grupo-chorinho-do-cerrado-banda\/"},"modified":"2025-05-27T15:16:36","modified_gmt":"2025-05-27T18:16:36","slug":"o-show-do-grupo-chorinho-do-cerrado-banda","status":"publish","type":"tribe_events","link":"https:\/\/viradasustentavel.org.br\/rondonopolis\/eventos\/o-show-do-grupo-chorinho-do-cerrado-banda\/","title":{"rendered":"O Show do grupo Chorinho do Cerrado (banda)"},"content":{"rendered":"<p>O show do grupo Chorinho do Cerrado, possui um repert\u00f3rio com os grandes<br \/>\n temas do choro brasileiro e arranjos para o grupo de instrumentos (piano, viol\u00e3o,<br \/>\n cavaquinho, percuss\u00f5es, padeiro de coro e saxofone). Um show com melodias,<br \/>\n hist\u00f3rias e sonoridades sobre o choro e seus compositores, instrumentistas e<br \/>\n sobre fazer m\u00fasica no Cerrado mato-grossense.<\/p>\n","protected":false},"excerpt":{"rendered":"<p>O show do grupo Chorinho do Cerrado, possui um repert\u00f3rio com os grandes temas do choro brasileiro e arranjos para o grupo de instrumentos (piano, viol\u00e3o, cavaquinho, percuss\u00f5es, padeiro de [&hellip;]<\/p>\n","protected":false},"author":1,"featured_media":290,"template":"","meta":{"_acf_changed":false,"_tribe_events_status":"","_tribe_events_status_reason":"","footnotes":""},"tags":[20],"tribe_events_cat":[19],"class_list":["post-201","tribe_events","type-tribe_events","status-publish","has-post-thumbnail","hentry","tag-todas-as-idades","tribe_events_cat-musica","cat_musica"],"acf":[],"_links":{"self":[{"href":"https:\/\/viradasustentavel.org.br\/rondonopolis\/wp-json\/wp\/v2\/tribe_events\/201","targetHints":{"allow":["GET"]}}],"collection":[{"href":"https:\/\/viradasustentavel.org.br\/rondonopolis\/wp-json\/wp\/v2\/tribe_events"}],"about":[{"href":"https:\/\/viradasustentavel.org.br\/rondonopolis\/wp-json\/wp\/v2\/types\/tribe_events"}],"author":[{"embeddable":true,"href":"https:\/\/viradasustentavel.org.br\/rondonopolis\/wp-json\/wp\/v2\/users\/1"}],"version-history":[{"count":2,"href":"https:\/\/viradasustentavel.org.br\/rondonopolis\/wp-json\/wp\/v2\/tribe_events\/201\/revisions"}],"predecessor-version":[{"id":371,"href":"https:\/\/viradasustentavel.org.br\/rondonopolis\/wp-json\/wp\/v2\/tribe_events\/201\/revisions\/371"}],"wp:featuredmedia":[{"embeddable":true,"href":"https:\/\/viradasustentavel.org.br\/rondonopolis\/wp-json\/wp\/v2\/media\/290"}],"wp:attachment":[{"href":"https:\/\/viradasustentavel.org.br\/rondonopolis\/wp-json\/wp\/v2\/media?parent=201"}],"wp:term":[{"taxonomy":"post_tag","embeddable":true,"href":"https:\/\/viradasustentavel.org.br\/rondonopolis\/wp-json\/wp\/v2\/tags?post=201"},{"taxonomy":"tribe_events_cat","embeddable":true,"href":"https:\/\/viradasustentavel.org.br\/rondonopolis\/wp-json\/wp\/v2\/tribe_events_cat?post=201"}],"curies":[{"name":"wp","href":"https:\/\/api.w.org\/{rel}","templated":true}]}}

<p>O show do grupo Chorinho do Cerrado, possui um repertório com os grandes<br />
 temas do choro brasileiro e arranjos para o grupo de instrumentos (piano, violão,<br />
 cavaquinho, percussões, padeiro de coro e saxofone). Um show com melodias,<br />
 histórias e sonoridades sobre o choro e seus compositores, instrumentistas e<br />
 sobre fazer música no Cerrado mato-grossense.</p>

<p>O show do grupo Chorinho do Cerrado, possui um repertório com os grandes temas do choro brasileiro e arranjos para o grupo de instrumentos (piano, violão, cavaquinho, percussões, padeiro de [&hellip;]</p>
