{"id":1939,"date":"2025-09-12T20:13:01","date_gmt":"2025-09-12T23:13:01","guid":{"rendered":"https:\/\/viradasustentavel.org.br\/sao-paulo\/eventos\/jardineiros\/"},"modified":"2025-09-15T17:40:27","modified_gmt":"2025-09-15T20:40:27","slug":"jardineiros","status":"publish","type":"tribe_events","link":"https:\/\/viradasustentavel.org.br\/sao-paulo\/eventos\/jardineiros\/","title":{"rendered":"JARDINEIROS"},"content":{"rendered":"<p>Jardineiros \u2013 Os bugios, com seus gritos potentes, tornaram-se s\u00edmbolos de uma crise ambiental. A destrui\u00e7\u00e3o de seu habitat e a desinforma\u00e7\u00e3o os transformaram em alvos injustos. Este document\u00e1rio investiga o impacto humano na esp\u00e9cie e revela uma desconex\u00e3o crescente com a natureza, questionando nossa responsabilidade na degrada\u00e7\u00e3o do meio ambiente. A produ\u00e7\u00e3o acompanha o monitoramento e a reintrodu\u00e7\u00e3o dos bugios na natureza, um trabalho essencial para restaurar seu papel ecol\u00f3gico e garantir sua sobreviv\u00eancia.<\/p>\n<p><span data-sheets-root=\"1\">Centro Cultural S\u00e3o Paulo &#8211; Sala Lima Barreto &#8211; Rua Vergueiro, 1000 \u2013 Liberdade, S\u00e3o Paulo \u2013 SP<\/span><\/p>\n","protected":false},"excerpt":{"rendered":"<p>Jardineiros \u2013 Os bugios, com seus gritos potentes, tornaram-se s\u00edmbolos de uma crise ambiental. A destrui\u00e7\u00e3o de seu habitat e a desinforma\u00e7\u00e3o os transformaram em alvos injustos. Este document\u00e1rio investiga [&hellip;]<\/p>\n","protected":false},"author":2,"featured_media":7066,"template":"","meta":{"_tribe_events_status":"","_tribe_events_status_reason":"","footnotes":""},"tags":[23],"tribe_events_cat":[17],"class_list":["post-1939","tribe_events","type-tribe_events","status-publish","has-post-thumbnail","hentry","tag-de-4-a-14-anos","tribe_events_cat-audiovisual","cat_audiovisual"],"_links":{"self":[{"href":"https:\/\/viradasustentavel.org.br\/sao-paulo\/wp-json\/wp\/v2\/tribe_events\/1939","targetHints":{"allow":["GET"]}}],"collection":[{"href":"https:\/\/viradasustentavel.org.br\/sao-paulo\/wp-json\/wp\/v2\/tribe_events"}],"about":[{"href":"https:\/\/viradasustentavel.org.br\/sao-paulo\/wp-json\/wp\/v2\/types\/tribe_events"}],"author":[{"embeddable":true,"href":"https:\/\/viradasustentavel.org.br\/sao-paulo\/wp-json\/wp\/v2\/users\/2"}],"version-history":[{"count":1,"href":"https:\/\/viradasustentavel.org.br\/sao-paulo\/wp-json\/wp\/v2\/tribe_events\/1939\/revisions"}],"predecessor-version":[{"id":7063,"href":"https:\/\/viradasustentavel.org.br\/sao-paulo\/wp-json\/wp\/v2\/tribe_events\/1939\/revisions\/7063"}],"wp:featuredmedia":[{"embeddable":true,"href":"https:\/\/viradasustentavel.org.br\/sao-paulo\/wp-json\/wp\/v2\/media\/7066"}],"wp:attachment":[{"href":"https:\/\/viradasustentavel.org.br\/sao-paulo\/wp-json\/wp\/v2\/media?parent=1939"}],"wp:term":[{"taxonomy":"post_tag","embeddable":true,"href":"https:\/\/viradasustentavel.org.br\/sao-paulo\/wp-json\/wp\/v2\/tags?post=1939"},{"taxonomy":"tribe_events_cat","embeddable":true,"href":"https:\/\/viradasustentavel.org.br\/sao-paulo\/wp-json\/wp\/v2\/tribe_events_cat?post=1939"}],"curies":[{"name":"wp","href":"https:\/\/api.w.org\/{rel}","templated":true}]}}

<p>Jardineiros – Os bugios, com seus gritos potentes, tornaram-se símbolos de uma crise ambiental. A destruição de seu habitat e a desinformação os transformaram em alvos injustos. Este documentário investiga o impacto humano na espécie e revela uma desconexão crescente com a natureza, questionando nossa responsabilidade na degradação do meio ambiente. A produção acompanha o monitoramento e a reintrodução dos bugios na natureza, um trabalho essencial para restaurar seu papel ecológico e garantir sua sobrevivência.</p>
<p><span data-sheets-root="1">Centro Cultural São Paulo &#8211; Sala Lima Barreto &#8211; Rua Vergueiro, 1000 – Liberdade, São Paulo – SP</span></p>

<p>Jardineiros – Os bugios, com seus gritos potentes, tornaram-se símbolos de uma crise ambiental. A destruição de seu habitat e a desinformação os transformaram em alvos injustos. Este documentário investiga [&hellip;]</p>
