{"id":1940,"date":"2025-09-12T20:13:01","date_gmt":"2025-09-12T23:13:01","guid":{"rendered":"https:\/\/viradasustentavel.org.br\/sao-paulo\/eventos\/mulheres-e-a-justica-climatica\/"},"modified":"2025-09-15T17:38:18","modified_gmt":"2025-09-15T20:38:18","slug":"mulheres-e-a-justica-climatica","status":"publish","type":"tribe_events","link":"https:\/\/viradasustentavel.org.br\/sao-paulo\/eventos\/mulheres-e-a-justica-climatica\/","title":{"rendered":"Mulheres e a Justi\u00e7a Clim\u00e1tica"},"content":{"rendered":"<p>A sess\u00e3o de Mulheres e a Justi\u00e7a Clim\u00e1tica come\u00e7a com uma Roda de Conversa de 30 minutos, conduzida pela diretora Linda Azuma e uma convidada especial, abordando os desafios e as solu\u00e7\u00f5es para promover justi\u00e7a clim\u00e1tica a partir do protagonismo feminino. O bate-papo prop\u00f5e uma reflex\u00e3o sobre o papel das mulheres na luta contra as mudan\u00e7as clim\u00e1ticas, al\u00e9m de inspirar a a\u00e7\u00e3o coletiva. Em seguida, ser\u00e1 exibido o curta-metragem de 26 minutos, que amplifica vozes femininas e apresenta hist\u00f3rias reais de resist\u00eancia e transforma\u00e7\u00e3o. A atividade encerra com um breve momento final de intera\u00e7\u00e3o com o p\u00fablico, estimulando a troca de ideias e o engajamento.<\/p>\n<p>Centro Cultural S\u00e3o Paulo &#8211; Sala Lima Barreto &#8211; Rua Vergueiro, 1000 \u2013 Liberdade, S\u00e3o Paulo \u2013 SP<\/p>\n","protected":false},"excerpt":{"rendered":"<p>A sess\u00e3o de Mulheres e a Justi\u00e7a Clim\u00e1tica come\u00e7a com uma Roda de Conversa de 30 minutos, conduzida pela diretora Linda Azuma e uma convidada especial, abordando os desafios e [&hellip;]<\/p>\n","protected":false},"author":2,"featured_media":3824,"template":"","meta":{"_tribe_events_status":"","_tribe_events_status_reason":"","footnotes":""},"tags":[106],"tribe_events_cat":[17],"class_list":["post-1940","tribe_events","type-tribe_events","status-publish","has-post-thumbnail","hentry","tag-legenda-descritiva","tribe_events_cat-audiovisual","cat_audiovisual"],"_links":{"self":[{"href":"https:\/\/viradasustentavel.org.br\/sao-paulo\/wp-json\/wp\/v2\/tribe_events\/1940","targetHints":{"allow":["GET"]}}],"collection":[{"href":"https:\/\/viradasustentavel.org.br\/sao-paulo\/wp-json\/wp\/v2\/tribe_events"}],"about":[{"href":"https:\/\/viradasustentavel.org.br\/sao-paulo\/wp-json\/wp\/v2\/types\/tribe_events"}],"author":[{"embeddable":true,"href":"https:\/\/viradasustentavel.org.br\/sao-paulo\/wp-json\/wp\/v2\/users\/2"}],"version-history":[{"count":2,"href":"https:\/\/viradasustentavel.org.br\/sao-paulo\/wp-json\/wp\/v2\/tribe_events\/1940\/revisions"}],"predecessor-version":[{"id":7061,"href":"https:\/\/viradasustentavel.org.br\/sao-paulo\/wp-json\/wp\/v2\/tribe_events\/1940\/revisions\/7061"}],"wp:featuredmedia":[{"embeddable":true,"href":"https:\/\/viradasustentavel.org.br\/sao-paulo\/wp-json\/wp\/v2\/media\/3824"}],"wp:attachment":[{"href":"https:\/\/viradasustentavel.org.br\/sao-paulo\/wp-json\/wp\/v2\/media?parent=1940"}],"wp:term":[{"taxonomy":"post_tag","embeddable":true,"href":"https:\/\/viradasustentavel.org.br\/sao-paulo\/wp-json\/wp\/v2\/tags?post=1940"},{"taxonomy":"tribe_events_cat","embeddable":true,"href":"https:\/\/viradasustentavel.org.br\/sao-paulo\/wp-json\/wp\/v2\/tribe_events_cat?post=1940"}],"curies":[{"name":"wp","href":"https:\/\/api.w.org\/{rel}","templated":true}]}}

Mulheres e a Justiça Climática

<p>A sessão de Mulheres e a Justiça Climática começa com uma Roda de Conversa de 30 minutos, conduzida pela diretora Linda Azuma e uma convidada especial, abordando os desafios e as soluções para promover justiça climática a partir do protagonismo feminino. O bate-papo propõe uma reflexão sobre o papel das mulheres na luta contra as mudanças climáticas, além de inspirar a ação coletiva. Em seguida, será exibido o curta-metragem de 26 minutos, que amplifica vozes femininas e apresenta histórias reais de resistência e transformação. A atividade encerra com um breve momento final de interação com o público, estimulando a troca de ideias e o engajamento.</p>
<p>Centro Cultural São Paulo &#8211; Sala Lima Barreto &#8211; Rua Vergueiro, 1000 – Liberdade, São Paulo – SP</p>

<p>A sessão de Mulheres e a Justiça Climática começa com uma Roda de Conversa de 30 minutos, conduzida pela diretora Linda Azuma e uma convidada especial, abordando os desafios e [&hellip;]</p>
