{"id":1941,"date":"2025-09-12T20:13:02","date_gmt":"2025-09-12T23:13:02","guid":{"rendered":"https:\/\/viradasustentavel.org.br\/sao-paulo\/eventos\/a-flor-global\/"},"modified":"2025-09-15T17:37:01","modified_gmt":"2025-09-15T20:37:01","slug":"a-flor-global","status":"publish","type":"tribe_events","link":"https:\/\/viradasustentavel.org.br\/sao-paulo\/eventos\/a-flor-global\/","title":{"rendered":"A Flor Global"},"content":{"rendered":"<p>Ser\u00e1 exibido o longa-metragem A Flor Global (73 minutos), que investiga os desafios globais contempor\u00e2neos, destacando duas iniciativas principais: o G20 Social Brasil \u2013 2024, que explora a participa\u00e7\u00e3o ativa da sociedade civil nas pol\u00edticas p\u00fablicas do G20 no Brasil, e as iniciativas art\u00edsticas e culturais no Morro da Penha, ilustrando como a arte pode impulsionar o desenvolvimento social. Filmado em Bras\u00edlia, S\u00e3o Paulo, Rio de Janeiro e Niter\u00f3i, o document\u00e1rio visa despertar uma consci\u00eancia coletiva e inspirar a\u00e7\u00f5es concretas, mostrando que solu\u00e7\u00f5es locais e globais podem colaborar harmoniosamente para construir um mundo mais equitativo e sustent\u00e1vel.<\/p>\n<p>Centro Cultural S\u00e3o Paulo &#8211; <span data-sheets-root=\"1\">Sala Lima Barreto &#8211; Rua Vergueiro, 1000 \u2013 Liberdade, S\u00e3o Paulo \u2013 SP<\/span><\/p>\n","protected":false},"excerpt":{"rendered":"<p>Ser\u00e1 exibido o longa-metragem A Flor Global (73 minutos), que investiga os desafios globais contempor\u00e2neos, destacando duas iniciativas principais: o G20 Social Brasil \u2013 2024, que explora a participa\u00e7\u00e3o ativa [&hellip;]<\/p>\n","protected":false},"author":2,"featured_media":3827,"template":"","meta":{"_tribe_events_status":"","_tribe_events_status_reason":"","footnotes":""},"tags":[106],"tribe_events_cat":[17],"class_list":["post-1941","tribe_events","type-tribe_events","status-publish","has-post-thumbnail","hentry","tag-legenda-descritiva","tribe_events_cat-audiovisual","cat_audiovisual"],"_links":{"self":[{"href":"https:\/\/viradasustentavel.org.br\/sao-paulo\/wp-json\/wp\/v2\/tribe_events\/1941","targetHints":{"allow":["GET"]}}],"collection":[{"href":"https:\/\/viradasustentavel.org.br\/sao-paulo\/wp-json\/wp\/v2\/tribe_events"}],"about":[{"href":"https:\/\/viradasustentavel.org.br\/sao-paulo\/wp-json\/wp\/v2\/types\/tribe_events"}],"author":[{"embeddable":true,"href":"https:\/\/viradasustentavel.org.br\/sao-paulo\/wp-json\/wp\/v2\/users\/2"}],"version-history":[{"count":3,"href":"https:\/\/viradasustentavel.org.br\/sao-paulo\/wp-json\/wp\/v2\/tribe_events\/1941\/revisions"}],"predecessor-version":[{"id":7060,"href":"https:\/\/viradasustentavel.org.br\/sao-paulo\/wp-json\/wp\/v2\/tribe_events\/1941\/revisions\/7060"}],"wp:featuredmedia":[{"embeddable":true,"href":"https:\/\/viradasustentavel.org.br\/sao-paulo\/wp-json\/wp\/v2\/media\/3827"}],"wp:attachment":[{"href":"https:\/\/viradasustentavel.org.br\/sao-paulo\/wp-json\/wp\/v2\/media?parent=1941"}],"wp:term":[{"taxonomy":"post_tag","embeddable":true,"href":"https:\/\/viradasustentavel.org.br\/sao-paulo\/wp-json\/wp\/v2\/tags?post=1941"},{"taxonomy":"tribe_events_cat","embeddable":true,"href":"https:\/\/viradasustentavel.org.br\/sao-paulo\/wp-json\/wp\/v2\/tribe_events_cat?post=1941"}],"curies":[{"name":"wp","href":"https:\/\/api.w.org\/{rel}","templated":true}]}}

<p>Será exibido o longa-metragem A Flor Global (73 minutos), que investiga os desafios globais contemporâneos, destacando duas iniciativas principais: o G20 Social Brasil – 2024, que explora a participação ativa da sociedade civil nas políticas públicas do G20 no Brasil, e as iniciativas artísticas e culturais no Morro da Penha, ilustrando como a arte pode impulsionar o desenvolvimento social. Filmado em Brasília, São Paulo, Rio de Janeiro e Niterói, o documentário visa despertar uma consciência coletiva e inspirar ações concretas, mostrando que soluções locais e globais podem colaborar harmoniosamente para construir um mundo mais equitativo e sustentável.</p>
<p>Centro Cultural São Paulo &#8211; <span data-sheets-root="1">Sala Lima Barreto &#8211; Rua Vergueiro, 1000 – Liberdade, São Paulo – SP</span></p>

<p>Será exibido o longa-metragem A Flor Global (73 minutos), que investiga os desafios globais contemporâneos, destacando duas iniciativas principais: o G20 Social Brasil – 2024, que explora a participação ativa [&hellip;]</p>
