{"id":1942,"date":"2025-09-12T20:13:03","date_gmt":"2025-09-12T23:13:03","guid":{"rendered":"https:\/\/viradasustentavel.org.br\/sao-paulo\/eventos\/dj-gabi-pensanuvem\/"},"modified":"2025-09-15T17:44:56","modified_gmt":"2025-09-15T20:44:56","slug":"dj-gabi-pensanuvem","status":"publish","type":"tribe_events","link":"https:\/\/viradasustentavel.org.br\/sao-paulo\/eventos\/dj-gabi-pensanuvem\/","title":{"rendered":"DJ Gabi Pensanuvem"},"content":{"rendered":"<p>Pesquisadora-feiticeira, a dj paulistana discoteca desde 2009 e \u00e9 a criadora, produtora e DJ residente de algumas festas em S\u00e3o Paulo.<br \/>\nAtualmente responde pela Macumbia, que surgiu em 2011 e homenageia diversos estilos da m\u00fasica caribe\u00f1a; pela Desliza com a dj Mary G, Que Matinho \u00e9 esse? com a dj Carol Selecta e participa da coletiva Cesta com as djs D\u00e9 Schuw, Ceci Tunes e Discolada!<br \/>\nNa sele\u00e7\u00e3o em vinil tem psicodelias e malemol\u00eancias em cumbias, funks, reggaes y outras ondas.<\/p>\n","protected":false},"excerpt":{"rendered":"<p>Pesquisadora-feiticeira, a dj paulistana discoteca desde 2009 e \u00e9 a criadora, produtora e DJ residente de algumas festas em S\u00e3o Paulo. Atualmente responde pela Macumbia, que surgiu em 2011 e [&hellip;]<\/p>\n","protected":false},"author":2,"featured_media":7070,"template":"","meta":{"_tribe_events_status":"","_tribe_events_status_reason":"","footnotes":""},"tags":[23],"tribe_events_cat":[16],"class_list":["post-1942","tribe_events","type-tribe_events","status-publish","has-post-thumbnail","hentry","tag-de-4-a-14-anos","tribe_events_cat-musica","cat_musica"],"_links":{"self":[{"href":"https:\/\/viradasustentavel.org.br\/sao-paulo\/wp-json\/wp\/v2\/tribe_events\/1942","targetHints":{"allow":["GET"]}}],"collection":[{"href":"https:\/\/viradasustentavel.org.br\/sao-paulo\/wp-json\/wp\/v2\/tribe_events"}],"about":[{"href":"https:\/\/viradasustentavel.org.br\/sao-paulo\/wp-json\/wp\/v2\/types\/tribe_events"}],"author":[{"embeddable":true,"href":"https:\/\/viradasustentavel.org.br\/sao-paulo\/wp-json\/wp\/v2\/users\/2"}],"version-history":[{"count":1,"href":"https:\/\/viradasustentavel.org.br\/sao-paulo\/wp-json\/wp\/v2\/tribe_events\/1942\/revisions"}],"predecessor-version":[{"id":7071,"href":"https:\/\/viradasustentavel.org.br\/sao-paulo\/wp-json\/wp\/v2\/tribe_events\/1942\/revisions\/7071"}],"wp:featuredmedia":[{"embeddable":true,"href":"https:\/\/viradasustentavel.org.br\/sao-paulo\/wp-json\/wp\/v2\/media\/7070"}],"wp:attachment":[{"href":"https:\/\/viradasustentavel.org.br\/sao-paulo\/wp-json\/wp\/v2\/media?parent=1942"}],"wp:term":[{"taxonomy":"post_tag","embeddable":true,"href":"https:\/\/viradasustentavel.org.br\/sao-paulo\/wp-json\/wp\/v2\/tags?post=1942"},{"taxonomy":"tribe_events_cat","embeddable":true,"href":"https:\/\/viradasustentavel.org.br\/sao-paulo\/wp-json\/wp\/v2\/tribe_events_cat?post=1942"}],"curies":[{"name":"wp","href":"https:\/\/api.w.org\/{rel}","templated":true}]}}

<p>Pesquisadora-feiticeira, a dj paulistana discoteca desde 2009 e é a criadora, produtora e DJ residente de algumas festas em São Paulo.<br />
Atualmente responde pela Macumbia, que surgiu em 2011 e homenageia diversos estilos da música caribeña; pela Desliza com a dj Mary G, Que Matinho é esse? com a dj Carol Selecta e participa da coletiva Cesta com as djs Dé Schuw, Ceci Tunes e Discolada!<br />
Na seleção em vinil tem psicodelias e malemolências em cumbias, funks, reggaes y outras ondas.</p>

<p>Pesquisadora-feiticeira, a dj paulistana discoteca desde 2009 e é a criadora, produtora e DJ residente de algumas festas em São Paulo. Atualmente responde pela Macumbia, que surgiu em 2011 e [&hellip;]</p>
