{"id":1943,"date":"2025-09-12T20:13:05","date_gmt":"2025-09-12T23:13:05","guid":{"rendered":"https:\/\/viradasustentavel.org.br\/sao-paulo\/eventos\/mariana-aydar\/"},"modified":"2025-09-14T16:41:54","modified_gmt":"2025-09-14T19:41:54","slug":"mariana-aydar","status":"publish","type":"tribe_events","link":"https:\/\/viradasustentavel.org.br\/sao-paulo\/eventos\/mariana-aydar\/","title":{"rendered":"Mariana Aydar"},"content":{"rendered":"<p>Um show dan\u00e7ante que percorreu muitos estados brasileiros, al\u00e9m de pa\u00edses como EUA, Su\u00ed\u00e7a, It\u00e1lia e Portugal. Forr\u00f3 da Mari surpreende pela versatilidade, mostrando que o forr\u00f3 est\u00e1 vivo, pulsante, e que consegue abarcar outras sonoridades, entretendo o p\u00fablico com alegria e profundidade.<\/p>\n","protected":false},"excerpt":{"rendered":"<p>Um show dan\u00e7ante que percorreu muitos estados brasileiros, al\u00e9m de pa\u00edses como EUA, Su\u00ed\u00e7a, It\u00e1lia e Portugal. Forr\u00f3 da Mari surpreende pela versatilidade, mostrando que o forr\u00f3 est\u00e1 vivo, pulsante, [&hellip;]<\/p>\n","protected":false},"author":2,"featured_media":3831,"template":"","meta":{"_tribe_events_status":"","_tribe_events_status_reason":"","footnotes":""},"tags":[23],"tribe_events_cat":[183,16],"class_list":["post-1943","tribe_events","type-tribe_events","status-publish","has-post-thumbnail","hentry","tag-de-4-a-14-anos","tribe_events_cat-destaque","tribe_events_cat-musica","cat_destaque","cat_musica"],"_links":{"self":[{"href":"https:\/\/viradasustentavel.org.br\/sao-paulo\/wp-json\/wp\/v2\/tribe_events\/1943","targetHints":{"allow":["GET"]}}],"collection":[{"href":"https:\/\/viradasustentavel.org.br\/sao-paulo\/wp-json\/wp\/v2\/tribe_events"}],"about":[{"href":"https:\/\/viradasustentavel.org.br\/sao-paulo\/wp-json\/wp\/v2\/types\/tribe_events"}],"author":[{"embeddable":true,"href":"https:\/\/viradasustentavel.org.br\/sao-paulo\/wp-json\/wp\/v2\/users\/2"}],"version-history":[{"count":1,"href":"https:\/\/viradasustentavel.org.br\/sao-paulo\/wp-json\/wp\/v2\/tribe_events\/1943\/revisions"}],"predecessor-version":[{"id":3832,"href":"https:\/\/viradasustentavel.org.br\/sao-paulo\/wp-json\/wp\/v2\/tribe_events\/1943\/revisions\/3832"}],"wp:featuredmedia":[{"embeddable":true,"href":"https:\/\/viradasustentavel.org.br\/sao-paulo\/wp-json\/wp\/v2\/media\/3831"}],"wp:attachment":[{"href":"https:\/\/viradasustentavel.org.br\/sao-paulo\/wp-json\/wp\/v2\/media?parent=1943"}],"wp:term":[{"taxonomy":"post_tag","embeddable":true,"href":"https:\/\/viradasustentavel.org.br\/sao-paulo\/wp-json\/wp\/v2\/tags?post=1943"},{"taxonomy":"tribe_events_cat","embeddable":true,"href":"https:\/\/viradasustentavel.org.br\/sao-paulo\/wp-json\/wp\/v2\/tribe_events_cat?post=1943"}],"curies":[{"name":"wp","href":"https:\/\/api.w.org\/{rel}","templated":true}]}}

<p>Um show dançante que percorreu muitos estados brasileiros, além de países como EUA, Suíça, Itália e Portugal. Forró da Mari surpreende pela versatilidade, mostrando que o forró está vivo, pulsante, e que consegue abarcar outras sonoridades, entretendo o público com alegria e profundidade.</p>

<p>Um show dançante que percorreu muitos estados brasileiros, além de países como EUA, Suíça, Itália e Portugal. Forró da Mari surpreende pela versatilidade, mostrando que o forró está vivo, pulsante, [&hellip;]</p>
