{"id":1945,"date":"2025-09-12T20:13:07","date_gmt":"2025-09-12T23:13:07","guid":{"rendered":"https:\/\/viradasustentavel.org.br\/sao-paulo\/eventos\/cocriando-o-futuro-regenerativo-do-ccsp-uma-oficina-para-a-virada-sustentavel-2025\/"},"modified":"2025-09-13T15:12:41","modified_gmt":"2025-09-13T18:12:41","slug":"cocriando-o-futuro-regenerativo-do-ccsp-uma-oficina-para-a-virada-sustentavel-2025","status":"publish","type":"tribe_events","link":"https:\/\/viradasustentavel.org.br\/sao-paulo\/eventos\/cocriando-o-futuro-regenerativo-do-ccsp-uma-oficina-para-a-virada-sustentavel-2025\/","title":{"rendered":"Cocriando o futuro regenerativo do CCSP: Uma Oficina para a Virada Sustent\u00e1vel 2025"},"content":{"rendered":"<p>A consultoria Primeiro Giro promove, no Centro Cultural S\u00e3o Paulo (CCSP), a oficina \u201cCocriando o Futuro Regenerativo do CCSP: uma Oficina para a Virada Sustent\u00e1vel 2025&#8243;. A atividade convida o p\u00fablico a participar de uma jornada colaborativa para imaginar e propor solu\u00e7\u00f5es que tornem o CCSP refer\u00eancia em pr\u00e1ticas circulares e regenerativas. A oficina ser\u00e1 uma jornada de transforma\u00e7\u00e3o que vai abordar a sustentabilidade de maneira sist\u00eamica, focando em cinco eixos: Terra (circularidade de materiais), \u00c1gua (circularidade da \u00e1gua), Ar (emiss\u00f5es de gases de efeito estufa), Fogo (fontes de energia renov\u00e1vel) e Alma (diversidade e inclus\u00e3o). Os participantes far\u00e3o uma caminhada investigativa pelo CCSP para despertar a sensibilidade e gerar ideias sustent\u00e1veis. Em seguida, divididos nos grupos tem\u00e1ticos, eles v\u00e3o cocriar e refinar a\u00e7\u00f5es para cada um dos eixos propostos. As a\u00e7\u00f5es cocriadas dar\u00e3o origem a uma cartilha, que servir\u00e1 como um plano a ser entregue aos gestores do CCSP e tamb\u00e9m disponibilizada \u00e0 sociedade em geral.<\/p>\n","protected":false},"excerpt":{"rendered":"<p>A consultoria Primeiro Giro promove, no Centro Cultural S\u00e3o Paulo (CCSP), a oficina \u201cCocriando o Futuro Regenerativo do CCSP: uma Oficina para a Virada Sustent\u00e1vel 2025&#8243;. A atividade convida o [&hellip;]<\/p>\n","protected":false},"author":2,"featured_media":3841,"template":"","meta":{"_tribe_events_status":"","_tribe_events_status_reason":"","footnotes":""},"tags":[23],"tribe_events_cat":[107],"class_list":["post-1945","tribe_events","type-tribe_events","status-publish","has-post-thumbnail","hentry","tag-de-4-a-14-anos","tribe_events_cat-oficina","cat_oficina"],"_links":{"self":[{"href":"https:\/\/viradasustentavel.org.br\/sao-paulo\/wp-json\/wp\/v2\/tribe_events\/1945","targetHints":{"allow":["GET"]}}],"collection":[{"href":"https:\/\/viradasustentavel.org.br\/sao-paulo\/wp-json\/wp\/v2\/tribe_events"}],"about":[{"href":"https:\/\/viradasustentavel.org.br\/sao-paulo\/wp-json\/wp\/v2\/types\/tribe_events"}],"author":[{"embeddable":true,"href":"https:\/\/viradasustentavel.org.br\/sao-paulo\/wp-json\/wp\/v2\/users\/2"}],"version-history":[{"count":1,"href":"https:\/\/viradasustentavel.org.br\/sao-paulo\/wp-json\/wp\/v2\/tribe_events\/1945\/revisions"}],"predecessor-version":[{"id":3842,"href":"https:\/\/viradasustentavel.org.br\/sao-paulo\/wp-json\/wp\/v2\/tribe_events\/1945\/revisions\/3842"}],"wp:featuredmedia":[{"embeddable":true,"href":"https:\/\/viradasustentavel.org.br\/sao-paulo\/wp-json\/wp\/v2\/media\/3841"}],"wp:attachment":[{"href":"https:\/\/viradasustentavel.org.br\/sao-paulo\/wp-json\/wp\/v2\/media?parent=1945"}],"wp:term":[{"taxonomy":"post_tag","embeddable":true,"href":"https:\/\/viradasustentavel.org.br\/sao-paulo\/wp-json\/wp\/v2\/tags?post=1945"},{"taxonomy":"tribe_events_cat","embeddable":true,"href":"https:\/\/viradasustentavel.org.br\/sao-paulo\/wp-json\/wp\/v2\/tribe_events_cat?post=1945"}],"curies":[{"name":"wp","href":"https:\/\/api.w.org\/{rel}","templated":true}]}}

Cocriando o futuro regenerativo do CCSP: Uma Oficina para a Virada Sustentável 2025

<p>A consultoria Primeiro Giro promove, no Centro Cultural São Paulo (CCSP), a oficina “Cocriando o Futuro Regenerativo do CCSP: uma Oficina para a Virada Sustentável 2025&#8243;. A atividade convida o público a participar de uma jornada colaborativa para imaginar e propor soluções que tornem o CCSP referência em práticas circulares e regenerativas. A oficina será uma jornada de transformação que vai abordar a sustentabilidade de maneira sistêmica, focando em cinco eixos: Terra (circularidade de materiais), Água (circularidade da água), Ar (emissões de gases de efeito estufa), Fogo (fontes de energia renovável) e Alma (diversidade e inclusão). Os participantes farão uma caminhada investigativa pelo CCSP para despertar a sensibilidade e gerar ideias sustentáveis. Em seguida, divididos nos grupos temáticos, eles vão cocriar e refinar ações para cada um dos eixos propostos. As ações cocriadas darão origem a uma cartilha, que servirá como um plano a ser entregue aos gestores do CCSP e também disponibilizada à sociedade em geral.</p>

<p>A consultoria Primeiro Giro promove, no Centro Cultural São Paulo (CCSP), a oficina “Cocriando o Futuro Regenerativo do CCSP: uma Oficina para a Virada Sustentável 2025&#8243;. A atividade convida o [&hellip;]</p>
