{"id":1949,"date":"2025-09-12T20:13:22","date_gmt":"2025-09-12T23:13:22","guid":{"rendered":"https:\/\/viradasustentavel.org.br\/sao-paulo\/eventos\/thiago-ramil-e-dona-conceicao\/"},"modified":"2025-09-12T20:13:22","modified_gmt":"2025-09-12T23:13:22","slug":"thiago-ramil-e-dona-conceicao","status":"publish","type":"tribe_events","link":"https:\/\/viradasustentavel.org.br\/sao-paulo\/eventos\/thiago-ramil-e-dona-conceicao\/","title":{"rendered":"Thiago Ramil e Dona Concei\u00e7\u00e3o"},"content":{"rendered":"<p>Thiago Ramil e Dona Concei\u00e7\u00e3o, dois premiados compositores<br \/>\nga\u00fachos, apresentam o repert\u00f3rio do \u00e1lbum Gosto, composto em<br \/>\nparceria pelos artistas e recentemente lan\u00e7ado nas plataformas<br \/>\ndigitais. O ensolarado e amoroso \u00e1lbum Gosto re\u00fane dez can\u00e7\u00f5es<br \/>\nin\u00e9ditas, fruto da parceria dos compositores, e vem recebendo \u00f3tima<br \/>\naceita\u00e7\u00e3o desde seu lan\u00e7amento. Com atmosferas sensuais e<br \/>\narranjos envolventes, o \u00e1lbum traz um repert\u00f3rio diverso que vai de<br \/>\npistas cremosas a um dengo aconchegante. No espet\u00e1culo Thiago<br \/>\nRamil (voz, viol\u00e3o e cavaco) e Dona Concei\u00e7\u00e3o (voz e percuss\u00f5es)<br \/>\napresentam o repert\u00f3rio desse trabalho ao lado dos m\u00fasicos Pedro<br \/>\nPetracco (bateria), Bruno Vargas (baixo), Gabriel Gorski (guitarra) e<br \/>\ntrazem as can\u00e7\u00f5es na ordem do \u00e1lbum, convidando o p\u00fablico a<br \/>\nmergulhar no conceito do trabalho e \u201cinsistir em acreditar que o amor<br \/>\n\u00e9 bem maior do horror\u201d. Faixa et\u00e1ria livre.<\/p>\n","protected":false},"excerpt":{"rendered":"<p>Thiago Ramil e Dona Concei\u00e7\u00e3o, dois premiados compositores ga\u00fachos, apresentam o repert\u00f3rio do \u00e1lbum Gosto, composto em parceria pelos artistas e recentemente lan\u00e7ado nas plataformas digitais. O ensolarado e amoroso [&hellip;]<\/p>\n","protected":false},"author":2,"featured_media":0,"template":"","meta":{"_tribe_events_status":"","_tribe_events_status_reason":"","footnotes":""},"tags":[23],"tribe_events_cat":[16],"class_list":["post-1949","tribe_events","type-tribe_events","status-publish","hentry","tag-de-4-a-14-anos","tribe_events_cat-musica","cat_musica"],"_links":{"self":[{"href":"https:\/\/viradasustentavel.org.br\/sao-paulo\/wp-json\/wp\/v2\/tribe_events\/1949","targetHints":{"allow":["GET"]}}],"collection":[{"href":"https:\/\/viradasustentavel.org.br\/sao-paulo\/wp-json\/wp\/v2\/tribe_events"}],"about":[{"href":"https:\/\/viradasustentavel.org.br\/sao-paulo\/wp-json\/wp\/v2\/types\/tribe_events"}],"author":[{"embeddable":true,"href":"https:\/\/viradasustentavel.org.br\/sao-paulo\/wp-json\/wp\/v2\/users\/2"}],"version-history":[{"count":0,"href":"https:\/\/viradasustentavel.org.br\/sao-paulo\/wp-json\/wp\/v2\/tribe_events\/1949\/revisions"}],"wp:attachment":[{"href":"https:\/\/viradasustentavel.org.br\/sao-paulo\/wp-json\/wp\/v2\/media?parent=1949"}],"wp:term":[{"taxonomy":"post_tag","embeddable":true,"href":"https:\/\/viradasustentavel.org.br\/sao-paulo\/wp-json\/wp\/v2\/tags?post=1949"},{"taxonomy":"tribe_events_cat","embeddable":true,"href":"https:\/\/viradasustentavel.org.br\/sao-paulo\/wp-json\/wp\/v2\/tribe_events_cat?post=1949"}],"curies":[{"name":"wp","href":"https:\/\/api.w.org\/{rel}","templated":true}]}}

Thiago Ramil e Dona Conceição

<p>Thiago Ramil e Dona Conceição, dois premiados compositores<br />
gaúchos, apresentam o repertório do álbum Gosto, composto em<br />
parceria pelos artistas e recentemente lançado nas plataformas<br />
digitais. O ensolarado e amoroso álbum Gosto reúne dez canções<br />
inéditas, fruto da parceria dos compositores, e vem recebendo ótima<br />
aceitação desde seu lançamento. Com atmosferas sensuais e<br />
arranjos envolventes, o álbum traz um repertório diverso que vai de<br />
pistas cremosas a um dengo aconchegante. No espetáculo Thiago<br />
Ramil (voz, violão e cavaco) e Dona Conceição (voz e percussões)<br />
apresentam o repertório desse trabalho ao lado dos músicos Pedro<br />
Petracco (bateria), Bruno Vargas (baixo), Gabriel Gorski (guitarra) e<br />
trazem as canções na ordem do álbum, convidando o público a<br />
mergulhar no conceito do trabalho e “insistir em acreditar que o amor<br />
é bem maior do horror”. Faixa etária livre.</p>

<p>Thiago Ramil e Dona Conceição, dois premiados compositores gaúchos, apresentam o repertório do álbum Gosto, composto em parceria pelos artistas e recentemente lançado nas plataformas digitais. O ensolarado e amoroso [&hellip;]</p>
