{"id":1950,"date":"2025-09-12T20:13:22","date_gmt":"2025-09-12T23:13:22","guid":{"rendered":"https:\/\/viradasustentavel.org.br\/sao-paulo\/eventos\/oficina-leitura-dobras-e-afetos-historias-que-plantam-semente\/"},"modified":"2025-09-12T20:13:22","modified_gmt":"2025-09-12T23:13:22","slug":"oficina-leitura-dobras-e-afetos-historias-que-plantam-semente","status":"publish","type":"tribe_events","link":"https:\/\/viradasustentavel.org.br\/sao-paulo\/eventos\/oficina-leitura-dobras-e-afetos-historias-que-plantam-semente\/","title":{"rendered":"Oficina \u2013 Leitura, Dobras e Afetos \u2013 hist\u00f3rias que plantam semente"},"content":{"rendered":"<p>Oficina: Leitura, Dobras e Afetos \u2013 hist\u00f3rias que plantam sementes<br \/>\nJ\u00e1 pensou em transformar uma hist\u00f3ria em uma dobra de papel?<br \/>\nNesta oficina, vamos ver livros infantojuvenis que falam sobre meio ambiente e sustentabilidade e, depois, dobrar origamis que nos ajudam a guardar essas hist\u00f3rias nas m\u00e3os e no cora\u00e7\u00e3o. Uma proposta sens\u00edvel e criativa, voltada para crian\u00e7as e fam\u00edlias, onde a leitura se transforma em gesto, e o papel ganha nova vida. Com uma trajet\u00f3ria de participa\u00e7\u00e3o na Virada Sustent\u00e1vel desde 2013, esta atividade chega pela primeira vez ao evento unindo palavra, afeto e consci\u00eancia ambiental para todas as idades. Traga sua escuta, suas m\u00e3os e sua imagina\u00e7\u00e3o.<\/p>\n","protected":false},"excerpt":{"rendered":"<p>Oficina: Leitura, Dobras e Afetos \u2013 hist\u00f3rias que plantam sementes J\u00e1 pensou em transformar uma hist\u00f3ria em uma dobra de papel? Nesta oficina, vamos ver livros infantojuvenis que falam sobre [&hellip;]<\/p>\n","protected":false},"author":2,"featured_media":0,"template":"","meta":{"_tribe_events_status":"","_tribe_events_status_reason":"","footnotes":""},"tags":[23],"tribe_events_cat":[110],"class_list":["post-1950","tribe_events","type-tribe_events","status-publish","hentry","tag-de-4-a-14-anos","tribe_events_cat-contacao-de-historia","cat_contacao-de-historia"],"_links":{"self":[{"href":"https:\/\/viradasustentavel.org.br\/sao-paulo\/wp-json\/wp\/v2\/tribe_events\/1950","targetHints":{"allow":["GET"]}}],"collection":[{"href":"https:\/\/viradasustentavel.org.br\/sao-paulo\/wp-json\/wp\/v2\/tribe_events"}],"about":[{"href":"https:\/\/viradasustentavel.org.br\/sao-paulo\/wp-json\/wp\/v2\/types\/tribe_events"}],"author":[{"embeddable":true,"href":"https:\/\/viradasustentavel.org.br\/sao-paulo\/wp-json\/wp\/v2\/users\/2"}],"version-history":[{"count":0,"href":"https:\/\/viradasustentavel.org.br\/sao-paulo\/wp-json\/wp\/v2\/tribe_events\/1950\/revisions"}],"wp:attachment":[{"href":"https:\/\/viradasustentavel.org.br\/sao-paulo\/wp-json\/wp\/v2\/media?parent=1950"}],"wp:term":[{"taxonomy":"post_tag","embeddable":true,"href":"https:\/\/viradasustentavel.org.br\/sao-paulo\/wp-json\/wp\/v2\/tags?post=1950"},{"taxonomy":"tribe_events_cat","embeddable":true,"href":"https:\/\/viradasustentavel.org.br\/sao-paulo\/wp-json\/wp\/v2\/tribe_events_cat?post=1950"}],"curies":[{"name":"wp","href":"https:\/\/api.w.org\/{rel}","templated":true}]}}

Oficina – Leitura, Dobras e Afetos – histórias que plantam semente

<p>Oficina: Leitura, Dobras e Afetos – histórias que plantam sementes<br />
Já pensou em transformar uma história em uma dobra de papel?<br />
Nesta oficina, vamos ver livros infantojuvenis que falam sobre meio ambiente e sustentabilidade e, depois, dobrar origamis que nos ajudam a guardar essas histórias nas mãos e no coração. Uma proposta sensível e criativa, voltada para crianças e famílias, onde a leitura se transforma em gesto, e o papel ganha nova vida. Com uma trajetória de participação na Virada Sustentável desde 2013, esta atividade chega pela primeira vez ao evento unindo palavra, afeto e consciência ambiental para todas as idades. Traga sua escuta, suas mãos e sua imaginação.</p>

<p>Oficina: Leitura, Dobras e Afetos – histórias que plantam sementes Já pensou em transformar uma história em uma dobra de papel? Nesta oficina, vamos ver livros infantojuvenis que falam sobre [&hellip;]</p>
