{"id":1951,"date":"2025-09-12T20:13:24","date_gmt":"2025-09-12T23:13:24","guid":{"rendered":"https:\/\/viradasustentavel.org.br\/sao-paulo\/eventos\/pulsa-e-fala-coracao-praticas-do-conhecimento-maya-tolteca-e-do-chi-kung-alquimia-interna-taoista\/"},"modified":"2025-09-15T17:27:41","modified_gmt":"2025-09-15T20:27:41","slug":"pulsa-e-fala-coracao-praticas-do-conhecimento-maya-tolteca-e-do-chi-kung-alquimia-interna-taoista","status":"publish","type":"tribe_events","link":"https:\/\/viradasustentavel.org.br\/sao-paulo\/eventos\/pulsa-e-fala-coracao-praticas-do-conhecimento-maya-tolteca-e-do-chi-kung-alquimia-interna-taoista\/","title":{"rendered":"Pulsa e Fala Cora\u00e7\u00e3o \u2013 Pr\u00e1ticas do Conhecimento Maya\/Tolteca e do Chi Kung\/Alquimia Interna Tao\u00edsta"},"content":{"rendered":"<p>Tao do Nagual e Fala Sampa s\u00e3o parceiros h\u00e1 mais de dez anos, e juntos, j\u00e1 fizeram diversos eventos, inclusive, participaram de diversas edi\u00e7\u00f5es da Virada Sustent\u00e1vel e Virada Zen.<\/p>\n<p>Tao est\u00e1 no grupo que, h\u00e1 quinze anos, se dedica a pesquisa e pr\u00e1tica de antigas tradi\u00e7\u00f5es do conhecimento Maya\/Tolteca e da Alquimia Interna Tao\u00edsta, buscando sua uni\u00e3o a ci\u00eancia moderna, promovendo a sa\u00fade e o desenvolvimento integral do ser humano. Fala Sampa, \u00e9 um evento-espa\u00e7o de express\u00e3o, reflex\u00e3o, di\u00e1logo, troca e escuta, onde cada cidad\u00e3o compartilha, participa e interage num ambiente onde somos todos um!<\/p>\n","protected":false},"excerpt":{"rendered":"<p>Tao do Nagual e Fala Sampa s\u00e3o parceiros h\u00e1 mais de dez anos, e juntos, j\u00e1 fizeram diversos eventos, inclusive, participaram de diversas edi\u00e7\u00f5es da Virada Sustent\u00e1vel e Virada Zen. [&hellip;]<\/p>\n","protected":false},"author":2,"featured_media":0,"template":"","meta":{"_tribe_events_status":"","_tribe_events_status_reason":"","footnotes":""},"tags":[28],"tribe_events_cat":[107],"class_list":["post-1951","tribe_events","type-tribe_events","status-publish","hentry","tag-livre","tribe_events_cat-oficina","cat_oficina"],"_links":{"self":[{"href":"https:\/\/viradasustentavel.org.br\/sao-paulo\/wp-json\/wp\/v2\/tribe_events\/1951","targetHints":{"allow":["GET"]}}],"collection":[{"href":"https:\/\/viradasustentavel.org.br\/sao-paulo\/wp-json\/wp\/v2\/tribe_events"}],"about":[{"href":"https:\/\/viradasustentavel.org.br\/sao-paulo\/wp-json\/wp\/v2\/types\/tribe_events"}],"author":[{"embeddable":true,"href":"https:\/\/viradasustentavel.org.br\/sao-paulo\/wp-json\/wp\/v2\/users\/2"}],"version-history":[{"count":3,"href":"https:\/\/viradasustentavel.org.br\/sao-paulo\/wp-json\/wp\/v2\/tribe_events\/1951\/revisions"}],"predecessor-version":[{"id":7051,"href":"https:\/\/viradasustentavel.org.br\/sao-paulo\/wp-json\/wp\/v2\/tribe_events\/1951\/revisions\/7051"}],"wp:attachment":[{"href":"https:\/\/viradasustentavel.org.br\/sao-paulo\/wp-json\/wp\/v2\/media?parent=1951"}],"wp:term":[{"taxonomy":"post_tag","embeddable":true,"href":"https:\/\/viradasustentavel.org.br\/sao-paulo\/wp-json\/wp\/v2\/tags?post=1951"},{"taxonomy":"tribe_events_cat","embeddable":true,"href":"https:\/\/viradasustentavel.org.br\/sao-paulo\/wp-json\/wp\/v2\/tribe_events_cat?post=1951"}],"curies":[{"name":"wp","href":"https:\/\/api.w.org\/{rel}","templated":true}]}}

Pulsa e Fala Coração – Práticas do Conhecimento Maya/Tolteca e do Chi Kung/Alquimia Interna Taoísta

<p>Tao do Nagual e Fala Sampa são parceiros há mais de dez anos, e juntos, já fizeram diversos eventos, inclusive, participaram de diversas edições da Virada Sustentável e Virada Zen.</p>
<p>Tao está no grupo que, há quinze anos, se dedica a pesquisa e prática de antigas tradições do conhecimento Maya/Tolteca e da Alquimia Interna Taoísta, buscando sua união a ciência moderna, promovendo a saúde e o desenvolvimento integral do ser humano. Fala Sampa, é um evento-espaço de expressão, reflexão, diálogo, troca e escuta, onde cada cidadão compartilha, participa e interage num ambiente onde somos todos um!</p>

<p>Tao do Nagual e Fala Sampa são parceiros há mais de dez anos, e juntos, já fizeram diversos eventos, inclusive, participaram de diversas edições da Virada Sustentável e Virada Zen. [&hellip;]</p>
