{"id":1952,"date":"2025-09-12T20:13:25","date_gmt":"2025-09-12T23:13:25","guid":{"rendered":"https:\/\/viradasustentavel.org.br\/sao-paulo\/eventos\/pedalada-ambiental\/"},"modified":"2025-09-12T20:13:25","modified_gmt":"2025-09-12T23:13:25","slug":"pedalada-ambiental","status":"publish","type":"tribe_events","link":"https:\/\/viradasustentavel.org.br\/sao-paulo\/eventos\/pedalada-ambiental\/","title":{"rendered":"Pedalada Ambiental"},"content":{"rendered":"<p>Fa\u00e7a compostagem com a gente e leve seu adubo pra casa!<br \/>\nCom a primeira bike-composteira do Brasil, voc\u00ea e seus filhos pedalam, se divertem e compostam ao mesmo tempo, al\u00e9m de destinar corretamente os res\u00edduos org\u00e2nicos gerados no pr\u00f3prio evento. Cada pedalada conta para transformar restos de alimentos em adubo natural!<br \/>\nQuem pedalar leva pra casa uma amostra de adubo produzido pela pr\u00f3pria bicicleta-composteira!<\/p>\n","protected":false},"excerpt":{"rendered":"<p>Fa\u00e7a compostagem com a gente e leve seu adubo pra casa! Com a primeira bike-composteira do Brasil, voc\u00ea e seus filhos pedalam, se divertem e compostam ao mesmo tempo, al\u00e9m [&hellip;]<\/p>\n","protected":false},"author":2,"featured_media":0,"template":"","meta":{"_tribe_events_status":"","_tribe_events_status_reason":"","footnotes":""},"tags":[23],"tribe_events_cat":[109],"class_list":["post-1952","tribe_events","type-tribe_events","status-publish","hentry","tag-de-4-a-14-anos","tribe_events_cat-intervencao","cat_intervencao"],"_links":{"self":[{"href":"https:\/\/viradasustentavel.org.br\/sao-paulo\/wp-json\/wp\/v2\/tribe_events\/1952","targetHints":{"allow":["GET"]}}],"collection":[{"href":"https:\/\/viradasustentavel.org.br\/sao-paulo\/wp-json\/wp\/v2\/tribe_events"}],"about":[{"href":"https:\/\/viradasustentavel.org.br\/sao-paulo\/wp-json\/wp\/v2\/types\/tribe_events"}],"author":[{"embeddable":true,"href":"https:\/\/viradasustentavel.org.br\/sao-paulo\/wp-json\/wp\/v2\/users\/2"}],"version-history":[{"count":0,"href":"https:\/\/viradasustentavel.org.br\/sao-paulo\/wp-json\/wp\/v2\/tribe_events\/1952\/revisions"}],"wp:attachment":[{"href":"https:\/\/viradasustentavel.org.br\/sao-paulo\/wp-json\/wp\/v2\/media?parent=1952"}],"wp:term":[{"taxonomy":"post_tag","embeddable":true,"href":"https:\/\/viradasustentavel.org.br\/sao-paulo\/wp-json\/wp\/v2\/tags?post=1952"},{"taxonomy":"tribe_events_cat","embeddable":true,"href":"https:\/\/viradasustentavel.org.br\/sao-paulo\/wp-json\/wp\/v2\/tribe_events_cat?post=1952"}],"curies":[{"name":"wp","href":"https:\/\/api.w.org\/{rel}","templated":true}]}}

<p>Faça compostagem com a gente e leve seu adubo pra casa!<br />
Com a primeira bike-composteira do Brasil, você e seus filhos pedalam, se divertem e compostam ao mesmo tempo, além de destinar corretamente os resíduos orgânicos gerados no próprio evento. Cada pedalada conta para transformar restos de alimentos em adubo natural!<br />
Quem pedalar leva pra casa uma amostra de adubo produzido pela própria bicicleta-composteira!</p>

<p>Faça compostagem com a gente e leve seu adubo pra casa! Com a primeira bike-composteira do Brasil, você e seus filhos pedalam, se divertem e compostam ao mesmo tempo, além [&hellip;]</p>
