{"id":1956,"date":"2025-09-12T20:15:25","date_gmt":"2025-09-12T23:15:25","guid":{"rendered":"https:\/\/viradasustentavel.org.br\/sao-paulo\/eventos\/reciclando-arte-lixomania\/"},"modified":"2025-09-12T20:15:25","modified_gmt":"2025-09-12T23:15:25","slug":"reciclando-arte-lixomania","status":"publish","type":"tribe_events","link":"https:\/\/viradasustentavel.org.br\/sao-paulo\/eventos\/reciclando-arte-lixomania\/","title":{"rendered":"Reciclando Arte \u2013 Lixomania"},"content":{"rendered":"<p>Com exposi\u00e7\u00f5es como \u201cLixomania: De Santo Andr\u00e9 para o Mundo\u201d e \u201c35 anos de Lixomania\u201d, o artista celebra n\u00e3o s\u00f3 sua trajet\u00f3ria, mas tamb\u00e9m a pot\u00eancia do grafite e da picha\u00e7\u00e3o como ferramentas de mem\u00f3ria, pertencimento e transforma\u00e7\u00e3o social. Sua arte continua influenciando gera\u00e7\u00f5es e reafirmando o valor simb\u00f3lico e pol\u00edtico das ruas como espa\u00e7o leg\u00edtimo de cria\u00e7\u00e3o.<\/p>\n","protected":false},"excerpt":{"rendered":"<p>Com exposi\u00e7\u00f5es como \u201cLixomania: De Santo Andr\u00e9 para o Mundo\u201d e \u201c35 anos de Lixomania\u201d, o artista celebra n\u00e3o s\u00f3 sua trajet\u00f3ria, mas tamb\u00e9m a pot\u00eancia do grafite e da [&hellip;]<\/p>\n","protected":false},"author":2,"featured_media":0,"template":"","meta":{"_tribe_events_status":"","_tribe_events_status_reason":"","footnotes":""},"tags":[23],"tribe_events_cat":[111],"class_list":["post-1956","tribe_events","type-tribe_events","status-publish","hentry","tag-de-4-a-14-anos","tribe_events_cat-instalacao","cat_instalacao"],"_links":{"self":[{"href":"https:\/\/viradasustentavel.org.br\/sao-paulo\/wp-json\/wp\/v2\/tribe_events\/1956","targetHints":{"allow":["GET"]}}],"collection":[{"href":"https:\/\/viradasustentavel.org.br\/sao-paulo\/wp-json\/wp\/v2\/tribe_events"}],"about":[{"href":"https:\/\/viradasustentavel.org.br\/sao-paulo\/wp-json\/wp\/v2\/types\/tribe_events"}],"author":[{"embeddable":true,"href":"https:\/\/viradasustentavel.org.br\/sao-paulo\/wp-json\/wp\/v2\/users\/2"}],"version-history":[{"count":0,"href":"https:\/\/viradasustentavel.org.br\/sao-paulo\/wp-json\/wp\/v2\/tribe_events\/1956\/revisions"}],"wp:attachment":[{"href":"https:\/\/viradasustentavel.org.br\/sao-paulo\/wp-json\/wp\/v2\/media?parent=1956"}],"wp:term":[{"taxonomy":"post_tag","embeddable":true,"href":"https:\/\/viradasustentavel.org.br\/sao-paulo\/wp-json\/wp\/v2\/tags?post=1956"},{"taxonomy":"tribe_events_cat","embeddable":true,"href":"https:\/\/viradasustentavel.org.br\/sao-paulo\/wp-json\/wp\/v2\/tribe_events_cat?post=1956"}],"curies":[{"name":"wp","href":"https:\/\/api.w.org\/{rel}","templated":true}]}}

<p>Com exposições como “Lixomania: De Santo André para o Mundo” e “35 anos de Lixomania”, o artista celebra não só sua trajetória, mas também a potência do grafite e da pichação como ferramentas de memória, pertencimento e transformação social. Sua arte continua influenciando gerações e reafirmando o valor simbólico e político das ruas como espaço legítimo de criação.</p>

<p>Com exposições como “Lixomania: De Santo André para o Mundo” e “35 anos de Lixomania”, o artista celebra não só sua trajetória, mas também a potência do grafite e da [&hellip;]</p>
