{"id":1958,"date":"2025-09-12T20:17:23","date_gmt":"2025-09-12T23:17:23","guid":{"rendered":"https:\/\/viradasustentavel.org.br\/sao-paulo\/eventos\/rapadaura-convidando-a-lirys\/"},"modified":"2025-09-12T20:17:23","modified_gmt":"2025-09-12T23:17:23","slug":"rapadaura-convidando-a-lirys","status":"publish","type":"tribe_events","link":"https:\/\/viradasustentavel.org.br\/sao-paulo\/eventos\/rapadaura-convidando-a-lirys\/","title":{"rendered":"RAPadaura, convidando a Lirys"},"content":{"rendered":"<p>&#8220;Universo do Canto Falado&#8221; \u00e9 um show que traz o imagin\u00e1rio nordestino para o meio urbano. Por meio de misturas de sonoridades inusitadas, RAPadura cria uma paisagem sonora onde transporta o p\u00fablico para uma viv\u00eancia que transforma tudo<br \/>\nem Nordeste. A experi\u00eancia do show transita entre o rap, repente, coco, embolada e se expande para uma combina\u00e7\u00e3o de g\u00eaneros como o aboio com o rock, a viola com a psicodelia e a jun\u00e7\u00e3o de instrumentos nordestinos e africanos, resultando em um show din\u00e2mico, interativo, rico culturalmente e que expressa essa diversidade sonora a partir de um olhar nordestino.<\/p>\n","protected":false},"excerpt":{"rendered":"<p>&#8220;Universo do Canto Falado&#8221; \u00e9 um show que traz o imagin\u00e1rio nordestino para o meio urbano. Por meio de misturas de sonoridades inusitadas, RAPadura cria uma paisagem sonora onde transporta [&hellip;]<\/p>\n","protected":false},"author":2,"featured_media":0,"template":"","meta":{"_tribe_events_status":"","_tribe_events_status_reason":"","footnotes":""},"tags":[23],"tribe_events_cat":[16],"class_list":["post-1958","tribe_events","type-tribe_events","status-publish","hentry","tag-de-4-a-14-anos","tribe_events_cat-musica","cat_musica"],"_links":{"self":[{"href":"https:\/\/viradasustentavel.org.br\/sao-paulo\/wp-json\/wp\/v2\/tribe_events\/1958","targetHints":{"allow":["GET"]}}],"collection":[{"href":"https:\/\/viradasustentavel.org.br\/sao-paulo\/wp-json\/wp\/v2\/tribe_events"}],"about":[{"href":"https:\/\/viradasustentavel.org.br\/sao-paulo\/wp-json\/wp\/v2\/types\/tribe_events"}],"author":[{"embeddable":true,"href":"https:\/\/viradasustentavel.org.br\/sao-paulo\/wp-json\/wp\/v2\/users\/2"}],"version-history":[{"count":0,"href":"https:\/\/viradasustentavel.org.br\/sao-paulo\/wp-json\/wp\/v2\/tribe_events\/1958\/revisions"}],"wp:attachment":[{"href":"https:\/\/viradasustentavel.org.br\/sao-paulo\/wp-json\/wp\/v2\/media?parent=1958"}],"wp:term":[{"taxonomy":"post_tag","embeddable":true,"href":"https:\/\/viradasustentavel.org.br\/sao-paulo\/wp-json\/wp\/v2\/tags?post=1958"},{"taxonomy":"tribe_events_cat","embeddable":true,"href":"https:\/\/viradasustentavel.org.br\/sao-paulo\/wp-json\/wp\/v2\/tribe_events_cat?post=1958"}],"curies":[{"name":"wp","href":"https:\/\/api.w.org\/{rel}","templated":true}]}}

<p>&#8220;Universo do Canto Falado&#8221; é um show que traz o imaginário nordestino para o meio urbano. Por meio de misturas de sonoridades inusitadas, RAPadura cria uma paisagem sonora onde transporta o público para uma vivência que transforma tudo<br />
em Nordeste. A experiência do show transita entre o rap, repente, coco, embolada e se expande para uma combinação de gêneros como o aboio com o rock, a viola com a psicodelia e a junção de instrumentos nordestinos e africanos, resultando em um show dinâmico, interativo, rico culturalmente e que expressa essa diversidade sonora a partir de um olhar nordestino.</p>

<p>&#8220;Universo do Canto Falado&#8221; é um show que traz o imaginário nordestino para o meio urbano. Por meio de misturas de sonoridades inusitadas, RAPadura cria uma paisagem sonora onde transporta [&hellip;]</p>
