{"id":1962,"date":"2025-09-12T20:17:25","date_gmt":"2025-09-12T23:17:25","guid":{"rendered":"https:\/\/viradasustentavel.org.br\/sao-paulo\/eventos\/planeta-oca\/"},"modified":"2025-09-12T20:17:25","modified_gmt":"2025-09-12T23:17:25","slug":"planeta-oca","status":"publish","type":"tribe_events","link":"https:\/\/viradasustentavel.org.br\/sao-paulo\/eventos\/planeta-oca\/","title":{"rendered":"Planeta Oca"},"content":{"rendered":"<p>&#8220;Planeta Oca&#8221; \u00e9 um espet\u00e1culo musical infantil que convida o p\u00fablico a mergulhar em uma experi\u00eancia l\u00fadica e educativa sobre o cuidado com a natureza. Voltado para crian\u00e7as e suas fam\u00edlias, o show re\u00fane m\u00fasica ao vivo, brincadeiras e personagens da fauna brasileira para promover a consci\u00eancia ambiental de forma afetuosa e divertida. O repert\u00f3rio conta com can\u00e7\u00f5es autorais compostas em parceria com o bi\u00f3logo Ciro Campos (ISA), abordando temas como os biomas do Brasil, a import\u00e2ncia da \u00e1gua, a cultura ind\u00edgena e o descarte consciente de res\u00edduos. No palco, animais como o tamandu\u00e1, a capivara, o tatu e a ariranha ganham vida com a manipula\u00e7\u00e3o de bonecos, em uma apresenta\u00e7\u00e3o sonora e envolvente que estimula a postura ativa do p\u00fablico. Durante a Virada Sustent\u00e1vel, &#8220;Planeta Oca&#8221; promete emocionar, educar e inspirar fam\u00edlias a repensarem sua rela\u00e7\u00e3o com o meio ambiente, por meio de uma viv\u00eancia art\u00edstica cheia de m\u00fasica, sensibilidade e imagina\u00e7\u00e3o.<\/p>\n","protected":false},"excerpt":{"rendered":"<p>&#8220;Planeta Oca&#8221; \u00e9 um espet\u00e1culo musical infantil que convida o p\u00fablico a mergulhar em uma experi\u00eancia l\u00fadica e educativa sobre o cuidado com a natureza. Voltado para crian\u00e7as e suas [&hellip;]<\/p>\n","protected":false},"author":2,"featured_media":0,"template":"","meta":{"_tribe_events_status":"","_tribe_events_status_reason":"","footnotes":""},"tags":[113],"tribe_events_cat":[16],"class_list":["post-1962","tribe_events","type-tribe_events","status-publish","hentry","tag-libras","tribe_events_cat-musica","cat_musica"],"_links":{"self":[{"href":"https:\/\/viradasustentavel.org.br\/sao-paulo\/wp-json\/wp\/v2\/tribe_events\/1962","targetHints":{"allow":["GET"]}}],"collection":[{"href":"https:\/\/viradasustentavel.org.br\/sao-paulo\/wp-json\/wp\/v2\/tribe_events"}],"about":[{"href":"https:\/\/viradasustentavel.org.br\/sao-paulo\/wp-json\/wp\/v2\/types\/tribe_events"}],"author":[{"embeddable":true,"href":"https:\/\/viradasustentavel.org.br\/sao-paulo\/wp-json\/wp\/v2\/users\/2"}],"version-history":[{"count":0,"href":"https:\/\/viradasustentavel.org.br\/sao-paulo\/wp-json\/wp\/v2\/tribe_events\/1962\/revisions"}],"wp:attachment":[{"href":"https:\/\/viradasustentavel.org.br\/sao-paulo\/wp-json\/wp\/v2\/media?parent=1962"}],"wp:term":[{"taxonomy":"post_tag","embeddable":true,"href":"https:\/\/viradasustentavel.org.br\/sao-paulo\/wp-json\/wp\/v2\/tags?post=1962"},{"taxonomy":"tribe_events_cat","embeddable":true,"href":"https:\/\/viradasustentavel.org.br\/sao-paulo\/wp-json\/wp\/v2\/tribe_events_cat?post=1962"}],"curies":[{"name":"wp","href":"https:\/\/api.w.org\/{rel}","templated":true}]}}

<p>&#8220;Planeta Oca&#8221; é um espetáculo musical infantil que convida o público a mergulhar em uma experiência lúdica e educativa sobre o cuidado com a natureza. Voltado para crianças e suas famílias, o show reúne música ao vivo, brincadeiras e personagens da fauna brasileira para promover a consciência ambiental de forma afetuosa e divertida. O repertório conta com canções autorais compostas em parceria com o biólogo Ciro Campos (ISA), abordando temas como os biomas do Brasil, a importância da água, a cultura indígena e o descarte consciente de resíduos. No palco, animais como o tamanduá, a capivara, o tatu e a ariranha ganham vida com a manipulação de bonecos, em uma apresentação sonora e envolvente que estimula a postura ativa do público. Durante a Virada Sustentável, &#8220;Planeta Oca&#8221; promete emocionar, educar e inspirar famílias a repensarem sua relação com o meio ambiente, por meio de uma vivência artística cheia de música, sensibilidade e imaginação.</p>

<p>&#8220;Planeta Oca&#8221; é um espetáculo musical infantil que convida o público a mergulhar em uma experiência lúdica e educativa sobre o cuidado com a natureza. Voltado para crianças e suas [&hellip;]</p>
