{"id":1963,"date":"2025-09-12T20:19:24","date_gmt":"2025-09-12T23:19:24","guid":{"rendered":"https:\/\/viradasustentavel.org.br\/sao-paulo\/eventos\/historias-do-meu-jardim\/"},"modified":"2025-09-12T20:19:24","modified_gmt":"2025-09-12T23:19:24","slug":"historias-do-meu-jardim","status":"publish","type":"tribe_events","link":"https:\/\/viradasustentavel.org.br\/sao-paulo\/eventos\/historias-do-meu-jardim\/","title":{"rendered":"Hist\u00f3rias do Meu Jardim"},"content":{"rendered":"<p>Com cen\u00e1rio l\u00fadico e m\u00fasica harm\u00f4nica que remetem \u00e0 natureza, a media\u00e7\u00e3o \u201cHist\u00f3rias do meu jardim\u201d tem como objetivo estimular a leitura e as conex\u00f5es familiares com a natureza, proporcionando uma experi\u00eancia multissensorial, criando mem\u00f3rias afetivas com a literatura.<\/p>\n","protected":false},"excerpt":{"rendered":"<p>Com cen\u00e1rio l\u00fadico e m\u00fasica harm\u00f4nica que remetem \u00e0 natureza, a media\u00e7\u00e3o \u201cHist\u00f3rias do meu jardim\u201d tem como objetivo estimular a leitura e as conex\u00f5es familiares com a natureza, proporcionando [&hellip;]<\/p>\n","protected":false},"author":2,"featured_media":0,"template":"","meta":{"_tribe_events_status":"","_tribe_events_status_reason":"","footnotes":""},"tags":[113],"tribe_events_cat":[110],"class_list":["post-1963","tribe_events","type-tribe_events","status-publish","hentry","tag-libras","tribe_events_cat-contacao-de-historia","cat_contacao-de-historia"],"_links":{"self":[{"href":"https:\/\/viradasustentavel.org.br\/sao-paulo\/wp-json\/wp\/v2\/tribe_events\/1963","targetHints":{"allow":["GET"]}}],"collection":[{"href":"https:\/\/viradasustentavel.org.br\/sao-paulo\/wp-json\/wp\/v2\/tribe_events"}],"about":[{"href":"https:\/\/viradasustentavel.org.br\/sao-paulo\/wp-json\/wp\/v2\/types\/tribe_events"}],"author":[{"embeddable":true,"href":"https:\/\/viradasustentavel.org.br\/sao-paulo\/wp-json\/wp\/v2\/users\/2"}],"version-history":[{"count":0,"href":"https:\/\/viradasustentavel.org.br\/sao-paulo\/wp-json\/wp\/v2\/tribe_events\/1963\/revisions"}],"wp:attachment":[{"href":"https:\/\/viradasustentavel.org.br\/sao-paulo\/wp-json\/wp\/v2\/media?parent=1963"}],"wp:term":[{"taxonomy":"post_tag","embeddable":true,"href":"https:\/\/viradasustentavel.org.br\/sao-paulo\/wp-json\/wp\/v2\/tags?post=1963"},{"taxonomy":"tribe_events_cat","embeddable":true,"href":"https:\/\/viradasustentavel.org.br\/sao-paulo\/wp-json\/wp\/v2\/tribe_events_cat?post=1963"}],"curies":[{"name":"wp","href":"https:\/\/api.w.org\/{rel}","templated":true}]}}

Histórias do Meu Jardim

<p>Com cenário lúdico e música harmônica que remetem à natureza, a mediação “Histórias do meu jardim” tem como objetivo estimular a leitura e as conexões familiares com a natureza, proporcionando uma experiência multissensorial, criando memórias afetivas com a literatura.</p>

<p>Com cenário lúdico e música harmônica que remetem à natureza, a mediação “Histórias do meu jardim” tem como objetivo estimular a leitura e as conexões familiares com a natureza, proporcionando [&hellip;]</p>
