{"id":1964,"date":"2025-09-12T20:19:26","date_gmt":"2025-09-12T23:19:26","guid":{"rendered":"https:\/\/viradasustentavel.org.br\/sao-paulo\/eventos\/musicriando-em-harmonia-com-a-natureza\/"},"modified":"2025-09-12T20:19:26","modified_gmt":"2025-09-12T23:19:26","slug":"musicriando-em-harmonia-com-a-natureza","status":"publish","type":"tribe_events","link":"https:\/\/viradasustentavel.org.br\/sao-paulo\/eventos\/musicriando-em-harmonia-com-a-natureza\/","title":{"rendered":"Musicriando em Harmonia com a Natureza"},"content":{"rendered":"<p>O Musicriando apresenta sua mais nova proposta: &#8220;Musicriando em Harmonia com a Natureza&#8221;, uma apresenta\u00e7\u00e3o musical para o p\u00fablico infanto juvenil que celebra a beleza e a import\u00e2ncia da natureza. A apresenta\u00e7\u00e3o \u00e9 uma jornada musical que convida o p\u00fablico a se conectar com a natureza e com a m\u00fasica de uma forma criativa e emocionante. Com m\u00fasicas e can\u00e7\u00f5es que exploram temas como a import\u00e2ncia da reciclagem, a conserva\u00e7\u00e3o da \u00e1gua e a prote\u00e7\u00e3o da biodiversidade, a apresenta\u00e7\u00e3o \u00e9 uma oportunidade para se divertir e aprender ao mesmo tempo.<\/p>\n","protected":false},"excerpt":{"rendered":"<p>O Musicriando apresenta sua mais nova proposta: &#8220;Musicriando em Harmonia com a Natureza&#8221;, uma apresenta\u00e7\u00e3o musical para o p\u00fablico infanto juvenil que celebra a beleza e a import\u00e2ncia da natureza. [&hellip;]<\/p>\n","protected":false},"author":2,"featured_media":0,"template":"","meta":{"_tribe_events_status":"","_tribe_events_status_reason":"","footnotes":""},"tags":[23],"tribe_events_cat":[16],"class_list":["post-1964","tribe_events","type-tribe_events","status-publish","hentry","tag-de-4-a-14-anos","tribe_events_cat-musica","cat_musica"],"_links":{"self":[{"href":"https:\/\/viradasustentavel.org.br\/sao-paulo\/wp-json\/wp\/v2\/tribe_events\/1964","targetHints":{"allow":["GET"]}}],"collection":[{"href":"https:\/\/viradasustentavel.org.br\/sao-paulo\/wp-json\/wp\/v2\/tribe_events"}],"about":[{"href":"https:\/\/viradasustentavel.org.br\/sao-paulo\/wp-json\/wp\/v2\/types\/tribe_events"}],"author":[{"embeddable":true,"href":"https:\/\/viradasustentavel.org.br\/sao-paulo\/wp-json\/wp\/v2\/users\/2"}],"version-history":[{"count":0,"href":"https:\/\/viradasustentavel.org.br\/sao-paulo\/wp-json\/wp\/v2\/tribe_events\/1964\/revisions"}],"wp:attachment":[{"href":"https:\/\/viradasustentavel.org.br\/sao-paulo\/wp-json\/wp\/v2\/media?parent=1964"}],"wp:term":[{"taxonomy":"post_tag","embeddable":true,"href":"https:\/\/viradasustentavel.org.br\/sao-paulo\/wp-json\/wp\/v2\/tags?post=1964"},{"taxonomy":"tribe_events_cat","embeddable":true,"href":"https:\/\/viradasustentavel.org.br\/sao-paulo\/wp-json\/wp\/v2\/tribe_events_cat?post=1964"}],"curies":[{"name":"wp","href":"https:\/\/api.w.org\/{rel}","templated":true}]}}

<p>O Musicriando apresenta sua mais nova proposta: &#8220;Musicriando em Harmonia com a Natureza&#8221;, uma apresentação musical para o público infanto juvenil que celebra a beleza e a importância da natureza. A apresentação é uma jornada musical que convida o público a se conectar com a natureza e com a música de uma forma criativa e emocionante. Com músicas e canções que exploram temas como a importância da reciclagem, a conservação da água e a proteção da biodiversidade, a apresentação é uma oportunidade para se divertir e aprender ao mesmo tempo.</p>

<p>O Musicriando apresenta sua mais nova proposta: &#8220;Musicriando em Harmonia com a Natureza&#8221;, uma apresentação musical para o público infanto juvenil que celebra a beleza e a importância da natureza. [&hellip;]</p>
