{"id":1965,"date":"2025-09-12T20:19:27","date_gmt":"2025-09-12T23:19:27","guid":{"rendered":"https:\/\/viradasustentavel.org.br\/sao-paulo\/eventos\/picnic\/"},"modified":"2025-09-20T09:34:34","modified_gmt":"2025-09-20T12:34:34","slug":"picnic","status":"publish","type":"tribe_events","link":"https:\/\/viradasustentavel.org.br\/sao-paulo\/eventos\/picnic\/","title":{"rendered":"Pic Nic Lounge"},"content":{"rendered":"<p>O Parque Augusta ser\u00e1 o lugar perfeito para relaxar, curtir m\u00fasica boa e aproveitar a natureza. A Virada Sustent\u00e1vel 2025, faz um convite para o p\u00fablico trazer sua toalha, sua comida favorita e passar uma tarde especial com apresenta\u00e7\u00f5es musicais ao ar livre. A programa\u00e7\u00e3o musical apresentar\u00e1 Paula Goldman, Flavio Tris, DJ Joss Dee e Nduduzo Sib\u00e1, misturando diferentes estilos com muita energia e leveza. O Picnic no Parque \u00e9 aberto para todas as idades, perfeito para fam\u00edlias, amigos ou quem s\u00f3 quer aproveitar um momento tranquilo no cora\u00e7\u00e3o de S\u00e3o Paulo<\/p>\n","protected":false},"excerpt":{"rendered":"<p>O Parque Augusta ser\u00e1 o lugar perfeito para relaxar, curtir m\u00fasica boa e aproveitar a natureza. A Virada Sustent\u00e1vel 2025, faz um convite para o p\u00fablico trazer sua toalha, sua [&hellip;]<\/p>\n","protected":false},"author":2,"featured_media":0,"template":"","meta":{"_tribe_events_status":"","_tribe_events_status_reason":"","footnotes":""},"tags":[28],"tribe_events_cat":[16],"class_list":["post-1965","tribe_events","type-tribe_events","status-publish","hentry","tag-livre","tribe_events_cat-musica","cat_musica"],"_links":{"self":[{"href":"https:\/\/viradasustentavel.org.br\/sao-paulo\/wp-json\/wp\/v2\/tribe_events\/1965","targetHints":{"allow":["GET"]}}],"collection":[{"href":"https:\/\/viradasustentavel.org.br\/sao-paulo\/wp-json\/wp\/v2\/tribe_events"}],"about":[{"href":"https:\/\/viradasustentavel.org.br\/sao-paulo\/wp-json\/wp\/v2\/types\/tribe_events"}],"author":[{"embeddable":true,"href":"https:\/\/viradasustentavel.org.br\/sao-paulo\/wp-json\/wp\/v2\/users\/2"}],"version-history":[{"count":2,"href":"https:\/\/viradasustentavel.org.br\/sao-paulo\/wp-json\/wp\/v2\/tribe_events\/1965\/revisions"}],"predecessor-version":[{"id":10152,"href":"https:\/\/viradasustentavel.org.br\/sao-paulo\/wp-json\/wp\/v2\/tribe_events\/1965\/revisions\/10152"}],"wp:attachment":[{"href":"https:\/\/viradasustentavel.org.br\/sao-paulo\/wp-json\/wp\/v2\/media?parent=1965"}],"wp:term":[{"taxonomy":"post_tag","embeddable":true,"href":"https:\/\/viradasustentavel.org.br\/sao-paulo\/wp-json\/wp\/v2\/tags?post=1965"},{"taxonomy":"tribe_events_cat","embeddable":true,"href":"https:\/\/viradasustentavel.org.br\/sao-paulo\/wp-json\/wp\/v2\/tribe_events_cat?post=1965"}],"curies":[{"name":"wp","href":"https:\/\/api.w.org\/{rel}","templated":true}]}}

<p>O Parque Augusta será o lugar perfeito para relaxar, curtir música boa e aproveitar a natureza. A Virada Sustentável 2025, faz um convite para o público trazer sua toalha, sua comida favorita e passar uma tarde especial com apresentações musicais ao ar livre. A programação musical apresentará Paula Goldman, Flavio Tris, DJ Joss Dee e Nduduzo Sibá, misturando diferentes estilos com muita energia e leveza. O Picnic no Parque é aberto para todas as idades, perfeito para famílias, amigos ou quem só quer aproveitar um momento tranquilo no coração de São Paulo</p>

<p>O Parque Augusta será o lugar perfeito para relaxar, curtir música boa e aproveitar a natureza. A Virada Sustentável 2025, faz um convite para o público trazer sua toalha, sua [&hellip;]</p>
