{"id":1967,"date":"2025-09-12T20:19:27","date_gmt":"2025-09-12T23:19:27","guid":{"rendered":"https:\/\/viradasustentavel.org.br\/sao-paulo\/eventos\/o-planeta-mais-maravilhoso-contacao-de-historia-e-oficina-com-tintas-naturais\/"},"modified":"2025-09-12T20:19:27","modified_gmt":"2025-09-12T23:19:27","slug":"o-planeta-mais-maravilhoso-contacao-de-historia-e-oficina-com-tintas-naturais","status":"publish","type":"tribe_events","link":"https:\/\/viradasustentavel.org.br\/sao-paulo\/eventos\/o-planeta-mais-maravilhoso-contacao-de-historia-e-oficina-com-tintas-naturais\/","title":{"rendered":"O Planeta mais Maravilhoso: conta\u00e7\u00e3o de hist\u00f3ria e oficina com tintas naturais"},"content":{"rendered":"<p>O planeta n\u00e3o precisa de ajuda, ele \u00e9 forte, potente e maravilhoso! Somos n\u00f3s, humanos, que precisamos de cuidados e de suas belezas&#8230; e tamb\u00e9m de um empurr\u00e3ozinho para enxergar melhor tudo de maravilhoso que o planeta tem. Pensando nisso, a Plantare Educa\u00e7\u00e3o criou uma experi\u00eancia de conex\u00e3o entre cuidadores, pais, m\u00e3es, tias, tios, av\u00f3s e suas crian\u00e7as, onde juntos v\u00e3o mergulhar na hist\u00f3ria gigante &#8220;O Planeta Mais Maravilhoso&#8221; e aprender sobre as maravilhas desse planeta. Em seguida, as fam\u00edlias s\u00e3o convidadas para a oficina de pintura de marca-p\u00e1ginas utilizando tintas produzidas com pigmentos naturais do nosso planeta maravilhoso.<\/p>\n","protected":false},"excerpt":{"rendered":"<p>O planeta n\u00e3o precisa de ajuda, ele \u00e9 forte, potente e maravilhoso! Somos n\u00f3s, humanos, que precisamos de cuidados e de suas belezas&#8230; e tamb\u00e9m de um empurr\u00e3ozinho para enxergar [&hellip;]<\/p>\n","protected":false},"author":2,"featured_media":0,"template":"","meta":{"_tribe_events_status":"","_tribe_events_status_reason":"","footnotes":""},"tags":[23],"tribe_events_cat":[110],"class_list":["post-1967","tribe_events","type-tribe_events","status-publish","hentry","tag-de-4-a-14-anos","tribe_events_cat-contacao-de-historia","cat_contacao-de-historia"],"_links":{"self":[{"href":"https:\/\/viradasustentavel.org.br\/sao-paulo\/wp-json\/wp\/v2\/tribe_events\/1967","targetHints":{"allow":["GET"]}}],"collection":[{"href":"https:\/\/viradasustentavel.org.br\/sao-paulo\/wp-json\/wp\/v2\/tribe_events"}],"about":[{"href":"https:\/\/viradasustentavel.org.br\/sao-paulo\/wp-json\/wp\/v2\/types\/tribe_events"}],"author":[{"embeddable":true,"href":"https:\/\/viradasustentavel.org.br\/sao-paulo\/wp-json\/wp\/v2\/users\/2"}],"version-history":[{"count":0,"href":"https:\/\/viradasustentavel.org.br\/sao-paulo\/wp-json\/wp\/v2\/tribe_events\/1967\/revisions"}],"wp:attachment":[{"href":"https:\/\/viradasustentavel.org.br\/sao-paulo\/wp-json\/wp\/v2\/media?parent=1967"}],"wp:term":[{"taxonomy":"post_tag","embeddable":true,"href":"https:\/\/viradasustentavel.org.br\/sao-paulo\/wp-json\/wp\/v2\/tags?post=1967"},{"taxonomy":"tribe_events_cat","embeddable":true,"href":"https:\/\/viradasustentavel.org.br\/sao-paulo\/wp-json\/wp\/v2\/tribe_events_cat?post=1967"}],"curies":[{"name":"wp","href":"https:\/\/api.w.org\/{rel}","templated":true}]}}

O Planeta mais Maravilhoso: contação de história e oficina com tintas naturais

<p>O planeta não precisa de ajuda, ele é forte, potente e maravilhoso! Somos nós, humanos, que precisamos de cuidados e de suas belezas&#8230; e também de um empurrãozinho para enxergar melhor tudo de maravilhoso que o planeta tem. Pensando nisso, a Plantare Educação criou uma experiência de conexão entre cuidadores, pais, mães, tias, tios, avós e suas crianças, onde juntos vão mergulhar na história gigante &#8220;O Planeta Mais Maravilhoso&#8221; e aprender sobre as maravilhas desse planeta. Em seguida, as famílias são convidadas para a oficina de pintura de marca-páginas utilizando tintas produzidas com pigmentos naturais do nosso planeta maravilhoso.</p>

<p>O planeta não precisa de ajuda, ele é forte, potente e maravilhoso! Somos nós, humanos, que precisamos de cuidados e de suas belezas&#8230; e também de um empurrãozinho para enxergar [&hellip;]</p>
