{"id":1968,"date":"2025-09-12T20:21:25","date_gmt":"2025-09-12T23:21:25","guid":{"rendered":"https:\/\/viradasustentavel.org.br\/sao-paulo\/eventos\/jaiguruband\/"},"modified":"2025-09-19T08:59:53","modified_gmt":"2025-09-19T11:59:53","slug":"jaiguruband","status":"publish","type":"tribe_events","link":"https:\/\/viradasustentavel.org.br\/sao-paulo\/eventos\/jaiguruband\/","title":{"rendered":"JaiGuruBand"},"content":{"rendered":"<p>A JaiGuruBand \u00e9 uma banda de mantras e kirtans que, desde 2017, convida o p\u00fablico a uma jornada sonora de reconex\u00e3o, expans\u00e3o de consci\u00eancia e despertar interior. Suas apresenta\u00e7\u00f5es s\u00e3o encontros vivos, onde a m\u00fasica e os mantras se entrela\u00e7am para criar uma experi\u00eancia de imers\u00e3o: todos s\u00e3o convidados a cantar, sentir e vibrar juntos o poder transformador dos sons. Com um repert\u00f3rio auspicioso, a JaiGuruBand une arranjos autorais a mantras tradicionais que misturam instrumentos orientais e ocidentais, dando origem a timbres e texturas \u00fanicas. Cada can\u00e7\u00e3o \u00e9 um portal para hist\u00f3rias e conhecimentos milenares, apresentados em uma fus\u00e3o moderna, vibrante e profundamente luminosa. A for\u00e7a do canto coletivo, a qualidade musical e a presen\u00e7a inspiradora do grupo tornam cada apresenta\u00e7\u00e3o uma celebra\u00e7\u00e3o da vida, da consci\u00eancia e da uni\u00e3o.<\/p>\n","protected":false},"excerpt":{"rendered":"<p>A JaiGuruBand \u00e9 uma banda de mantras e kirtans que, desde 2017, convida o p\u00fablico a uma jornada sonora de reconex\u00e3o, expans\u00e3o de consci\u00eancia e despertar interior. Suas apresenta\u00e7\u00f5es s\u00e3o [&hellip;]<\/p>\n","protected":false},"author":2,"featured_media":9529,"template":"","meta":{"_tribe_events_status":"","_tribe_events_status_reason":"","footnotes":""},"tags":[23],"tribe_events_cat":[16],"class_list":["post-1968","tribe_events","type-tribe_events","status-publish","has-post-thumbnail","hentry","tag-de-4-a-14-anos","tribe_events_cat-musica","cat_musica"],"_links":{"self":[{"href":"https:\/\/viradasustentavel.org.br\/sao-paulo\/wp-json\/wp\/v2\/tribe_events\/1968","targetHints":{"allow":["GET"]}}],"collection":[{"href":"https:\/\/viradasustentavel.org.br\/sao-paulo\/wp-json\/wp\/v2\/tribe_events"}],"about":[{"href":"https:\/\/viradasustentavel.org.br\/sao-paulo\/wp-json\/wp\/v2\/types\/tribe_events"}],"author":[{"embeddable":true,"href":"https:\/\/viradasustentavel.org.br\/sao-paulo\/wp-json\/wp\/v2\/users\/2"}],"version-history":[{"count":1,"href":"https:\/\/viradasustentavel.org.br\/sao-paulo\/wp-json\/wp\/v2\/tribe_events\/1968\/revisions"}],"predecessor-version":[{"id":2479,"href":"https:\/\/viradasustentavel.org.br\/sao-paulo\/wp-json\/wp\/v2\/tribe_events\/1968\/revisions\/2479"}],"wp:featuredmedia":[{"embeddable":true,"href":"https:\/\/viradasustentavel.org.br\/sao-paulo\/wp-json\/wp\/v2\/media\/9529"}],"wp:attachment":[{"href":"https:\/\/viradasustentavel.org.br\/sao-paulo\/wp-json\/wp\/v2\/media?parent=1968"}],"wp:term":[{"taxonomy":"post_tag","embeddable":true,"href":"https:\/\/viradasustentavel.org.br\/sao-paulo\/wp-json\/wp\/v2\/tags?post=1968"},{"taxonomy":"tribe_events_cat","embeddable":true,"href":"https:\/\/viradasustentavel.org.br\/sao-paulo\/wp-json\/wp\/v2\/tribe_events_cat?post=1968"}],"curies":[{"name":"wp","href":"https:\/\/api.w.org\/{rel}","templated":true}]}}

<p>A JaiGuruBand é uma banda de mantras e kirtans que, desde 2017, convida o público a uma jornada sonora de reconexão, expansão de consciência e despertar interior. Suas apresentações são encontros vivos, onde a música e os mantras se entrelaçam para criar uma experiência de imersão: todos são convidados a cantar, sentir e vibrar juntos o poder transformador dos sons. Com um repertório auspicioso, a JaiGuruBand une arranjos autorais a mantras tradicionais que misturam instrumentos orientais e ocidentais, dando origem a timbres e texturas únicas. Cada canção é um portal para histórias e conhecimentos milenares, apresentados em uma fusão moderna, vibrante e profundamente luminosa. A força do canto coletivo, a qualidade musical e a presença inspiradora do grupo tornam cada apresentação uma celebração da vida, da consciência e da união.</p>

<p>A JaiGuruBand é uma banda de mantras e kirtans que, desde 2017, convida o público a uma jornada sonora de reconexão, expansão de consciência e despertar interior. Suas apresentações são [&hellip;]</p>
