{"id":1969,"date":"2025-09-12T20:21:26","date_gmt":"2025-09-12T23:21:26","guid":{"rendered":"https:\/\/viradasustentavel.org.br\/sao-paulo\/eventos\/fulni-o-saberes-ancestrais-em-movimento-2\/"},"modified":"2025-09-16T10:47:49","modified_gmt":"2025-09-16T13:47:49","slug":"fulni-o-saberes-ancestrais-em-movimento-2","status":"publish","type":"tribe_events","link":"https:\/\/viradasustentavel.org.br\/sao-paulo\/eventos\/fulni-o-saberes-ancestrais-em-movimento-2\/","title":{"rendered":"Fulni-\u00f4: Saberes Ancestrais em Movimento"},"content":{"rendered":"<p>Saberes Fulni-\u00f4 em Movimento \u2013 Com cantos, dan\u00e7as, artesanato e rodas de conversa, o povo Fulni-\u00f4 ocupa a cidade com seus saberes ancestrais. A atividade re\u00fane apresenta\u00e7\u00f5es do Tor\u00e9 \u2014 ritual tradicional que une espiritualidade, dan\u00e7a e m\u00fasica \u2014, rodas de di\u00e1logo sobre cultura ind\u00edgena em contexto urbano e exposi\u00e7\u00e3o de artesanato produzido por artistas Fulni-\u00f4. Conduzida por Avani Fulni-\u00f4, lideran\u00e7a ind\u00edgena atuante em S\u00e3o Paulo, e outros integrantes da comunidade, a proposta celebra a resist\u00eancia dos povos origin\u00e1rios e convida o p\u00fablico a vivenciar uma experi\u00eancia de escuta, troca e reconex\u00e3o com as ra\u00edzes da terra.<\/p>\n","protected":false},"excerpt":{"rendered":"<p>Saberes Fulni-\u00f4 em Movimento \u2013 Com cantos, dan\u00e7as, artesanato e rodas de conversa, o povo Fulni-\u00f4 ocupa a cidade com seus saberes ancestrais. A atividade re\u00fane apresenta\u00e7\u00f5es do Tor\u00e9 \u2014 [&hellip;]<\/p>\n","protected":false},"author":2,"featured_media":3845,"template":"","meta":{"_tribe_events_status":"","_tribe_events_status_reason":"","footnotes":""},"tags":[28],"tribe_events_cat":[18],"class_list":["post-1969","tribe_events","type-tribe_events","status-publish","has-post-thumbnail","hentry","tag-livre","tribe_events_cat-performance","cat_performance"],"_links":{"self":[{"href":"https:\/\/viradasustentavel.org.br\/sao-paulo\/wp-json\/wp\/v2\/tribe_events\/1969","targetHints":{"allow":["GET"]}}],"collection":[{"href":"https:\/\/viradasustentavel.org.br\/sao-paulo\/wp-json\/wp\/v2\/tribe_events"}],"about":[{"href":"https:\/\/viradasustentavel.org.br\/sao-paulo\/wp-json\/wp\/v2\/types\/tribe_events"}],"author":[{"embeddable":true,"href":"https:\/\/viradasustentavel.org.br\/sao-paulo\/wp-json\/wp\/v2\/users\/2"}],"version-history":[{"count":1,"href":"https:\/\/viradasustentavel.org.br\/sao-paulo\/wp-json\/wp\/v2\/tribe_events\/1969\/revisions"}],"predecessor-version":[{"id":2495,"href":"https:\/\/viradasustentavel.org.br\/sao-paulo\/wp-json\/wp\/v2\/tribe_events\/1969\/revisions\/2495"}],"wp:featuredmedia":[{"embeddable":true,"href":"https:\/\/viradasustentavel.org.br\/sao-paulo\/wp-json\/wp\/v2\/media\/3845"}],"wp:attachment":[{"href":"https:\/\/viradasustentavel.org.br\/sao-paulo\/wp-json\/wp\/v2\/media?parent=1969"}],"wp:term":[{"taxonomy":"post_tag","embeddable":true,"href":"https:\/\/viradasustentavel.org.br\/sao-paulo\/wp-json\/wp\/v2\/tags?post=1969"},{"taxonomy":"tribe_events_cat","embeddable":true,"href":"https:\/\/viradasustentavel.org.br\/sao-paulo\/wp-json\/wp\/v2\/tribe_events_cat?post=1969"}],"curies":[{"name":"wp","href":"https:\/\/api.w.org\/{rel}","templated":true}]}}

Fulni-ô: Saberes Ancestrais em Movimento

<p>Saberes Fulni-ô em Movimento – Com cantos, danças, artesanato e rodas de conversa, o povo Fulni-ô ocupa a cidade com seus saberes ancestrais. A atividade reúne apresentações do Toré — ritual tradicional que une espiritualidade, dança e música —, rodas de diálogo sobre cultura indígena em contexto urbano e exposição de artesanato produzido por artistas Fulni-ô. Conduzida por Avani Fulni-ô, liderança indígena atuante em São Paulo, e outros integrantes da comunidade, a proposta celebra a resistência dos povos originários e convida o público a vivenciar uma experiência de escuta, troca e reconexão com as raízes da terra.</p>

<p>Saberes Fulni-ô em Movimento – Com cantos, danças, artesanato e rodas de conversa, o povo Fulni-ô ocupa a cidade com seus saberes ancestrais. A atividade reúne apresentações do Toré — [&hellip;]</p>
