{"id":1971,"date":"2025-09-12T20:21:28","date_gmt":"2025-09-12T23:21:28","guid":{"rendered":"https:\/\/viradasustentavel.org.br\/sao-paulo\/eventos\/veracidade-mauro-neri\/"},"modified":"2025-09-16T09:50:16","modified_gmt":"2025-09-16T12:50:16","slug":"veracidade-mauro-neri","status":"publish","type":"tribe_events","link":"https:\/\/viradasustentavel.org.br\/sao-paulo\/eventos\/veracidade-mauro-neri\/","title":{"rendered":"Veracidade \u2013 Mauro Neri"},"content":{"rendered":"<p>A atividade consiste em grafitagem, entre os dias da Virada, onde o artista ir\u00e1 reformular um mural ao ar livre com bastante visibilidade. O processo ser\u00e1 documentado e compartilhado ao maior n\u00famero de pessoas poss\u00edveis on-line e off-line.<\/p>\n","protected":false},"excerpt":{"rendered":"<p>A atividade consiste em grafitagem, entre os dias da Virada, onde o artista ir\u00e1 reformular um mural ao ar livre com bastante visibilidade. O processo ser\u00e1 documentado e compartilhado ao [&hellip;]<\/p>\n","protected":false},"author":2,"featured_media":7706,"template":"","meta":{"_tribe_events_status":"","_tribe_events_status_reason":"","footnotes":""},"tags":[],"tribe_events_cat":[109],"class_list":["post-1971","tribe_events","type-tribe_events","status-publish","has-post-thumbnail","hentry","tribe_events_cat-intervencao","cat_intervencao"],"_links":{"self":[{"href":"https:\/\/viradasustentavel.org.br\/sao-paulo\/wp-json\/wp\/v2\/tribe_events\/1971","targetHints":{"allow":["GET"]}}],"collection":[{"href":"https:\/\/viradasustentavel.org.br\/sao-paulo\/wp-json\/wp\/v2\/tribe_events"}],"about":[{"href":"https:\/\/viradasustentavel.org.br\/sao-paulo\/wp-json\/wp\/v2\/types\/tribe_events"}],"author":[{"embeddable":true,"href":"https:\/\/viradasustentavel.org.br\/sao-paulo\/wp-json\/wp\/v2\/users\/2"}],"version-history":[{"count":2,"href":"https:\/\/viradasustentavel.org.br\/sao-paulo\/wp-json\/wp\/v2\/tribe_events\/1971\/revisions"}],"predecessor-version":[{"id":7707,"href":"https:\/\/viradasustentavel.org.br\/sao-paulo\/wp-json\/wp\/v2\/tribe_events\/1971\/revisions\/7707"}],"wp:featuredmedia":[{"embeddable":true,"href":"https:\/\/viradasustentavel.org.br\/sao-paulo\/wp-json\/wp\/v2\/media\/7706"}],"wp:attachment":[{"href":"https:\/\/viradasustentavel.org.br\/sao-paulo\/wp-json\/wp\/v2\/media?parent=1971"}],"wp:term":[{"taxonomy":"post_tag","embeddable":true,"href":"https:\/\/viradasustentavel.org.br\/sao-paulo\/wp-json\/wp\/v2\/tags?post=1971"},{"taxonomy":"tribe_events_cat","embeddable":true,"href":"https:\/\/viradasustentavel.org.br\/sao-paulo\/wp-json\/wp\/v2\/tribe_events_cat?post=1971"}],"curies":[{"name":"wp","href":"https:\/\/api.w.org\/{rel}","templated":true}]}}

<p>A atividade consiste em grafitagem, entre os dias da Virada, onde o artista irá reformular um mural ao ar livre com bastante visibilidade. O processo será documentado e compartilhado ao maior número de pessoas possíveis on-line e off-line.</p>

<p>A atividade consiste em grafitagem, entre os dias da Virada, onde o artista irá reformular um mural ao ar livre com bastante visibilidade. O processo será documentado e compartilhado ao [&hellip;]</p>
