{"id":1973,"date":"2025-09-12T20:23:26","date_gmt":"2025-09-12T23:23:26","guid":{"rendered":"https:\/\/viradasustentavel.org.br\/sao-paulo\/eventos\/cancoes-para-plantar\/"},"modified":"2025-09-12T20:23:26","modified_gmt":"2025-09-12T23:23:26","slug":"cancoes-para-plantar","status":"publish","type":"tribe_events","link":"https:\/\/viradasustentavel.org.br\/sao-paulo\/eventos\/cancoes-para-plantar\/","title":{"rendered":"Can\u00e7\u00f5es para Plantar"},"content":{"rendered":"<p>Caf\u00e9 com Plantas: M\u00fasica e Cuidado Ambiental no Hospital das Plantas<br \/>\nVenha participar do Caf\u00e9 com Plantas, uma experi\u00eancia que une m\u00fasica, conversa e educa\u00e7\u00e3o ambiental em meio ao verde do Hospital das Plantas. Em uma roda acolhedora, vamos compartilhar saberes sobre o cuidado com as plantas e a natureza, acompanhados por um show intimista de voz e viol\u00e3o, com can\u00e7\u00f5es que celebram a vida e os ciclos da terra. Uma oportunidade para desacelerar, se conectar com o meio ambiente e levar para casa sementes de inspira\u00e7\u00e3o para pr\u00e1ticas sustent\u00e1veis e afetivas. Atividade aberta para todos os p\u00fablicos.<\/p>\n","protected":false},"excerpt":{"rendered":"<p>Caf\u00e9 com Plantas: M\u00fasica e Cuidado Ambiental no Hospital das Plantas Venha participar do Caf\u00e9 com Plantas, uma experi\u00eancia que une m\u00fasica, conversa e educa\u00e7\u00e3o ambiental em meio ao verde [&hellip;]<\/p>\n","protected":false},"author":2,"featured_media":0,"template":"","meta":{"_tribe_events_status":"","_tribe_events_status_reason":"","footnotes":""},"tags":[23],"tribe_events_cat":[16],"class_list":["post-1973","tribe_events","type-tribe_events","status-publish","hentry","tag-de-4-a-14-anos","tribe_events_cat-musica","cat_musica"],"_links":{"self":[{"href":"https:\/\/viradasustentavel.org.br\/sao-paulo\/wp-json\/wp\/v2\/tribe_events\/1973","targetHints":{"allow":["GET"]}}],"collection":[{"href":"https:\/\/viradasustentavel.org.br\/sao-paulo\/wp-json\/wp\/v2\/tribe_events"}],"about":[{"href":"https:\/\/viradasustentavel.org.br\/sao-paulo\/wp-json\/wp\/v2\/types\/tribe_events"}],"author":[{"embeddable":true,"href":"https:\/\/viradasustentavel.org.br\/sao-paulo\/wp-json\/wp\/v2\/users\/2"}],"version-history":[{"count":0,"href":"https:\/\/viradasustentavel.org.br\/sao-paulo\/wp-json\/wp\/v2\/tribe_events\/1973\/revisions"}],"wp:attachment":[{"href":"https:\/\/viradasustentavel.org.br\/sao-paulo\/wp-json\/wp\/v2\/media?parent=1973"}],"wp:term":[{"taxonomy":"post_tag","embeddable":true,"href":"https:\/\/viradasustentavel.org.br\/sao-paulo\/wp-json\/wp\/v2\/tags?post=1973"},{"taxonomy":"tribe_events_cat","embeddable":true,"href":"https:\/\/viradasustentavel.org.br\/sao-paulo\/wp-json\/wp\/v2\/tribe_events_cat?post=1973"}],"curies":[{"name":"wp","href":"https:\/\/api.w.org\/{rel}","templated":true}]}}

Canções para Plantar

<p>Café com Plantas: Música e Cuidado Ambiental no Hospital das Plantas<br />
Venha participar do Café com Plantas, uma experiência que une música, conversa e educação ambiental em meio ao verde do Hospital das Plantas. Em uma roda acolhedora, vamos compartilhar saberes sobre o cuidado com as plantas e a natureza, acompanhados por um show intimista de voz e violão, com canções que celebram a vida e os ciclos da terra. Uma oportunidade para desacelerar, se conectar com o meio ambiente e levar para casa sementes de inspiração para práticas sustentáveis e afetivas. Atividade aberta para todos os públicos.</p>

<p>Café com Plantas: Música e Cuidado Ambiental no Hospital das Plantas Venha participar do Café com Plantas, uma experiência que une música, conversa e educação ambiental em meio ao verde [&hellip;]</p>
