{"id":1974,"date":"2025-09-12T20:23:28","date_gmt":"2025-09-12T23:23:28","guid":{"rendered":"https:\/\/viradasustentavel.org.br\/sao-paulo\/eventos\/literatura-desenvolvimento-sustentavel-manifesto-pelos-rios\/"},"modified":"2025-09-19T09:23:28","modified_gmt":"2025-09-19T12:23:28","slug":"literatura-desenvolvimento-sustentavel-manifesto-pelos-rios","status":"publish","type":"tribe_events","link":"https:\/\/viradasustentavel.org.br\/sao-paulo\/eventos\/literatura-desenvolvimento-sustentavel-manifesto-pelos-rios\/","title":{"rendered":"Literatura &amp; Desenvolvimento Sustent\u00e1vel: Manifesto pelos Rios"},"content":{"rendered":"<p>Oficina Manifesto pelos Rios<br \/>\nEm celebra\u00e7\u00e3o ao Dia Mundial dos Rios (23 de setembro), esta oficina convida crian\u00e7as e adultos a mergulharem na leitura do livro O que \u00e9 um rio? (WMF) e a refletirem sobre a import\u00e2ncia das \u00e1guas para a vida. A partir de uma leitura interativa, os participantes ser\u00e3o estimulados a compartilhar mem\u00f3rias, ideias e sentimentos sobre os rios, reconhecendo sua beleza, sua for\u00e7a e os desafios que enfrentam. Ao final, o grupo criar\u00e1 coletivamente um &#8220;Manifesto pelos Rios&#8221;, expressando, em suas pr\u00f3prias palavras, como acreditam que devemos cuidar e proteger essas fontes de vida. O texto ser\u00e1 lido em voz alta e registrado, tornando-se um s\u00edmbolo de compromisso e respeito pelas \u00e1guas do nosso pa\u00eds.<\/p>\n","protected":false},"excerpt":{"rendered":"<p>Oficina Manifesto pelos Rios Em celebra\u00e7\u00e3o ao Dia Mundial dos Rios (23 de setembro), esta oficina convida crian\u00e7as e adultos a mergulharem na leitura do livro O que \u00e9 um [&hellip;]<\/p>\n","protected":false},"author":2,"featured_media":9536,"template":"","meta":{"_tribe_events_status":"","_tribe_events_status_reason":"","footnotes":""},"tags":[23],"tribe_events_cat":[110],"class_list":["post-1974","tribe_events","type-tribe_events","status-publish","has-post-thumbnail","hentry","tag-de-4-a-14-anos","tribe_events_cat-contacao-de-historia","cat_contacao-de-historia"],"_links":{"self":[{"href":"https:\/\/viradasustentavel.org.br\/sao-paulo\/wp-json\/wp\/v2\/tribe_events\/1974","targetHints":{"allow":["GET"]}}],"collection":[{"href":"https:\/\/viradasustentavel.org.br\/sao-paulo\/wp-json\/wp\/v2\/tribe_events"}],"about":[{"href":"https:\/\/viradasustentavel.org.br\/sao-paulo\/wp-json\/wp\/v2\/types\/tribe_events"}],"author":[{"embeddable":true,"href":"https:\/\/viradasustentavel.org.br\/sao-paulo\/wp-json\/wp\/v2\/users\/2"}],"version-history":[{"count":1,"href":"https:\/\/viradasustentavel.org.br\/sao-paulo\/wp-json\/wp\/v2\/tribe_events\/1974\/revisions"}],"predecessor-version":[{"id":9537,"href":"https:\/\/viradasustentavel.org.br\/sao-paulo\/wp-json\/wp\/v2\/tribe_events\/1974\/revisions\/9537"}],"wp:featuredmedia":[{"embeddable":true,"href":"https:\/\/viradasustentavel.org.br\/sao-paulo\/wp-json\/wp\/v2\/media\/9536"}],"wp:attachment":[{"href":"https:\/\/viradasustentavel.org.br\/sao-paulo\/wp-json\/wp\/v2\/media?parent=1974"}],"wp:term":[{"taxonomy":"post_tag","embeddable":true,"href":"https:\/\/viradasustentavel.org.br\/sao-paulo\/wp-json\/wp\/v2\/tags?post=1974"},{"taxonomy":"tribe_events_cat","embeddable":true,"href":"https:\/\/viradasustentavel.org.br\/sao-paulo\/wp-json\/wp\/v2\/tribe_events_cat?post=1974"}],"curies":[{"name":"wp","href":"https:\/\/api.w.org\/{rel}","templated":true}]}}

Literatura &amp; Desenvolvimento Sustentável: Manifesto pelos Rios

<p>Oficina Manifesto pelos Rios<br />
Em celebração ao Dia Mundial dos Rios (23 de setembro), esta oficina convida crianças e adultos a mergulharem na leitura do livro O que é um rio? (WMF) e a refletirem sobre a importância das águas para a vida. A partir de uma leitura interativa, os participantes serão estimulados a compartilhar memórias, ideias e sentimentos sobre os rios, reconhecendo sua beleza, sua força e os desafios que enfrentam. Ao final, o grupo criará coletivamente um &#8220;Manifesto pelos Rios&#8221;, expressando, em suas próprias palavras, como acreditam que devemos cuidar e proteger essas fontes de vida. O texto será lido em voz alta e registrado, tornando-se um símbolo de compromisso e respeito pelas águas do nosso país.</p>

<p>Oficina Manifesto pelos Rios Em celebração ao Dia Mundial dos Rios (23 de setembro), esta oficina convida crianças e adultos a mergulharem na leitura do livro O que é um [&hellip;]</p>
