{"id":1975,"date":"2025-09-12T20:23:29","date_gmt":"2025-09-12T23:23:29","guid":{"rendered":"https:\/\/viradasustentavel.org.br\/sao-paulo\/eventos\/tramas-da-flora-brasileira\/"},"modified":"2025-09-19T09:26:04","modified_gmt":"2025-09-19T12:26:04","slug":"tramas-da-flora-brasileira","status":"publish","type":"tribe_events","link":"https:\/\/viradasustentavel.org.br\/sao-paulo\/eventos\/tramas-da-flora-brasileira\/","title":{"rendered":"Tramas da Flora Brasileira"},"content":{"rendered":"<p>A oficina &#8220;Tramas da Flora Brasileira&#8221; prop\u00f5e uma imers\u00e3o art\u00edstica e sens\u00edvel na biodiversidade do Brasil por meio do bordado manual. Inspirada pelo tema da Virada Sustent\u00e1vel, a atividade une arte t\u00eaxtil, educa\u00e7\u00e3o ambiental e valoriza\u00e7\u00e3o do patrim\u00f4nio natural. Durante a oficina, os participantes s\u00e3o convidados a conhecer esp\u00e9cies da flora brasileira, como o ip\u00ea-amarelo, a vit\u00f3ria-r\u00e9gia e o pau-brasil, e a represent\u00e1-las em miniaturas bordadas, usando t\u00e9cnicas simples de bordado livre. Mais do que uma atividade art\u00edstica, a oficina \u00e9 uma forma de promover o contato afetivo com a natureza e de refletir sobre a import\u00e2ncia da conserva\u00e7\u00e3o ambiental, da valoriza\u00e7\u00e3o da cultura artesanal e do uso respons\u00e1vel de materiais. Ao final, cada participante leva consigo uma pequena obra bot\u00e2nica bordada, como s\u00edmbolo do v\u00ednculo entre cultura e sustentabilidade.<\/p>\n","protected":false},"excerpt":{"rendered":"<p>A oficina &#8220;Tramas da Flora Brasileira&#8221; prop\u00f5e uma imers\u00e3o art\u00edstica e sens\u00edvel na biodiversidade do Brasil por meio do bordado manual. Inspirada pelo tema da Virada Sustent\u00e1vel, a atividade une [&hellip;]<\/p>\n","protected":false},"author":2,"featured_media":9538,"template":"","meta":{"_tribe_events_status":"","_tribe_events_status_reason":"","footnotes":""},"tags":[23],"tribe_events_cat":[107],"class_list":["post-1975","tribe_events","type-tribe_events","status-publish","has-post-thumbnail","hentry","tag-de-4-a-14-anos","tribe_events_cat-oficina","cat_oficina"],"_links":{"self":[{"href":"https:\/\/viradasustentavel.org.br\/sao-paulo\/wp-json\/wp\/v2\/tribe_events\/1975","targetHints":{"allow":["GET"]}}],"collection":[{"href":"https:\/\/viradasustentavel.org.br\/sao-paulo\/wp-json\/wp\/v2\/tribe_events"}],"about":[{"href":"https:\/\/viradasustentavel.org.br\/sao-paulo\/wp-json\/wp\/v2\/types\/tribe_events"}],"author":[{"embeddable":true,"href":"https:\/\/viradasustentavel.org.br\/sao-paulo\/wp-json\/wp\/v2\/users\/2"}],"version-history":[{"count":1,"href":"https:\/\/viradasustentavel.org.br\/sao-paulo\/wp-json\/wp\/v2\/tribe_events\/1975\/revisions"}],"predecessor-version":[{"id":9539,"href":"https:\/\/viradasustentavel.org.br\/sao-paulo\/wp-json\/wp\/v2\/tribe_events\/1975\/revisions\/9539"}],"wp:featuredmedia":[{"embeddable":true,"href":"https:\/\/viradasustentavel.org.br\/sao-paulo\/wp-json\/wp\/v2\/media\/9538"}],"wp:attachment":[{"href":"https:\/\/viradasustentavel.org.br\/sao-paulo\/wp-json\/wp\/v2\/media?parent=1975"}],"wp:term":[{"taxonomy":"post_tag","embeddable":true,"href":"https:\/\/viradasustentavel.org.br\/sao-paulo\/wp-json\/wp\/v2\/tags?post=1975"},{"taxonomy":"tribe_events_cat","embeddable":true,"href":"https:\/\/viradasustentavel.org.br\/sao-paulo\/wp-json\/wp\/v2\/tribe_events_cat?post=1975"}],"curies":[{"name":"wp","href":"https:\/\/api.w.org\/{rel}","templated":true}]}}

<p>A oficina &#8220;Tramas da Flora Brasileira&#8221; propõe uma imersão artística e sensível na biodiversidade do Brasil por meio do bordado manual. Inspirada pelo tema da Virada Sustentável, a atividade une arte têxtil, educação ambiental e valorização do patrimônio natural. Durante a oficina, os participantes são convidados a conhecer espécies da flora brasileira, como o ipê-amarelo, a vitória-régia e o pau-brasil, e a representá-las em miniaturas bordadas, usando técnicas simples de bordado livre. Mais do que uma atividade artística, a oficina é uma forma de promover o contato afetivo com a natureza e de refletir sobre a importância da conservação ambiental, da valorização da cultura artesanal e do uso responsável de materiais. Ao final, cada participante leva consigo uma pequena obra botânica bordada, como símbolo do vínculo entre cultura e sustentabilidade.</p>

<p>A oficina &#8220;Tramas da Flora Brasileira&#8221; propõe uma imersão artística e sensível na biodiversidade do Brasil por meio do bordado manual. Inspirada pelo tema da Virada Sustentável, a atividade une [&hellip;]</p>
