{"id":1976,"date":"2025-09-12T20:23:30","date_gmt":"2025-09-12T23:23:30","guid":{"rendered":"https:\/\/viradasustentavel.org.br\/sao-paulo\/eventos\/o-planeta-agradece\/"},"modified":"2025-09-12T20:23:30","modified_gmt":"2025-09-12T23:23:30","slug":"o-planeta-agradece","status":"publish","type":"tribe_events","link":"https:\/\/viradasustentavel.org.br\/sao-paulo\/eventos\/o-planeta-agradece\/","title":{"rendered":"O Planeta Agradece"},"content":{"rendered":"<p>Espet\u00e1culo bil\u00edngue de m\u00fasica e teatro para crian\u00e7as e fam\u00edlias, \u201cO Planeta Agradece\u201d convida o p\u00fablico a embarcar numa jornada divertida e po\u00e9tica sobre sustentabilidade e cuidado com o meio ambiente. Com trilha sonora original, cenografia feita com materiais reciclados e personagens encantadores como Tekne e o Sult\u00e3o Baobab, a apresenta\u00e7\u00e3o mistura arte, educa\u00e7\u00e3o e intera\u00e7\u00e3o para inspirar atitudes conscientes desde a inf\u00e2ncia. Uma experi\u00eancia leve, educativa e transformadora para todas as idades.<\/p>\n","protected":false},"excerpt":{"rendered":"<p>Espet\u00e1culo bil\u00edngue de m\u00fasica e teatro para crian\u00e7as e fam\u00edlias, \u201cO Planeta Agradece\u201d convida o p\u00fablico a embarcar numa jornada divertida e po\u00e9tica sobre sustentabilidade e cuidado com o meio [&hellip;]<\/p>\n","protected":false},"author":2,"featured_media":0,"template":"","meta":{"_tribe_events_status":"","_tribe_events_status_reason":"","footnotes":""},"tags":[113],"tribe_events_cat":[107],"class_list":["post-1976","tribe_events","type-tribe_events","status-publish","hentry","tag-libras","tribe_events_cat-oficina","cat_oficina"],"_links":{"self":[{"href":"https:\/\/viradasustentavel.org.br\/sao-paulo\/wp-json\/wp\/v2\/tribe_events\/1976","targetHints":{"allow":["GET"]}}],"collection":[{"href":"https:\/\/viradasustentavel.org.br\/sao-paulo\/wp-json\/wp\/v2\/tribe_events"}],"about":[{"href":"https:\/\/viradasustentavel.org.br\/sao-paulo\/wp-json\/wp\/v2\/types\/tribe_events"}],"author":[{"embeddable":true,"href":"https:\/\/viradasustentavel.org.br\/sao-paulo\/wp-json\/wp\/v2\/users\/2"}],"version-history":[{"count":0,"href":"https:\/\/viradasustentavel.org.br\/sao-paulo\/wp-json\/wp\/v2\/tribe_events\/1976\/revisions"}],"wp:attachment":[{"href":"https:\/\/viradasustentavel.org.br\/sao-paulo\/wp-json\/wp\/v2\/media?parent=1976"}],"wp:term":[{"taxonomy":"post_tag","embeddable":true,"href":"https:\/\/viradasustentavel.org.br\/sao-paulo\/wp-json\/wp\/v2\/tags?post=1976"},{"taxonomy":"tribe_events_cat","embeddable":true,"href":"https:\/\/viradasustentavel.org.br\/sao-paulo\/wp-json\/wp\/v2\/tribe_events_cat?post=1976"}],"curies":[{"name":"wp","href":"https:\/\/api.w.org\/{rel}","templated":true}]}}

<p>Espetáculo bilíngue de música e teatro para crianças e famílias, “O Planeta Agradece” convida o público a embarcar numa jornada divertida e poética sobre sustentabilidade e cuidado com o meio ambiente. Com trilha sonora original, cenografia feita com materiais reciclados e personagens encantadores como Tekne e o Sultão Baobab, a apresentação mistura arte, educação e interação para inspirar atitudes conscientes desde a infância. Uma experiência leve, educativa e transformadora para todas as idades.</p>

<p>Espetáculo bilíngue de música e teatro para crianças e famílias, “O Planeta Agradece” convida o público a embarcar numa jornada divertida e poética sobre sustentabilidade e cuidado com o meio [&hellip;]</p>
