{"id":1977,"date":"2025-09-12T20:23:31","date_gmt":"2025-09-12T23:23:31","guid":{"rendered":"https:\/\/viradasustentavel.org.br\/sao-paulo\/eventos\/superciclagem-consultoria-em-solucoes-poeticas\/"},"modified":"2025-09-12T20:23:31","modified_gmt":"2025-09-12T23:23:31","slug":"superciclagem-consultoria-em-solucoes-poeticas","status":"publish","type":"tribe_events","link":"https:\/\/viradasustentavel.org.br\/sao-paulo\/eventos\/superciclagem-consultoria-em-solucoes-poeticas\/","title":{"rendered":"Superciclagem \u2013 Consultoria em Solu\u00e7\u00f5es Po\u00e9ticas"},"content":{"rendered":"<p>Cria\u00e7\u00e3o de pe\u00e7as utilit\u00e1rias, como: bolsas, carteiras e lumin\u00e1rias, a partir de sacolas pl\u00e1sticas, aprendendo identificar tipos de pl\u00e1sticos e experienciando solu\u00e7\u00f5es a partir da t\u00e9cnica da soldagem.<\/p>\n","protected":false},"excerpt":{"rendered":"<p>Cria\u00e7\u00e3o de pe\u00e7as utilit\u00e1rias, como: bolsas, carteiras e lumin\u00e1rias, a partir de sacolas pl\u00e1sticas, aprendendo identificar tipos de pl\u00e1sticos e experienciando solu\u00e7\u00f5es a partir da t\u00e9cnica da soldagem.<\/p>\n","protected":false},"author":2,"featured_media":0,"template":"","meta":{"_tribe_events_status":"","_tribe_events_status_reason":"","footnotes":""},"tags":[23],"tribe_events_cat":[107],"class_list":["post-1977","tribe_events","type-tribe_events","status-publish","hentry","tag-de-4-a-14-anos","tribe_events_cat-oficina","cat_oficina"],"_links":{"self":[{"href":"https:\/\/viradasustentavel.org.br\/sao-paulo\/wp-json\/wp\/v2\/tribe_events\/1977","targetHints":{"allow":["GET"]}}],"collection":[{"href":"https:\/\/viradasustentavel.org.br\/sao-paulo\/wp-json\/wp\/v2\/tribe_events"}],"about":[{"href":"https:\/\/viradasustentavel.org.br\/sao-paulo\/wp-json\/wp\/v2\/types\/tribe_events"}],"author":[{"embeddable":true,"href":"https:\/\/viradasustentavel.org.br\/sao-paulo\/wp-json\/wp\/v2\/users\/2"}],"version-history":[{"count":0,"href":"https:\/\/viradasustentavel.org.br\/sao-paulo\/wp-json\/wp\/v2\/tribe_events\/1977\/revisions"}],"wp:attachment":[{"href":"https:\/\/viradasustentavel.org.br\/sao-paulo\/wp-json\/wp\/v2\/media?parent=1977"}],"wp:term":[{"taxonomy":"post_tag","embeddable":true,"href":"https:\/\/viradasustentavel.org.br\/sao-paulo\/wp-json\/wp\/v2\/tags?post=1977"},{"taxonomy":"tribe_events_cat","embeddable":true,"href":"https:\/\/viradasustentavel.org.br\/sao-paulo\/wp-json\/wp\/v2\/tribe_events_cat?post=1977"}],"curies":[{"name":"wp","href":"https:\/\/api.w.org\/{rel}","templated":true}]}}

Superciclagem – Consultoria em Soluções Poéticas

<p>Criação de peças utilitárias, como: bolsas, carteiras e luminárias, a partir de sacolas plásticas, aprendendo identificar tipos de plásticos e experienciando soluções a partir da técnica da soldagem.</p>
