{"id":1979,"date":"2025-09-12T20:25:29","date_gmt":"2025-09-12T23:25:29","guid":{"rendered":"https:\/\/viradasustentavel.org.br\/sao-paulo\/eventos\/cortejo-murundu\/"},"modified":"2025-09-12T20:25:29","modified_gmt":"2025-09-12T23:25:29","slug":"cortejo-murundu","status":"publish","type":"tribe_events","link":"https:\/\/viradasustentavel.org.br\/sao-paulo\/eventos\/cortejo-murundu\/","title":{"rendered":"Cortejo Murundu"},"content":{"rendered":"<p>O Cortejo Murundu \u00e9 uma interven\u00e7\u00e3o art\u00edstica itinerante com m\u00fasica, dan\u00e7a, brincadeiras e intera\u00e7\u00f5es com o p\u00fablico. Quatro artistas \u2014 cantoras, musicistas e brincantes \u2014 conduzem o cortejo com ritmos como coco de roda, cirandas e cantos de trabalho. As can\u00e7\u00f5es abordam temas como sustentabilidade, meio ambiente e o cultivo da terra.<\/p>\n","protected":false},"excerpt":{"rendered":"<p>O Cortejo Murundu \u00e9 uma interven\u00e7\u00e3o art\u00edstica itinerante com m\u00fasica, dan\u00e7a, brincadeiras e intera\u00e7\u00f5es com o p\u00fablico. Quatro artistas \u2014 cantoras, musicistas e brincantes \u2014 conduzem o cortejo com ritmos [&hellip;]<\/p>\n","protected":false},"author":2,"featured_media":0,"template":"","meta":{"_tribe_events_status":"","_tribe_events_status_reason":"","footnotes":""},"tags":[124,125],"tribe_events_cat":[16],"class_list":["post-1979","tribe_events","type-tribe_events","status-publish","hentry","tag-algumas-musicas-do-cortejo-sao-cantadas-e-interpretadas-em-libras","tag-como-uma-coreografia-acessivel","tribe_events_cat-musica","cat_musica"],"_links":{"self":[{"href":"https:\/\/viradasustentavel.org.br\/sao-paulo\/wp-json\/wp\/v2\/tribe_events\/1979","targetHints":{"allow":["GET"]}}],"collection":[{"href":"https:\/\/viradasustentavel.org.br\/sao-paulo\/wp-json\/wp\/v2\/tribe_events"}],"about":[{"href":"https:\/\/viradasustentavel.org.br\/sao-paulo\/wp-json\/wp\/v2\/types\/tribe_events"}],"author":[{"embeddable":true,"href":"https:\/\/viradasustentavel.org.br\/sao-paulo\/wp-json\/wp\/v2\/users\/2"}],"version-history":[{"count":0,"href":"https:\/\/viradasustentavel.org.br\/sao-paulo\/wp-json\/wp\/v2\/tribe_events\/1979\/revisions"}],"wp:attachment":[{"href":"https:\/\/viradasustentavel.org.br\/sao-paulo\/wp-json\/wp\/v2\/media?parent=1979"}],"wp:term":[{"taxonomy":"post_tag","embeddable":true,"href":"https:\/\/viradasustentavel.org.br\/sao-paulo\/wp-json\/wp\/v2\/tags?post=1979"},{"taxonomy":"tribe_events_cat","embeddable":true,"href":"https:\/\/viradasustentavel.org.br\/sao-paulo\/wp-json\/wp\/v2\/tribe_events_cat?post=1979"}],"curies":[{"name":"wp","href":"https:\/\/api.w.org\/{rel}","templated":true}]}}

<p>O Cortejo Murundu é uma intervenção artística itinerante com música, dança, brincadeiras e interações com o público. Quatro artistas — cantoras, musicistas e brincantes — conduzem o cortejo com ritmos como coco de roda, cirandas e cantos de trabalho. As canções abordam temas como sustentabilidade, meio ambiente e o cultivo da terra.</p>

<p>O Cortejo Murundu é uma intervenção artística itinerante com música, dança, brincadeiras e interações com o público. Quatro artistas — cantoras, musicistas e brincantes — conduzem o cortejo com ritmos [&hellip;]</p>
