{"id":1980,"date":"2025-09-12T20:25:30","date_gmt":"2025-09-12T23:25:30","guid":{"rendered":"https:\/\/viradasustentavel.org.br\/sao-paulo\/eventos\/o-legado-da-devastacao\/"},"modified":"2025-09-12T20:25:30","modified_gmt":"2025-09-12T23:25:30","slug":"o-legado-da-devastacao","status":"publish","type":"tribe_events","link":"https:\/\/viradasustentavel.org.br\/sao-paulo\/eventos\/o-legado-da-devastacao\/","title":{"rendered":"O Legado da Devasta\u00e7\u00e3o"},"content":{"rendered":"<p>O Legado da Devasta\u00e7\u00e3o \u00e9 uma performance de rua do coletivo (se)cura humana que transforma o espa\u00e7o p\u00fablico em palco de den\u00fancia e reflex\u00e3o sobre a crise socioambiental. A a\u00e7\u00e3o apresenta figuras emblem\u00e1ticas: o \u201cCEO da Devasta\u00e7\u00e3o\u201d, bilion\u00e1rio da minera\u00e7\u00e3o e da chamada transi\u00e7\u00e3o energ\u00e9tica, arrasta \u00e0s costas um painel solar coberto de lama de rejeito, s\u00edmbolo do impacto oculto das grandes obras e da explora\u00e7\u00e3o de minerais cr\u00edticos. Seu &#8220;legado&#8221; \u00e9 puxado por duas figuras com m\u00e1scaras de g\u00e1s arrastando troncos de \u00e1rvores mortas, respirando com elas. Entre eles, um ind\u00edgena carrega seu pr\u00f3prio tronco como emblema de luta, resist\u00eancia e reexist\u00eancia.<br \/>\nCom forte presen\u00e7a visual e intera\u00e7\u00e3o direta com o p\u00fablico, a interven\u00e7\u00e3o mistura trilha musical ao vivo e falas incisivas, despertando perguntas urgentes: Qual ser\u00e1 o legado da explora\u00e7\u00e3o ambiental?<\/p>\n","protected":false},"excerpt":{"rendered":"<p>O Legado da Devasta\u00e7\u00e3o \u00e9 uma performance de rua do coletivo (se)cura humana que transforma o espa\u00e7o p\u00fablico em palco de den\u00fancia e reflex\u00e3o sobre a crise socioambiental. A a\u00e7\u00e3o [&hellip;]<\/p>\n","protected":false},"author":2,"featured_media":0,"template":"","meta":{"_tribe_events_status":"","_tribe_events_status_reason":"","footnotes":""},"tags":[126,129,127,128],"tribe_events_cat":[18],"class_list":["post-1980","tribe_events","type-tribe_events","status-publish","hentry","tag-a-intervencao-e-predominantemente-visual-e-performatica","tag-elas-serao-acompanhadas-por-interprete-de-libras","tag-facilitando-a-fruicao-por-pessoas-com-diferentes-niveis-de-compreensao-auditiva-inclui-interacao-direta-com-o-publico-e-uso-de-elementos-visuais-de-grande-impacto","tag-permitindo-que-a-mensagem-seja-compreendida-tambem-por-pessoas-surdas-quando-houver-falas","tribe_events_cat-performance","cat_performance"],"_links":{"self":[{"href":"https:\/\/viradasustentavel.org.br\/sao-paulo\/wp-json\/wp\/v2\/tribe_events\/1980","targetHints":{"allow":["GET"]}}],"collection":[{"href":"https:\/\/viradasustentavel.org.br\/sao-paulo\/wp-json\/wp\/v2\/tribe_events"}],"about":[{"href":"https:\/\/viradasustentavel.org.br\/sao-paulo\/wp-json\/wp\/v2\/types\/tribe_events"}],"author":[{"embeddable":true,"href":"https:\/\/viradasustentavel.org.br\/sao-paulo\/wp-json\/wp\/v2\/users\/2"}],"version-history":[{"count":0,"href":"https:\/\/viradasustentavel.org.br\/sao-paulo\/wp-json\/wp\/v2\/tribe_events\/1980\/revisions"}],"wp:attachment":[{"href":"https:\/\/viradasustentavel.org.br\/sao-paulo\/wp-json\/wp\/v2\/media?parent=1980"}],"wp:term":[{"taxonomy":"post_tag","embeddable":true,"href":"https:\/\/viradasustentavel.org.br\/sao-paulo\/wp-json\/wp\/v2\/tags?post=1980"},{"taxonomy":"tribe_events_cat","embeddable":true,"href":"https:\/\/viradasustentavel.org.br\/sao-paulo\/wp-json\/wp\/v2\/tribe_events_cat?post=1980"}],"curies":[{"name":"wp","href":"https:\/\/api.w.org\/{rel}","templated":true}]}}

O Legado da Devastação

<p>O Legado da Devastação é uma performance de rua do coletivo (se)cura humana que transforma o espaço público em palco de denúncia e reflexão sobre a crise socioambiental. A ação apresenta figuras emblemáticas: o “CEO da Devastação”, bilionário da mineração e da chamada transição energética, arrasta às costas um painel solar coberto de lama de rejeito, símbolo do impacto oculto das grandes obras e da exploração de minerais críticos. Seu &#8220;legado&#8221; é puxado por duas figuras com máscaras de gás arrastando troncos de árvores mortas, respirando com elas. Entre eles, um indígena carrega seu próprio tronco como emblema de luta, resistência e reexistência.<br />
Com forte presença visual e interação direta com o público, a intervenção mistura trilha musical ao vivo e falas incisivas, despertando perguntas urgentes: Qual será o legado da exploração ambiental?</p>

<p>O Legado da Devastação é uma performance de rua do coletivo (se)cura humana que transforma o espaço público em palco de denúncia e reflexão sobre a crise socioambiental. A ação [&hellip;]</p>
