{"id":1981,"date":"2025-09-12T20:25:31","date_gmt":"2025-09-12T23:25:31","guid":{"rendered":"https:\/\/viradasustentavel.org.br\/sao-paulo\/eventos\/yoga-no-parque-aclimacao-michele-sakai\/"},"modified":"2025-09-12T20:25:31","modified_gmt":"2025-09-12T23:25:31","slug":"yoga-no-parque-aclimacao-michele-sakai","status":"publish","type":"tribe_events","link":"https:\/\/viradasustentavel.org.br\/sao-paulo\/eventos\/yoga-no-parque-aclimacao-michele-sakai\/","title":{"rendered":"Yoga no Parque Aclima\u00e7\u00e3o \u2013 Michele Sakai"},"content":{"rendered":"<p>Uma pr\u00e1tica ao ar livre, explorando movimentos conscientes, respira\u00e7\u00e3o profunda e momentos de presen\u00e7a, com foco na harmonia entre corpo, mente e alma. N\u00e3o esque\u00e7a o tapetinho de Yoga e seja bem-vindo!<\/p>\n","protected":false},"excerpt":{"rendered":"<p>Uma pr\u00e1tica ao ar livre, explorando movimentos conscientes, respira\u00e7\u00e3o profunda e momentos de presen\u00e7a, com foco na harmonia entre corpo, mente e alma. N\u00e3o esque\u00e7a o tapetinho de Yoga e [&hellip;]<\/p>\n","protected":false},"author":2,"featured_media":0,"template":"","meta":{"_tribe_events_status":"","_tribe_events_status_reason":"","footnotes":""},"tags":[23],"tribe_events_cat":[130],"class_list":["post-1981","tribe_events","type-tribe_events","status-publish","hentry","tag-de-4-a-14-anos","tribe_events_cat-outros","cat_outros"],"_links":{"self":[{"href":"https:\/\/viradasustentavel.org.br\/sao-paulo\/wp-json\/wp\/v2\/tribe_events\/1981","targetHints":{"allow":["GET"]}}],"collection":[{"href":"https:\/\/viradasustentavel.org.br\/sao-paulo\/wp-json\/wp\/v2\/tribe_events"}],"about":[{"href":"https:\/\/viradasustentavel.org.br\/sao-paulo\/wp-json\/wp\/v2\/types\/tribe_events"}],"author":[{"embeddable":true,"href":"https:\/\/viradasustentavel.org.br\/sao-paulo\/wp-json\/wp\/v2\/users\/2"}],"version-history":[{"count":0,"href":"https:\/\/viradasustentavel.org.br\/sao-paulo\/wp-json\/wp\/v2\/tribe_events\/1981\/revisions"}],"wp:attachment":[{"href":"https:\/\/viradasustentavel.org.br\/sao-paulo\/wp-json\/wp\/v2\/media?parent=1981"}],"wp:term":[{"taxonomy":"post_tag","embeddable":true,"href":"https:\/\/viradasustentavel.org.br\/sao-paulo\/wp-json\/wp\/v2\/tags?post=1981"},{"taxonomy":"tribe_events_cat","embeddable":true,"href":"https:\/\/viradasustentavel.org.br\/sao-paulo\/wp-json\/wp\/v2\/tribe_events_cat?post=1981"}],"curies":[{"name":"wp","href":"https:\/\/api.w.org\/{rel}","templated":true}]}}

Yoga no Parque Aclimação – Michele Sakai

<p>Uma prática ao ar livre, explorando movimentos conscientes, respiração profunda e momentos de presença, com foco na harmonia entre corpo, mente e alma. Não esqueça o tapetinho de Yoga e seja bem-vindo!</p>

<p>Uma prática ao ar livre, explorando movimentos conscientes, respiração profunda e momentos de presença, com foco na harmonia entre corpo, mente e alma. Não esqueça o tapetinho de Yoga e [&hellip;]</p>
