{"id":1982,"date":"2025-09-12T20:27:05","date_gmt":"2025-09-12T23:27:05","guid":{"rendered":"https:\/\/viradasustentavel.org.br\/sao-paulo\/eventos\/verdejando-a-mooca\/"},"modified":"2025-09-12T20:27:05","modified_gmt":"2025-09-12T23:27:05","slug":"verdejando-a-mooca","status":"publish","type":"tribe_events","link":"https:\/\/viradasustentavel.org.br\/sao-paulo\/eventos\/verdejando-a-mooca\/","title":{"rendered":"Verdejando a Mooca"},"content":{"rendered":"<p>No dia 20 de setembro, das 9h \u00e0s 16h, o Liceu Santa Cruz promove o evento Verdejando a Mooca, parte da Virada Sustent\u00e1vel de S\u00e3o Paulo 2025. A iniciativa integra o projeto que visa plantar mil \u00e1rvores no bairro ao longo do ano, contribuindo para o combate \u00e0 crise clim\u00e1tica e \u00e0 ilha de calor urbana.<br \/>\nO evento reunir\u00e1 atividades gratuitas de educa\u00e7\u00e3o ambiental, plantio de \u00e1rvores nativas, oficinas pr\u00e1ticas de sustentabilidade, apresenta\u00e7\u00f5es teatrais e musicais, envolvendo alunos, fam\u00edlias e a comunidade local. Com foco em a\u00e7\u00f5es concretas e criativas, o encontro busca inspirar h\u00e1bitos mais sustent\u00e1veis e fortalecer o engajamento coletivo pela preserva\u00e7\u00e3o ambiental e pela transforma\u00e7\u00e3o da Mooca em um bairro mais verde e saud\u00e1vel.<\/p>\n","protected":false},"excerpt":{"rendered":"<p>No dia 20 de setembro, das 9h \u00e0s 16h, o Liceu Santa Cruz promove o evento Verdejando a Mooca, parte da Virada Sustent\u00e1vel de S\u00e3o Paulo 2025. A iniciativa integra [&hellip;]<\/p>\n","protected":false},"author":2,"featured_media":0,"template":"","meta":{"_tribe_events_status":"","_tribe_events_status_reason":"","footnotes":""},"tags":[131],"tribe_events_cat":[107],"class_list":["post-1982","tribe_events","type-tribe_events","status-publish","hentry","tag-o-espaco-da-escola-possui-acessibilidade","tribe_events_cat-oficina","cat_oficina"],"_links":{"self":[{"href":"https:\/\/viradasustentavel.org.br\/sao-paulo\/wp-json\/wp\/v2\/tribe_events\/1982","targetHints":{"allow":["GET"]}}],"collection":[{"href":"https:\/\/viradasustentavel.org.br\/sao-paulo\/wp-json\/wp\/v2\/tribe_events"}],"about":[{"href":"https:\/\/viradasustentavel.org.br\/sao-paulo\/wp-json\/wp\/v2\/types\/tribe_events"}],"author":[{"embeddable":true,"href":"https:\/\/viradasustentavel.org.br\/sao-paulo\/wp-json\/wp\/v2\/users\/2"}],"version-history":[{"count":0,"href":"https:\/\/viradasustentavel.org.br\/sao-paulo\/wp-json\/wp\/v2\/tribe_events\/1982\/revisions"}],"wp:attachment":[{"href":"https:\/\/viradasustentavel.org.br\/sao-paulo\/wp-json\/wp\/v2\/media?parent=1982"}],"wp:term":[{"taxonomy":"post_tag","embeddable":true,"href":"https:\/\/viradasustentavel.org.br\/sao-paulo\/wp-json\/wp\/v2\/tags?post=1982"},{"taxonomy":"tribe_events_cat","embeddable":true,"href":"https:\/\/viradasustentavel.org.br\/sao-paulo\/wp-json\/wp\/v2\/tribe_events_cat?post=1982"}],"curies":[{"name":"wp","href":"https:\/\/api.w.org\/{rel}","templated":true}]}}

<p>No dia 20 de setembro, das 9h às 16h, o Liceu Santa Cruz promove o evento Verdejando a Mooca, parte da Virada Sustentável de São Paulo 2025. A iniciativa integra o projeto que visa plantar mil árvores no bairro ao longo do ano, contribuindo para o combate à crise climática e à ilha de calor urbana.<br />
O evento reunirá atividades gratuitas de educação ambiental, plantio de árvores nativas, oficinas práticas de sustentabilidade, apresentações teatrais e musicais, envolvendo alunos, famílias e a comunidade local. Com foco em ações concretas e criativas, o encontro busca inspirar hábitos mais sustentáveis e fortalecer o engajamento coletivo pela preservação ambiental e pela transformação da Mooca em um bairro mais verde e saudável.</p>

<p>No dia 20 de setembro, das 9h às 16h, o Liceu Santa Cruz promove o evento Verdejando a Mooca, parte da Virada Sustentável de São Paulo 2025. A iniciativa integra [&hellip;]</p>
