{"id":1983,"date":"2025-09-12T20:27:07","date_gmt":"2025-09-12T23:27:07","guid":{"rendered":"https:\/\/viradasustentavel.org.br\/sao-paulo\/eventos\/6a-edicao-do-cafe-com-partilha\/"},"modified":"2025-09-12T20:27:07","modified_gmt":"2025-09-12T23:27:07","slug":"6a-edicao-do-cafe-com-partilha","status":"publish","type":"tribe_events","link":"https:\/\/viradasustentavel.org.br\/sao-paulo\/eventos\/6a-edicao-do-cafe-com-partilha\/","title":{"rendered":"6\u00aa edi\u00e7\u00e3o do Caf\u00e9 Com Partilha"},"content":{"rendered":"<p>Sexta edi\u00e7\u00e3o do Caf\u00e9 Com Partilha \u2013 Saberes Ambientais S\u00e3o Paulo no maior festival de sustentabilidade do pa\u00eds!<br \/>\nSer\u00e1 uma oportunidade de discutir como aplicar a Educa\u00e7\u00e3o Ambiental nas institui\u00e7\u00f5es escolares e empresas, conhecer o GiroAgroecol\u00f3gicoSP, uma solu\u00e7\u00e3o pedag\u00f3gica inovadora para integrar o meio ambiente em suas atividades, al\u00e9m do networking com demais profissionais da \u00e1rea de capacita\u00e7\u00f5es em parceria com a Abraps! <\/p>\n<p>Tudo isso na Escape Time, a sala de fuga mais famosa da cidade!<br \/>\nO evento inclui:<br \/>\n. Conversa sobre educa\u00e7\u00e3o ambiental e uso de tecnologias sustent\u00e1veis nas comunidades;<br \/>\n. Visita as salas da Escape Time;<br \/>\n. Caf\u00e9 da tarde com produtos artesanais;<br \/>\n. Experi\u00eancias GiroAgroecol\u00f3gicoSP;<br \/>\n. Oficina \u201cA Cultura no Desenvolvimento Sustent\u00e1vel&#8221;.<br \/>\n\ud83c\udf0d Esperamos voc\u00ea para um evento enriquecedor e inspirador!<br \/>\n Cadastro via formul\u00e1rio forms<br \/>\nVagas limitadas!<\/p>\n","protected":false},"excerpt":{"rendered":"<p>Sexta edi\u00e7\u00e3o do Caf\u00e9 Com Partilha \u2013 Saberes Ambientais S\u00e3o Paulo no maior festival de sustentabilidade do pa\u00eds! Ser\u00e1 uma oportunidade de discutir como aplicar a Educa\u00e7\u00e3o Ambiental nas institui\u00e7\u00f5es [&hellip;]<\/p>\n","protected":false},"author":2,"featured_media":0,"template":"","meta":{"_tribe_events_status":"","_tribe_events_status_reason":"","footnotes":""},"tags":[132],"tribe_events_cat":[107],"class_list":["post-1983","tribe_events","type-tribe_events","status-publish","hentry","tag-piso-acessivel-para-mobilidade-reduzida","tribe_events_cat-oficina","cat_oficina"],"_links":{"self":[{"href":"https:\/\/viradasustentavel.org.br\/sao-paulo\/wp-json\/wp\/v2\/tribe_events\/1983","targetHints":{"allow":["GET"]}}],"collection":[{"href":"https:\/\/viradasustentavel.org.br\/sao-paulo\/wp-json\/wp\/v2\/tribe_events"}],"about":[{"href":"https:\/\/viradasustentavel.org.br\/sao-paulo\/wp-json\/wp\/v2\/types\/tribe_events"}],"author":[{"embeddable":true,"href":"https:\/\/viradasustentavel.org.br\/sao-paulo\/wp-json\/wp\/v2\/users\/2"}],"version-history":[{"count":0,"href":"https:\/\/viradasustentavel.org.br\/sao-paulo\/wp-json\/wp\/v2\/tribe_events\/1983\/revisions"}],"wp:attachment":[{"href":"https:\/\/viradasustentavel.org.br\/sao-paulo\/wp-json\/wp\/v2\/media?parent=1983"}],"wp:term":[{"taxonomy":"post_tag","embeddable":true,"href":"https:\/\/viradasustentavel.org.br\/sao-paulo\/wp-json\/wp\/v2\/tags?post=1983"},{"taxonomy":"tribe_events_cat","embeddable":true,"href":"https:\/\/viradasustentavel.org.br\/sao-paulo\/wp-json\/wp\/v2\/tribe_events_cat?post=1983"}],"curies":[{"name":"wp","href":"https:\/\/api.w.org\/{rel}","templated":true}]}}

6ª edição do Café Com Partilha

<p>Sexta edição do Café Com Partilha – Saberes Ambientais São Paulo no maior festival de sustentabilidade do país!<br />
Será uma oportunidade de discutir como aplicar a Educação Ambiental nas instituições escolares e empresas, conhecer o GiroAgroecológicoSP, uma solução pedagógica inovadora para integrar o meio ambiente em suas atividades, além do networking com demais profissionais da área de capacitações em parceria com a Abraps! </p>
<p>Tudo isso na Escape Time, a sala de fuga mais famosa da cidade!<br />
O evento inclui:<br />
. Conversa sobre educação ambiental e uso de tecnologias sustentáveis nas comunidades;<br />
. Visita as salas da Escape Time;<br />
. Café da tarde com produtos artesanais;<br />
. Experiências GiroAgroecológicoSP;<br />
. Oficina “A Cultura no Desenvolvimento Sustentável&#8221;.<br />
🌍 Esperamos você para um evento enriquecedor e inspirador!<br />
 Cadastro via formulário forms<br />
Vagas limitadas!</p>

<p>Sexta edição do Café Com Partilha – Saberes Ambientais São Paulo no maior festival de sustentabilidade do país! Será uma oportunidade de discutir como aplicar a Educação Ambiental nas instituições [&hellip;]</p>
